| Back to Multiple platform build/check report for BioC 3.21: simplified long |
|
This page was generated on 2025-08-18 11:42 -0400 (Mon, 18 Aug 2025).
| Hostname | OS | Arch (*) | R version | Installed pkgs |
|---|---|---|---|---|
| nebbiolo1 | Linux (Ubuntu 24.04.3 LTS) | x86_64 | 4.5.1 (2025-06-13) -- "Great Square Root" | 4824 |
| palomino7 | Windows Server 2022 Datacenter | x64 | 4.5.1 (2025-06-13 ucrt) -- "Great Square Root" | 4566 |
| merida1 | macOS 12.7.5 Monterey | x86_64 | 4.5.1 RC (2025-06-05 r88288) -- "Great Square Root" | 4604 |
| kjohnson1 | macOS 13.6.6 Ventura | arm64 | 4.5.1 Patched (2025-06-14 r88325) -- "Great Square Root" | 4545 |
| kunpeng2 | Linux (openEuler 24.03 LTS) | aarch64 | R Under development (unstable) (2025-02-19 r87757) -- "Unsuffered Consequences" | 4579 |
| Click on any hostname to see more info about the system (e.g. compilers) (*) as reported by 'uname -p', except on Windows and Mac OS X | ||||
| Package 1852/2341 | Hostname | OS / Arch | INSTALL | BUILD | CHECK | BUILD BIN | ||||||||
| rtracklayer 1.68.0 (landing page) Michael Lawrence
| nebbiolo1 | Linux (Ubuntu 24.04.3 LTS) / x86_64 | OK | OK | WARNINGS | |||||||||
| palomino7 | Windows Server 2022 Datacenter / x64 | OK | OK | WARNINGS | OK | |||||||||
| merida1 | macOS 12.7.5 Monterey / x86_64 | OK | OK | WARNINGS | OK | |||||||||
| kjohnson1 | macOS 13.6.6 Ventura / arm64 | OK | OK | WARNINGS | OK | |||||||||
| kunpeng2 | Linux (openEuler 24.03 LTS) / aarch64 | OK | OK | WARNINGS | ||||||||||
|
To the developers/maintainers of the rtracklayer package: - Allow up to 24 hours (and sometimes 48 hours) for your latest push to git@git.bioconductor.org:packages/rtracklayer.git to reflect on this report. See Troubleshooting Build Report for more information. - Use the following Renviron settings to reproduce errors and warnings. - If 'R CMD check' started to fail recently on the Linux builder(s) over a missing dependency, add the missing dependency to 'Suggests:' in your DESCRIPTION file. See Renviron.bioc for more information. |
| Package: rtracklayer |
| Version: 1.68.0 |
| Command: E:\biocbuild\bbs-3.21-bioc\R\bin\R.exe CMD check --no-multiarch --install=check:rtracklayer.install-out.txt --library=E:\biocbuild\bbs-3.21-bioc\R\library --no-vignettes --timings rtracklayer_1.68.0.tar.gz |
| StartedAt: 2025-08-15 06:23:32 -0400 (Fri, 15 Aug 2025) |
| EndedAt: 2025-08-15 06:31:48 -0400 (Fri, 15 Aug 2025) |
| EllapsedTime: 496.2 seconds |
| RetCode: 0 |
| Status: WARNINGS |
| CheckDir: rtracklayer.Rcheck |
| Warnings: 2 |
##############################################################################
##############################################################################
###
### Running command:
###
### E:\biocbuild\bbs-3.21-bioc\R\bin\R.exe CMD check --no-multiarch --install=check:rtracklayer.install-out.txt --library=E:\biocbuild\bbs-3.21-bioc\R\library --no-vignettes --timings rtracklayer_1.68.0.tar.gz
###
##############################################################################
##############################################################################
* using log directory 'E:/biocbuild/bbs-3.21-bioc/meat/rtracklayer.Rcheck'
* using R version 4.5.1 (2025-06-13 ucrt)
* using platform: x86_64-w64-mingw32
* R was compiled by
gcc.exe (GCC) 14.2.0
GNU Fortran (GCC) 14.2.0
* running under: Windows Server 2022 x64 (build 20348)
* using session charset: UTF-8
* using option '--no-vignettes'
* checking for file 'rtracklayer/DESCRIPTION' ... OK
* this is package 'rtracklayer' version '1.68.0'
* checking package namespace information ... OK
* checking package dependencies ... OK
* checking if this is a source package ... OK
* checking if there is a namespace ... OK
* checking for hidden files and directories ... OK
* checking for portable file names ... OK
* checking whether package 'rtracklayer' can be installed ... WARNING
Found the following significant warnings:
bigBedHelper.c:148:3: warning: 'strncpy' destination unchanged after copying no bytes [-Wstringop-truncation]
ucsc/basicBed.c:449:1: warning: 'strncpy' specified bound 64 equals destination size [-Wstringop-truncation]
See 'E:/biocbuild/bbs-3.21-bioc/meat/rtracklayer.Rcheck/00install.out' for details.
* used C compiler: 'gcc.exe (GCC) 14.2.0'
* checking installed package size ... INFO
installed size is 13.3Mb
sub-directories of 1Mb or more:
R 1.8Mb
libs 10.1Mb
* checking package directory ... OK
* checking 'build' directory ... OK
* checking DESCRIPTION meta-information ... NOTE
License components with restrictions not permitted:
Artistic-2.0 + file LICENSE
* checking top-level files ... OK
* checking for left-over files ... OK
* checking index information ... OK
* checking package subdirectories ... OK
* checking code files for non-ASCII characters ... OK
* checking R files for syntax errors ... OK
* checking whether the package can be loaded ... OK
* checking whether the package can be loaded with stated dependencies ... OK
* checking whether the package can be unloaded cleanly ... OK
* checking whether the namespace can be loaded with stated dependencies ... OK
* checking whether the namespace can be unloaded cleanly ... OK
* checking whether startup messages can be suppressed ... OK
* checking dependencies in R code ... NOTE
Unexported objects imported by ':::' calls:
'BiocGenerics:::testPackage' 'GenomicRanges:::INVALID.GR.COLNAMES'
'S4Vectors:::labeledLine'
'S4Vectors:::make_XYZxyz_to_XxYyZz_subscript'
'S4Vectors:::new_SimpleList_from_list' 'XVector:::rewind_filexp'
See the note in ?`:::` about the use of this operator.
* checking S3 generic/method consistency ... OK
* checking replacement functions ... OK
* checking foreign function calls ... OK
* checking R code for possible problems ... NOTE
import,BEDPEFile-ANY-ANY: no visible binding for global variable
'chrom2'
import,BEDPEFile-ANY-ANY: no visible binding for global variable
'start2'
import,BEDPEFile-ANY-ANY: no visible binding for global variable 'end2'
import,BEDPEFile-ANY-ANY: no visible binding for global variable
'strand2'
Undefined global functions or variables:
chrom2 end2 start2 strand2
* checking Rd files ... OK
* checking Rd metadata ... OK
* checking Rd cross-references ... NOTE
Found the following Rd file(s) with Rd \link{} targets missing package
anchors:
GRangesForUCSCGenome.Rd: genome
Please provide package anchors for all Rd \link{} targets not in the
package itself and the base packages.
* checking for missing documentation entries ... WARNING
Undocumented code objects:
'Genome' 'Track' 'TrackContainer' 'cleanupBigBedCache'
'descriptionUrl' 'descriptionUrl<-' 'email' 'email<-' 'genomeField'
'genomeField<-' 'genomeInfo' 'genomeInfo<-' 'genomesFile'
'genomesFile<-' 'getTracks' 'hub' 'hub<-' 'hubUrl<-' 'longLabel'
'longLabel<-' 'readGFFAsGRanges' 'readGFFPragmas' 'shortLabel'
'shortLabel<-' 'sniffGFFVersion' 'trackField' 'trackField<-'
Undocumented S4 classes:
'Track' 'TrackContainer'
Undocumented S4 methods:
generic 'genomesFile' and siglist 'TrackHub'
generic 'genomesFile<-' and siglist 'TrackHub'
generic 'names' and siglist 'GenomeContainer'
generic 'names' and siglist 'TrackContainer'
generic 'names' and siglist 'TrackHub'
generic 'track<-' and siglist 'TrackHubGenome,BiocFile'
generic 'trackNames' and siglist 'TrackHubGenome'
generic 'trackNames' and siglist 'UCSCTableQuery'
generic 'uri' and siglist 'TrackHub'
generic 'writeTrackHub' and siglist 'TrackHub'
All user-level objects in a package (including S4 classes and methods)
should have documentation entries.
See chapter 'Writing R documentation files' in the 'Writing R
Extensions' manual.
* checking for code/documentation mismatches ... OK
* checking Rd \usage sections ... OK
* checking Rd contents ... NOTE
Argument items with no description in Rd file 'readGFF.Rd':
'filter' 'raw_data' 'GFF1'
* checking for unstated dependencies in examples ... OK
* checking contents of 'data' directory ... OK
* checking data for non-ASCII characters ... OK
* checking data for ASCII and uncompressed saves ... OK
* checking line endings in shell scripts ... OK
* checking line endings in C/C++/Fortran sources/headers ... OK
* checking line endings in Makefiles ... OK
* checking compilation flags in Makevars ... OK
* checking for GNU extensions in Makefiles ... OK
* checking for portable use of $(BLAS_LIBS) and $(LAPACK_LIBS) ... OK
* checking use of PKG_*FLAGS in Makefiles ... OK
* checking compiled code ... NOTE
Note: information on .o files for x64 is not available
File 'E:/biocbuild/bbs-3.21-bioc/R/library/rtracklayer/libs/x64/rtracklayer.dll':
Found '_assert', possibly from 'assert' (C)
Found '_exit', possibly from '_exit' (C)
Found 'abort', possibly from 'abort' (C), 'runtime' (Fortran)
Found 'exit', possibly from 'exit' (C), 'stop' (Fortran)
File 'rtracklayer/libs/x64/rtracklayer.dll':
Found non-API calls to R: 'R_ReadConnection', 'getConnection'
Compiled code should not call entry points which might terminate R nor
write to stdout/stderr instead of to the console, nor use Fortran I/O
nor system RNGs nor [v]sprintf. The detected symbols are linked into
the code but might come from libraries and not actually be called.
Compiled code should not call non-API entry points in R.
See 'Writing portable packages' in the 'Writing R Extensions' manual,
and section 'Moving into C API compliance' for issues with the use of
non-API entry points.
* checking sizes of PDF files under 'inst/doc' ... OK
* checking files in 'vignettes' ... OK
* checking examples ... OK
Examples with CPU (user + system) or elapsed time > 5s
user system elapsed
BEDFile-class 6.37 2.41 73.08
* checking for unstated dependencies in 'tests' ... OK
* checking tests ...
Running 'rtracklayer_unit_tests.R'
OK
* checking for unstated dependencies in vignettes ... OK
* checking package vignettes ... OK
* checking running R code from vignettes ... SKIPPED
* checking re-building of vignette outputs ... SKIPPED
* checking PDF version of manual ... OK
* DONE
Status: 2 WARNINGs, 6 NOTEs
See
'E:/biocbuild/bbs-3.21-bioc/meat/rtracklayer.Rcheck/00check.log'
for details.
rtracklayer.Rcheck/00install.out
##############################################################################
##############################################################################
###
### Running command:
###
### E:\biocbuild\bbs-3.21-bioc\R\bin\R.exe CMD INSTALL rtracklayer
###
##############################################################################
##############################################################################
* installing to library 'E:/biocbuild/bbs-3.21-bioc/R/library'
* installing *source* package 'rtracklayer' ...
** this is package 'rtracklayer' version '1.68.0'
** using staged installation
**********************************************
WARNING: this package has a configure script
It probably needs manual configuration
**********************************************
** libs
using C compiler: 'gcc.exe (GCC) 14.2.0'
gcc -I"E:/biocbuild/bbs-3.21-bioc/R/include" -DNDEBUG -I'E:/biocbuild/bbs-3.21-bioc/R/library/S4Vectors/include' -I'E:/biocbuild/bbs-3.21-bioc/R/library/IRanges/include' -I'E:/biocbuild/bbs-3.21-bioc/R/library/XVector/include' -I"C:/rtools45/x86_64-w64-mingw32.static.posix/include" -O2 -Wall -std=gnu2x -mfpmath=sse -msse2 -mstackrealign -c S4Vectors_stubs.c -o S4Vectors_stubs.o
gcc -I"E:/biocbuild/bbs-3.21-bioc/R/include" -DNDEBUG -I'E:/biocbuild/bbs-3.21-bioc/R/library/S4Vectors/include' -I'E:/biocbuild/bbs-3.21-bioc/R/library/IRanges/include' -I'E:/biocbuild/bbs-3.21-bioc/R/library/XVector/include' -I"C:/rtools45/x86_64-w64-mingw32.static.posix/include" -O2 -Wall -std=gnu2x -mfpmath=sse -msse2 -mstackrealign -c IRanges_stubs.c -o IRanges_stubs.o
gcc -I"E:/biocbuild/bbs-3.21-bioc/R/include" -DNDEBUG -I'E:/biocbuild/bbs-3.21-bioc/R/library/S4Vectors/include' -I'E:/biocbuild/bbs-3.21-bioc/R/library/IRanges/include' -I'E:/biocbuild/bbs-3.21-bioc/R/library/XVector/include' -I"C:/rtools45/x86_64-w64-mingw32.static.posix/include" -O2 -Wall -std=gnu2x -mfpmath=sse -msse2 -mstackrealign -c XVector_stubs.c -o XVector_stubs.o
gcc -I"E:/biocbuild/bbs-3.21-bioc/R/include" -DNDEBUG -I'E:/biocbuild/bbs-3.21-bioc/R/library/S4Vectors/include' -I'E:/biocbuild/bbs-3.21-bioc/R/library/IRanges/include' -I'E:/biocbuild/bbs-3.21-bioc/R/library/XVector/include' -I"C:/rtools45/x86_64-w64-mingw32.static.posix/include" -O2 -Wall -std=gnu2x -mfpmath=sse -msse2 -mstackrealign -c R_init_rtracklayer.c -o R_init_rtracklayer.o
gcc -I"E:/biocbuild/bbs-3.21-bioc/R/include" -DNDEBUG -I'E:/biocbuild/bbs-3.21-bioc/R/library/S4Vectors/include' -I'E:/biocbuild/bbs-3.21-bioc/R/library/IRanges/include' -I'E:/biocbuild/bbs-3.21-bioc/R/library/XVector/include' -I"C:/rtools45/x86_64-w64-mingw32.static.posix/include" -O2 -Wall -std=gnu2x -mfpmath=sse -msse2 -mstackrealign -c readGFF.c -o readGFF.o
gcc -I"E:/biocbuild/bbs-3.21-bioc/R/include" -DNDEBUG -I'E:/biocbuild/bbs-3.21-bioc/R/library/S4Vectors/include' -I'E:/biocbuild/bbs-3.21-bioc/R/library/IRanges/include' -I'E:/biocbuild/bbs-3.21-bioc/R/library/XVector/include' -I"C:/rtools45/x86_64-w64-mingw32.static.posix/include" -O2 -Wall -std=gnu2x -mfpmath=sse -msse2 -mstackrealign -c bbiHelper.c -o bbiHelper.o
gcc -I"E:/biocbuild/bbs-3.21-bioc/R/include" -DNDEBUG -I'E:/biocbuild/bbs-3.21-bioc/R/library/S4Vectors/include' -I'E:/biocbuild/bbs-3.21-bioc/R/library/IRanges/include' -I'E:/biocbuild/bbs-3.21-bioc/R/library/XVector/include' -I"C:/rtools45/x86_64-w64-mingw32.static.posix/include" -O2 -Wall -std=gnu2x -mfpmath=sse -msse2 -mstackrealign -c bigWig.c -o bigWig.o
bigWig.c: In function 'BWGFile_query':
bigWig.c:268:11: warning: 'ans_nhits' may be used uninitialized [-Wmaybe-uninitialized]
268 | INTEGER(ans_nhits)[i] = nqhits;
| ^~~~~~~~~~~~~~~~~~
bigWig.c:231:58: note: 'ans_nhits' was declared here
231 | SEXP ans, ans_start, ans_width, ans_score, ans_ranges, ans_nhits;
| ^~~~~~~~~
gcc -I"E:/biocbuild/bbs-3.21-bioc/R/include" -DNDEBUG -I'E:/biocbuild/bbs-3.21-bioc/R/library/S4Vectors/include' -I'E:/biocbuild/bbs-3.21-bioc/R/library/IRanges/include' -I'E:/biocbuild/bbs-3.21-bioc/R/library/XVector/include' -I"C:/rtools45/x86_64-w64-mingw32.static.posix/include" -O2 -Wall -std=gnu2x -mfpmath=sse -msse2 -mstackrealign -c bigBedHelper.c -o bigBedHelper.o
bigBedHelper.c: In function 'bbNamedFileChunkKey':
bigBedHelper.c:148:3: warning: 'strncpy' destination unchanged after copying no bytes [-Wstringop-truncation]
148 | strncpy(keyBuf,item->name, maxBedNameSize);
| ^~~~~~~~~~~~~~~~~~~~~~~~~~~~~~~~~~~~~~~~~~
gcc -I"E:/biocbuild/bbs-3.21-bioc/R/include" -DNDEBUG -I'E:/biocbuild/bbs-3.21-bioc/R/library/S4Vectors/include' -I'E:/biocbuild/bbs-3.21-bioc/R/library/IRanges/include' -I'E:/biocbuild/bbs-3.21-bioc/R/library/XVector/include' -I"C:/rtools45/x86_64-w64-mingw32.static.posix/include" -O2 -Wall -std=gnu2x -mfpmath=sse -msse2 -mstackrealign -c bigBed.c -o bigBed.o
bigBed.c: In function 'BBDFile_query':
bigBed.c:195:7: warning: 'name' may be used uninitialized [-Wmaybe-uninitialized]
195 | SET_STRING_ELT(name, i, mkChar(bed->name));
| ^~~~~~~~~~~~~~~~~~~~~~~~~~~~~~~~~~~~~~~~~~
bigBed.c:74:54: note: 'name' was declared here
74 | SEXP ans, n_qhits, ranges, chromStart, chromWidth, name, score,
| ^~~~
bigBed.c:198:7: warning: 'score' may be used uninitialized [-Wmaybe-uninitialized]
198 | INTEGER(score)[i] = bed->score;
| ^~~~~~~~~~~~~~
bigBed.c:74:60: note: 'score' was declared here
74 | SEXP ans, n_qhits, ranges, chromStart, chromWidth, name, score,
| ^~~~~
bigBed.c:205:7: warning: 'thickStart' may be used uninitialized [-Wmaybe-uninitialized]
205 | INTEGER(thickStart)[i] = bed->thickStart;
| ^~~~~~~~~~~~~~~~~~~
bigBed.c:75:26: note: 'thickStart' was declared here
75 | strand = R_NilValue, thickStart, thickWidth, itemRgb, blocks,
| ^~~~~~~~~~
bigBed.c:204:7: warning: 'thickWidth' may be used uninitialized [-Wmaybe-uninitialized]
204 | INTEGER(thickWidth)[i] = bed->thickEnd - bed->thickStart + 1;
| ^~~~~~~~~~~~~~~~~~~
bigBed.c:75:38: note: 'thickWidth' was declared here
75 | strand = R_NilValue, thickStart, thickWidth, itemRgb, blocks,
| ^~~~~~~~~~
bigBed.c:209:7: warning: 'itemRgb' may be used uninitialized [-Wmaybe-uninitialized]
209 | SET_STRING_ELT(itemRgb, i, mkChar(rgbBuf));
| ^~~~~~~~~~~~~~~~~~~~~~~~~~~~~~~~~~~~~~~~~~
bigBed.c:75:50: note: 'itemRgb' was declared here
75 | strand = R_NilValue, thickStart, thickWidth, itemRgb, blocks,
| ^~~~~~~
bigBed.c:218:7: warning: 'blocks' may be used uninitialized [-Wmaybe-uninitialized]
218 | SET_VECTOR_ELT(blocks, i, new_IRanges("IRanges", bstart, bwidth, R_NilValue));
| ^~~~~~~~~~~~~~~~~~~~~~~~~~~~~~~~~~~~~~~~~~~~~~~~~~~~~~~~~~~~~~~~~~~~~~~~~~~~~
bigBed.c:75:59: note: 'blocks' was declared here
75 | strand = R_NilValue, thickStart, thickWidth, itemRgb, blocks,
| ^~~~~~
bigBed.c:236:13: warning: 'lengthIndex' may be used uninitialized [-Wmaybe-uninitialized]
236 | INTEGER(lengthIndex)[efIndex] = index + 1;
| ^~~~~~~~~~~~~~~~~~~~
bigBed.c:76:31: note: 'lengthIndex' was declared here
76 | extraFields = R_NilValue, lengthIndex;
| ^~~~~~~~~~~
bigBed.c:226:22: warning: 'typeId' may be used uninitialized [-Wmaybe-uninitialized]
226 | switch(typeId[efIndex]) {
| ^
bigBed.c:141:13: note: 'typeId' was declared here
141 | SEXPTYPE *typeId;
| ^~~~~~
gcc -I"E:/biocbuild/bbs-3.21-bioc/R/include" -DNDEBUG -I'E:/biocbuild/bbs-3.21-bioc/R/library/S4Vectors/include' -I'E:/biocbuild/bbs-3.21-bioc/R/library/IRanges/include' -I'E:/biocbuild/bbs-3.21-bioc/R/library/XVector/include' -I"C:/rtools45/x86_64-w64-mingw32.static.posix/include" -O2 -Wall -std=gnu2x -mfpmath=sse -msse2 -mstackrealign -c chain_io.c -o chain_io.o
gcc -I"E:/biocbuild/bbs-3.21-bioc/R/include" -DNDEBUG -I'E:/biocbuild/bbs-3.21-bioc/R/library/S4Vectors/include' -I'E:/biocbuild/bbs-3.21-bioc/R/library/IRanges/include' -I'E:/biocbuild/bbs-3.21-bioc/R/library/XVector/include' -I"C:/rtools45/x86_64-w64-mingw32.static.posix/include" -O2 -Wall -std=gnu2x -mfpmath=sse -msse2 -mstackrealign -c twoBit.c -o twoBit.o
gcc -I"E:/biocbuild/bbs-3.21-bioc/R/include" -DNDEBUG -I'E:/biocbuild/bbs-3.21-bioc/R/library/S4Vectors/include' -I'E:/biocbuild/bbs-3.21-bioc/R/library/IRanges/include' -I'E:/biocbuild/bbs-3.21-bioc/R/library/XVector/include' -I"C:/rtools45/x86_64-w64-mingw32.static.posix/include" -O2 -Wall -std=gnu2x -mfpmath=sse -msse2 -mstackrealign -c handlers.c -o handlers.o
gcc -I"E:/biocbuild/bbs-3.21-bioc/R/include" -DNDEBUG -I'E:/biocbuild/bbs-3.21-bioc/R/library/S4Vectors/include' -I'E:/biocbuild/bbs-3.21-bioc/R/library/IRanges/include' -I'E:/biocbuild/bbs-3.21-bioc/R/library/XVector/include' -I"C:/rtools45/x86_64-w64-mingw32.static.posix/include" -O2 -Wall -std=gnu2x -mfpmath=sse -msse2 -mstackrealign -c utils.c -o utils.o
gcc -I"E:/biocbuild/bbs-3.21-bioc/R/include" -DNDEBUG -I'E:/biocbuild/bbs-3.21-bioc/R/library/S4Vectors/include' -I'E:/biocbuild/bbs-3.21-bioc/R/library/IRanges/include' -I'E:/biocbuild/bbs-3.21-bioc/R/library/XVector/include' -I"C:/rtools45/x86_64-w64-mingw32.static.posix/include" -O2 -Wall -std=gnu2x -mfpmath=sse -msse2 -mstackrealign -c ucsc/memgfx.c -o ucsc/memgfx.o
gcc -I"E:/biocbuild/bbs-3.21-bioc/R/include" -DNDEBUG -I'E:/biocbuild/bbs-3.21-bioc/R/library/S4Vectors/include' -I'E:/biocbuild/bbs-3.21-bioc/R/library/IRanges/include' -I'E:/biocbuild/bbs-3.21-bioc/R/library/XVector/include' -I"C:/rtools45/x86_64-w64-mingw32.static.posix/include" -O2 -Wall -std=gnu2x -mfpmath=sse -msse2 -mstackrealign -c ucsc/binRange.c -o ucsc/binRange.o
gcc -I"E:/biocbuild/bbs-3.21-bioc/R/include" -DNDEBUG -I'E:/biocbuild/bbs-3.21-bioc/R/library/S4Vectors/include' -I'E:/biocbuild/bbs-3.21-bioc/R/library/IRanges/include' -I'E:/biocbuild/bbs-3.21-bioc/R/library/XVector/include' -I"C:/rtools45/x86_64-w64-mingw32.static.posix/include" -O2 -Wall -std=gnu2x -mfpmath=sse -msse2 -mstackrealign -c ucsc/htmlColor.c -o ucsc/htmlColor.o
gcc -I"E:/biocbuild/bbs-3.21-bioc/R/include" -DNDEBUG -I'E:/biocbuild/bbs-3.21-bioc/R/library/S4Vectors/include' -I'E:/biocbuild/bbs-3.21-bioc/R/library/IRanges/include' -I'E:/biocbuild/bbs-3.21-bioc/R/library/XVector/include' -I"C:/rtools45/x86_64-w64-mingw32.static.posix/include" -O2 -Wall -std=gnu2x -mfpmath=sse -msse2 -mstackrealign -c ucsc/sqlList.c -o ucsc/sqlList.o
gcc -I"E:/biocbuild/bbs-3.21-bioc/R/include" -DNDEBUG -I'E:/biocbuild/bbs-3.21-bioc/R/library/S4Vectors/include' -I'E:/biocbuild/bbs-3.21-bioc/R/library/IRanges/include' -I'E:/biocbuild/bbs-3.21-bioc/R/library/XVector/include' -I"C:/rtools45/x86_64-w64-mingw32.static.posix/include" -O2 -Wall -std=gnu2x -mfpmath=sse -msse2 -mstackrealign -c ucsc/tokenizer.c -o ucsc/tokenizer.o
gcc -I"E:/biocbuild/bbs-3.21-bioc/R/include" -DNDEBUG -I'E:/biocbuild/bbs-3.21-bioc/R/library/S4Vectors/include' -I'E:/biocbuild/bbs-3.21-bioc/R/library/IRanges/include' -I'E:/biocbuild/bbs-3.21-bioc/R/library/XVector/include' -I"C:/rtools45/x86_64-w64-mingw32.static.posix/include" -O2 -Wall -std=gnu2x -mfpmath=sse -msse2 -mstackrealign -c ucsc/asParse.c -o ucsc/asParse.o
gcc -I"E:/biocbuild/bbs-3.21-bioc/R/include" -DNDEBUG -I'E:/biocbuild/bbs-3.21-bioc/R/library/S4Vectors/include' -I'E:/biocbuild/bbs-3.21-bioc/R/library/IRanges/include' -I'E:/biocbuild/bbs-3.21-bioc/R/library/XVector/include' -I"C:/rtools45/x86_64-w64-mingw32.static.posix/include" -O2 -Wall -std=gnu2x -mfpmath=sse -msse2 -mstackrealign -c ucsc/basicBed.c -o ucsc/basicBed.o
ucsc/basicBed.c: In function 'bedParseRgb':
ucsc/basicBed.c:449:1: warning: 'strncpy' specified bound 64 equals destination size [-Wstringop-truncation]
449 | strncpy(dupe, itemRgb, sizeof(dupe));
| ^~~~~~~~~~~~~~~~~~~~~~~~~~~~~~~~~~~~
gcc -I"E:/biocbuild/bbs-3.21-bioc/R/include" -DNDEBUG -I'E:/biocbuild/bbs-3.21-bioc/R/library/S4Vectors/include' -I'E:/biocbuild/bbs-3.21-bioc/R/library/IRanges/include' -I'E:/biocbuild/bbs-3.21-bioc/R/library/XVector/include' -I"C:/rtools45/x86_64-w64-mingw32.static.posix/include" -O2 -Wall -std=gnu2x -mfpmath=sse -msse2 -mstackrealign -c ucsc/bigBed.c -o ucsc/bigBed.o
gcc -I"E:/biocbuild/bbs-3.21-bioc/R/include" -DNDEBUG -I'E:/biocbuild/bbs-3.21-bioc/R/library/S4Vectors/include' -I'E:/biocbuild/bbs-3.21-bioc/R/library/IRanges/include' -I'E:/biocbuild/bbs-3.21-bioc/R/library/XVector/include' -I"C:/rtools45/x86_64-w64-mingw32.static.posix/include" -O2 -Wall -std=gnu2x -mfpmath=sse -msse2 -mstackrealign -c ucsc/bPlusTree.c -o ucsc/bPlusTree.o
gcc -I"E:/biocbuild/bbs-3.21-bioc/R/include" -DNDEBUG -I'E:/biocbuild/bbs-3.21-bioc/R/library/S4Vectors/include' -I'E:/biocbuild/bbs-3.21-bioc/R/library/IRanges/include' -I'E:/biocbuild/bbs-3.21-bioc/R/library/XVector/include' -I"C:/rtools45/x86_64-w64-mingw32.static.posix/include" -O2 -Wall -std=gnu2x -mfpmath=sse -msse2 -mstackrealign -c ucsc/bbiRead.c -o ucsc/bbiRead.o
gcc -I"E:/biocbuild/bbs-3.21-bioc/R/include" -DNDEBUG -I'E:/biocbuild/bbs-3.21-bioc/R/library/S4Vectors/include' -I'E:/biocbuild/bbs-3.21-bioc/R/library/IRanges/include' -I'E:/biocbuild/bbs-3.21-bioc/R/library/XVector/include' -I"C:/rtools45/x86_64-w64-mingw32.static.posix/include" -O2 -Wall -std=gnu2x -mfpmath=sse -msse2 -mstackrealign -c ucsc/bbiWrite.c -o ucsc/bbiWrite.o
gcc -I"E:/biocbuild/bbs-3.21-bioc/R/include" -DNDEBUG -I'E:/biocbuild/bbs-3.21-bioc/R/library/S4Vectors/include' -I'E:/biocbuild/bbs-3.21-bioc/R/library/IRanges/include' -I'E:/biocbuild/bbs-3.21-bioc/R/library/XVector/include' -I"C:/rtools45/x86_64-w64-mingw32.static.posix/include" -O2 -Wall -std=gnu2x -mfpmath=sse -msse2 -mstackrealign -c ucsc/bwgCreate.c -o ucsc/bwgCreate.o
gcc -I"E:/biocbuild/bbs-3.21-bioc/R/include" -DNDEBUG -I'E:/biocbuild/bbs-3.21-bioc/R/library/S4Vectors/include' -I'E:/biocbuild/bbs-3.21-bioc/R/library/IRanges/include' -I'E:/biocbuild/bbs-3.21-bioc/R/library/XVector/include' -I"C:/rtools45/x86_64-w64-mingw32.static.posix/include" -O2 -Wall -std=gnu2x -mfpmath=sse -msse2 -mstackrealign -c ucsc/bwgQuery.c -o ucsc/bwgQuery.o
gcc -I"E:/biocbuild/bbs-3.21-bioc/R/include" -DNDEBUG -I'E:/biocbuild/bbs-3.21-bioc/R/library/S4Vectors/include' -I'E:/biocbuild/bbs-3.21-bioc/R/library/IRanges/include' -I'E:/biocbuild/bbs-3.21-bioc/R/library/XVector/include' -I"C:/rtools45/x86_64-w64-mingw32.static.posix/include" -O2 -Wall -std=gnu2x -mfpmath=sse -msse2 -mstackrealign -c ucsc/cirTree.c -o ucsc/cirTree.o
gcc -I"E:/biocbuild/bbs-3.21-bioc/R/include" -DNDEBUG -I'E:/biocbuild/bbs-3.21-bioc/R/library/S4Vectors/include' -I'E:/biocbuild/bbs-3.21-bioc/R/library/IRanges/include' -I'E:/biocbuild/bbs-3.21-bioc/R/library/XVector/include' -I"C:/rtools45/x86_64-w64-mingw32.static.posix/include" -O2 -Wall -std=gnu2x -mfpmath=sse -msse2 -mstackrealign -c ucsc/common.c -o ucsc/common.o
gcc -I"E:/biocbuild/bbs-3.21-bioc/R/include" -DNDEBUG -I'E:/biocbuild/bbs-3.21-bioc/R/library/S4Vectors/include' -I'E:/biocbuild/bbs-3.21-bioc/R/library/IRanges/include' -I'E:/biocbuild/bbs-3.21-bioc/R/library/XVector/include' -I"C:/rtools45/x86_64-w64-mingw32.static.posix/include" -O2 -Wall -std=gnu2x -mfpmath=sse -msse2 -mstackrealign -c ucsc/dnaseq.c -o ucsc/dnaseq.o
gcc -I"E:/biocbuild/bbs-3.21-bioc/R/include" -DNDEBUG -I'E:/biocbuild/bbs-3.21-bioc/R/library/S4Vectors/include' -I'E:/biocbuild/bbs-3.21-bioc/R/library/IRanges/include' -I'E:/biocbuild/bbs-3.21-bioc/R/library/XVector/include' -I"C:/rtools45/x86_64-w64-mingw32.static.posix/include" -O2 -Wall -std=gnu2x -mfpmath=sse -msse2 -mstackrealign -c ucsc/dnautil.c -o ucsc/dnautil.o
gcc -I"E:/biocbuild/bbs-3.21-bioc/R/include" -DNDEBUG -I'E:/biocbuild/bbs-3.21-bioc/R/library/S4Vectors/include' -I'E:/biocbuild/bbs-3.21-bioc/R/library/IRanges/include' -I'E:/biocbuild/bbs-3.21-bioc/R/library/XVector/include' -I"C:/rtools45/x86_64-w64-mingw32.static.posix/include" -O2 -Wall -std=gnu2x -mfpmath=sse -msse2 -mstackrealign -c ucsc/errAbort.c -o ucsc/errAbort.o
gcc -I"E:/biocbuild/bbs-3.21-bioc/R/include" -DNDEBUG -I'E:/biocbuild/bbs-3.21-bioc/R/library/S4Vectors/include' -I'E:/biocbuild/bbs-3.21-bioc/R/library/IRanges/include' -I'E:/biocbuild/bbs-3.21-bioc/R/library/XVector/include' -I"C:/rtools45/x86_64-w64-mingw32.static.posix/include" -O2 -Wall -std=gnu2x -mfpmath=sse -msse2 -mstackrealign -c ucsc/hash.c -o ucsc/hash.o
gcc -I"E:/biocbuild/bbs-3.21-bioc/R/include" -DNDEBUG -I'E:/biocbuild/bbs-3.21-bioc/R/library/S4Vectors/include' -I'E:/biocbuild/bbs-3.21-bioc/R/library/IRanges/include' -I'E:/biocbuild/bbs-3.21-bioc/R/library/XVector/include' -I"C:/rtools45/x86_64-w64-mingw32.static.posix/include" -O2 -Wall -std=gnu2x -mfpmath=sse -msse2 -mstackrealign -c ucsc/linefile.c -o ucsc/linefile.o
gcc -I"E:/biocbuild/bbs-3.21-bioc/R/include" -DNDEBUG -I'E:/biocbuild/bbs-3.21-bioc/R/library/S4Vectors/include' -I'E:/biocbuild/bbs-3.21-bioc/R/library/IRanges/include' -I'E:/biocbuild/bbs-3.21-bioc/R/library/XVector/include' -I"C:/rtools45/x86_64-w64-mingw32.static.posix/include" -O2 -Wall -std=gnu2x -mfpmath=sse -msse2 -mstackrealign -c ucsc/localmem.c -o ucsc/localmem.o
gcc -I"E:/biocbuild/bbs-3.21-bioc/R/include" -DNDEBUG -I'E:/biocbuild/bbs-3.21-bioc/R/library/S4Vectors/include' -I'E:/biocbuild/bbs-3.21-bioc/R/library/IRanges/include' -I'E:/biocbuild/bbs-3.21-bioc/R/library/XVector/include' -I"C:/rtools45/x86_64-w64-mingw32.static.posix/include" -O2 -Wall -std=gnu2x -mfpmath=sse -msse2 -mstackrealign -c ucsc/sqlNum.c -o ucsc/sqlNum.o
gcc -I"E:/biocbuild/bbs-3.21-bioc/R/include" -DNDEBUG -I'E:/biocbuild/bbs-3.21-bioc/R/library/S4Vectors/include' -I'E:/biocbuild/bbs-3.21-bioc/R/library/IRanges/include' -I'E:/biocbuild/bbs-3.21-bioc/R/library/XVector/include' -I"C:/rtools45/x86_64-w64-mingw32.static.posix/include" -O2 -Wall -std=gnu2x -mfpmath=sse -msse2 -mstackrealign -c ucsc/zlibFace.c -o ucsc/zlibFace.o
gcc -I"E:/biocbuild/bbs-3.21-bioc/R/include" -DNDEBUG -I'E:/biocbuild/bbs-3.21-bioc/R/library/S4Vectors/include' -I'E:/biocbuild/bbs-3.21-bioc/R/library/IRanges/include' -I'E:/biocbuild/bbs-3.21-bioc/R/library/XVector/include' -I"C:/rtools45/x86_64-w64-mingw32.static.posix/include" -O2 -Wall -std=gnu2x -mfpmath=sse -msse2 -mstackrealign -c ucsc/dystring.c -o ucsc/dystring.o
gcc -I"E:/biocbuild/bbs-3.21-bioc/R/include" -DNDEBUG -I'E:/biocbuild/bbs-3.21-bioc/R/library/S4Vectors/include' -I'E:/biocbuild/bbs-3.21-bioc/R/library/IRanges/include' -I'E:/biocbuild/bbs-3.21-bioc/R/library/XVector/include' -I"C:/rtools45/x86_64-w64-mingw32.static.posix/include" -O2 -Wall -std=gnu2x -mfpmath=sse -msse2 -mstackrealign -c ucsc/hmmstats.c -o ucsc/hmmstats.o
gcc -I"E:/biocbuild/bbs-3.21-bioc/R/include" -DNDEBUG -I'E:/biocbuild/bbs-3.21-bioc/R/library/S4Vectors/include' -I'E:/biocbuild/bbs-3.21-bioc/R/library/IRanges/include' -I'E:/biocbuild/bbs-3.21-bioc/R/library/XVector/include' -I"C:/rtools45/x86_64-w64-mingw32.static.posix/include" -O2 -Wall -std=gnu2x -mfpmath=sse -msse2 -mstackrealign -c ucsc/obscure.c -o ucsc/obscure.o
gcc -I"E:/biocbuild/bbs-3.21-bioc/R/include" -DNDEBUG -I'E:/biocbuild/bbs-3.21-bioc/R/library/S4Vectors/include' -I'E:/biocbuild/bbs-3.21-bioc/R/library/IRanges/include' -I'E:/biocbuild/bbs-3.21-bioc/R/library/XVector/include' -I"C:/rtools45/x86_64-w64-mingw32.static.posix/include" -O2 -Wall -std=gnu2x -mfpmath=sse -msse2 -mstackrealign -c ucsc/rangeTree.c -o ucsc/rangeTree.o
gcc -I"E:/biocbuild/bbs-3.21-bioc/R/include" -DNDEBUG -I'E:/biocbuild/bbs-3.21-bioc/R/library/S4Vectors/include' -I'E:/biocbuild/bbs-3.21-bioc/R/library/IRanges/include' -I'E:/biocbuild/bbs-3.21-bioc/R/library/XVector/include' -I"C:/rtools45/x86_64-w64-mingw32.static.posix/include" -O2 -Wall -std=gnu2x -mfpmath=sse -msse2 -mstackrealign -c ucsc/rbTree.c -o ucsc/rbTree.o
gcc -I"E:/biocbuild/bbs-3.21-bioc/R/include" -DNDEBUG -I'E:/biocbuild/bbs-3.21-bioc/R/library/S4Vectors/include' -I'E:/biocbuild/bbs-3.21-bioc/R/library/IRanges/include' -I'E:/biocbuild/bbs-3.21-bioc/R/library/XVector/include' -I"C:/rtools45/x86_64-w64-mingw32.static.posix/include" -O2 -Wall -std=gnu2x -mfpmath=sse -msse2 -mstackrealign -c ucsc/memalloc.c -o ucsc/memalloc.o
gcc -I"E:/biocbuild/bbs-3.21-bioc/R/include" -DNDEBUG -I'E:/biocbuild/bbs-3.21-bioc/R/library/S4Vectors/include' -I'E:/biocbuild/bbs-3.21-bioc/R/library/IRanges/include' -I'E:/biocbuild/bbs-3.21-bioc/R/library/XVector/include' -I"C:/rtools45/x86_64-w64-mingw32.static.posix/include" -O2 -Wall -std=gnu2x -mfpmath=sse -msse2 -mstackrealign -c ucsc/dlist.c -o ucsc/dlist.o
gcc -I"E:/biocbuild/bbs-3.21-bioc/R/include" -DNDEBUG -I'E:/biocbuild/bbs-3.21-bioc/R/library/S4Vectors/include' -I'E:/biocbuild/bbs-3.21-bioc/R/library/IRanges/include' -I'E:/biocbuild/bbs-3.21-bioc/R/library/XVector/include' -I"C:/rtools45/x86_64-w64-mingw32.static.posix/include" -O2 -Wall -std=gnu2x -mfpmath=sse -msse2 -mstackrealign -c ucsc/filePath.c -o ucsc/filePath.o
gcc -I"E:/biocbuild/bbs-3.21-bioc/R/include" -DNDEBUG -I'E:/biocbuild/bbs-3.21-bioc/R/library/S4Vectors/include' -I'E:/biocbuild/bbs-3.21-bioc/R/library/IRanges/include' -I'E:/biocbuild/bbs-3.21-bioc/R/library/XVector/include' -I"C:/rtools45/x86_64-w64-mingw32.static.posix/include" -O2 -Wall -std=gnu2x -mfpmath=sse -msse2 -mstackrealign -c ucsc/htmlPage.c -o ucsc/htmlPage.o
gcc -I"E:/biocbuild/bbs-3.21-bioc/R/include" -DNDEBUG -I'E:/biocbuild/bbs-3.21-bioc/R/library/S4Vectors/include' -I'E:/biocbuild/bbs-3.21-bioc/R/library/IRanges/include' -I'E:/biocbuild/bbs-3.21-bioc/R/library/XVector/include' -I"C:/rtools45/x86_64-w64-mingw32.static.posix/include" -O2 -Wall -std=gnu2x -mfpmath=sse -msse2 -mstackrealign -c ucsc/udc.c -o ucsc/udc.o
ucsc/udc.c:195:13: warning: 'udcReadAndIgnore' defined but not used [-Wunused-function]
195 | static void udcReadAndIgnore(struct ioStats *ioStats, int sd, bits64 size)
| ^~~~~~~~~~~~~~~~
gcc -I"E:/biocbuild/bbs-3.21-bioc/R/include" -DNDEBUG -I'E:/biocbuild/bbs-3.21-bioc/R/library/S4Vectors/include' -I'E:/biocbuild/bbs-3.21-bioc/R/library/IRanges/include' -I'E:/biocbuild/bbs-3.21-bioc/R/library/XVector/include' -I"C:/rtools45/x86_64-w64-mingw32.static.posix/include" -O2 -Wall -std=gnu2x -mfpmath=sse -msse2 -mstackrealign -c ucsc/net.c -o ucsc/net.o
gcc -I"E:/biocbuild/bbs-3.21-bioc/R/include" -DNDEBUG -I'E:/biocbuild/bbs-3.21-bioc/R/library/S4Vectors/include' -I'E:/biocbuild/bbs-3.21-bioc/R/library/IRanges/include' -I'E:/biocbuild/bbs-3.21-bioc/R/library/XVector/include' -I"C:/rtools45/x86_64-w64-mingw32.static.posix/include" -O2 -Wall -std=gnu2x -mfpmath=sse -msse2 -mstackrealign -c ucsc/bits.c -o ucsc/bits.o
gcc -I"E:/biocbuild/bbs-3.21-bioc/R/include" -DNDEBUG -I'E:/biocbuild/bbs-3.21-bioc/R/library/S4Vectors/include' -I'E:/biocbuild/bbs-3.21-bioc/R/library/IRanges/include' -I'E:/biocbuild/bbs-3.21-bioc/R/library/XVector/include' -I"C:/rtools45/x86_64-w64-mingw32.static.posix/include" -O2 -Wall -std=gnu2x -mfpmath=sse -msse2 -mstackrealign -c ucsc/twoBit.c -o ucsc/twoBit.o
gcc -I"E:/biocbuild/bbs-3.21-bioc/R/include" -DNDEBUG -I'E:/biocbuild/bbs-3.21-bioc/R/library/S4Vectors/include' -I'E:/biocbuild/bbs-3.21-bioc/R/library/IRanges/include' -I'E:/biocbuild/bbs-3.21-bioc/R/library/XVector/include' -I"C:/rtools45/x86_64-w64-mingw32.static.posix/include" -O2 -Wall -std=gnu2x -mfpmath=sse -msse2 -mstackrealign -c ucsc/_cheapcgi.c -o ucsc/_cheapcgi.o
gcc -I"E:/biocbuild/bbs-3.21-bioc/R/include" -DNDEBUG -I'E:/biocbuild/bbs-3.21-bioc/R/library/S4Vectors/include' -I'E:/biocbuild/bbs-3.21-bioc/R/library/IRanges/include' -I'E:/biocbuild/bbs-3.21-bioc/R/library/XVector/include' -I"C:/rtools45/x86_64-w64-mingw32.static.posix/include" -O2 -Wall -std=gnu2x -mfpmath=sse -msse2 -mstackrealign -c ucsc/internet.c -o ucsc/internet.o
gcc -I"E:/biocbuild/bbs-3.21-bioc/R/include" -DNDEBUG -I'E:/biocbuild/bbs-3.21-bioc/R/library/S4Vectors/include' -I'E:/biocbuild/bbs-3.21-bioc/R/library/IRanges/include' -I'E:/biocbuild/bbs-3.21-bioc/R/library/XVector/include' -I"C:/rtools45/x86_64-w64-mingw32.static.posix/include" -O2 -Wall -std=gnu2x -mfpmath=sse -msse2 -mstackrealign -c ucsc/https.c -o ucsc/https.o
gcc -I"E:/biocbuild/bbs-3.21-bioc/R/include" -DNDEBUG -I'E:/biocbuild/bbs-3.21-bioc/R/library/S4Vectors/include' -I'E:/biocbuild/bbs-3.21-bioc/R/library/IRanges/include' -I'E:/biocbuild/bbs-3.21-bioc/R/library/XVector/include' -I"C:/rtools45/x86_64-w64-mingw32.static.posix/include" -O2 -Wall -std=gnu2x -mfpmath=sse -msse2 -mstackrealign -c ucsc/base64.c -o ucsc/base64.o
gcc -I"E:/biocbuild/bbs-3.21-bioc/R/include" -DNDEBUG -I'E:/biocbuild/bbs-3.21-bioc/R/library/S4Vectors/include' -I'E:/biocbuild/bbs-3.21-bioc/R/library/IRanges/include' -I'E:/biocbuild/bbs-3.21-bioc/R/library/XVector/include' -I"C:/rtools45/x86_64-w64-mingw32.static.posix/include" -O2 -Wall -std=gnu2x -mfpmath=sse -msse2 -mstackrealign -c ucsc/verbose.c -o ucsc/verbose.o
gcc -I"E:/biocbuild/bbs-3.21-bioc/R/include" -DNDEBUG -I'E:/biocbuild/bbs-3.21-bioc/R/library/S4Vectors/include' -I'E:/biocbuild/bbs-3.21-bioc/R/library/IRanges/include' -I'E:/biocbuild/bbs-3.21-bioc/R/library/XVector/include' -I"C:/rtools45/x86_64-w64-mingw32.static.posix/include" -O2 -Wall -std=gnu2x -mfpmath=sse -msse2 -mstackrealign -c ucsc/os.c -o ucsc/os.o
gcc -I"E:/biocbuild/bbs-3.21-bioc/R/include" -DNDEBUG -I'E:/biocbuild/bbs-3.21-bioc/R/library/S4Vectors/include' -I'E:/biocbuild/bbs-3.21-bioc/R/library/IRanges/include' -I'E:/biocbuild/bbs-3.21-bioc/R/library/XVector/include' -I"C:/rtools45/x86_64-w64-mingw32.static.posix/include" -O2 -Wall -std=gnu2x -mfpmath=sse -msse2 -mstackrealign -c ucsc/wildcmp.c -o ucsc/wildcmp.o
gcc -I"E:/biocbuild/bbs-3.21-bioc/R/include" -DNDEBUG -I'E:/biocbuild/bbs-3.21-bioc/R/library/S4Vectors/include' -I'E:/biocbuild/bbs-3.21-bioc/R/library/IRanges/include' -I'E:/biocbuild/bbs-3.21-bioc/R/library/XVector/include' -I"C:/rtools45/x86_64-w64-mingw32.static.posix/include" -O2 -Wall -std=gnu2x -mfpmath=sse -msse2 -mstackrealign -c ucsc/_portimpl.c -o ucsc/_portimpl.o
gcc -shared -s -static-libgcc -o rtracklayer.dll tmp.def S4Vectors_stubs.o IRanges_stubs.o XVector_stubs.o R_init_rtracklayer.o readGFF.o bbiHelper.o bigWig.o bigBedHelper.o bigBed.o chain_io.o twoBit.o handlers.o utils.o ucsc/memgfx.o ucsc/binRange.o ucsc/htmlColor.o ucsc/sqlList.o ucsc/tokenizer.o ucsc/asParse.o ucsc/basicBed.o ucsc/bigBed.o ucsc/bPlusTree.o ucsc/bbiRead.o ucsc/bbiWrite.o ucsc/bwgCreate.o ucsc/bwgQuery.o ucsc/cirTree.o ucsc/common.o ucsc/dnaseq.o ucsc/dnautil.o ucsc/errAbort.o ucsc/hash.o ucsc/linefile.o ucsc/localmem.o ucsc/sqlNum.o ucsc/zlibFace.o ucsc/dystring.o ucsc/hmmstats.o ucsc/obscure.o ucsc/rangeTree.o ucsc/rbTree.o ucsc/memalloc.o ucsc/dlist.o ucsc/filePath.o ucsc/htmlPage.o ucsc/udc.o ucsc/net.o ucsc/bits.o ucsc/twoBit.o ucsc/_cheapcgi.o ucsc/internet.o ucsc/https.o ucsc/base64.o ucsc/verbose.o ucsc/os.o ucsc/wildcmp.o ucsc/_portimpl.o -lcurl -lnghttp2 -lpsl -lbrotlidec -lbrotlicommon -lssh2 -lssl -lwldap32 -lbcrypt -lcrypto -lgcrypt -lcrypt32 -lgpg-error -lidn2 -lunistring -liconv -lzstd -lws2_32 -lz -LC:/rtools45/x86_64-w64-mingw32.static.posix/lib/x64 -LC:/rtools45/x86_64-w64-mingw32.static.posix/lib -LE:/biocbuild/bbs-3.21-bioc/R/bin/x64 -lR
installing to E:/biocbuild/bbs-3.21-bioc/R/library/00LOCK-rtracklayer/00new/rtracklayer/libs/x64
** R
** data
** demo
** inst
** byte-compile and prepare package for lazy loading
Creating a generic function for 'offset' from package 'stats' in package 'rtracklayer'
** help
*** installing help indices
** building package indices
** installing vignettes
** testing if installed package can be loaded from temporary location
** testing if installed package can be loaded from final location
** testing if installed package keeps a record of temporary installation path
* DONE (rtracklayer)
rtracklayer.Rcheck/tests/rtracklayer_unit_tests.Rout
R version 4.5.1 (2025-06-13 ucrt) -- "Great Square Root"
Copyright (C) 2025 The R Foundation for Statistical Computing
Platform: x86_64-w64-mingw32/x64
R is free software and comes with ABSOLUTELY NO WARRANTY.
You are welcome to redistribute it under certain conditions.
Type 'license()' or 'licence()' for distribution details.
R is a collaborative project with many contributors.
Type 'contributors()' for more information and
'citation()' on how to cite R or R packages in publications.
Type 'demo()' for some demos, 'help()' for on-line help, or
'help.start()' for an HTML browser interface to help.
Type 'q()' to quit R.
> require("rtracklayer") || stop("unable to load rtracklayer package")
Loading required package: rtracklayer
Loading required package: GenomicRanges
Loading required package: stats4
Loading required package: BiocGenerics
Loading required package: generics
Attaching package: 'generics'
The following objects are masked from 'package:base':
as.difftime, as.factor, as.ordered, intersect, is.element, setdiff,
setequal, union
Attaching package: 'BiocGenerics'
The following objects are masked from 'package:stats':
IQR, mad, sd, var, xtabs
The following objects are masked from 'package:base':
Filter, Find, Map, Position, Reduce, anyDuplicated, aperm, append,
as.data.frame, basename, cbind, colnames, dirname, do.call,
duplicated, eval, evalq, get, grep, grepl, is.unsorted, lapply,
mapply, match, mget, order, paste, pmax, pmax.int, pmin, pmin.int,
rank, rbind, rownames, sapply, saveRDS, table, tapply, unique,
unsplit, which.max, which.min
Loading required package: S4Vectors
Attaching package: 'S4Vectors'
The following object is masked from 'package:utils':
findMatches
The following objects are masked from 'package:base':
I, expand.grid, unname
Loading required package: IRanges
Attaching package: 'IRanges'
The following object is masked from 'package:grDevices':
windows
Loading required package: GenomeInfoDb
[1] TRUE
> rtracklayer:::.test()
Loading required package: BSgenome.Hsapiens.UCSC.hg19
Loading required package: BSgenome
Loading required package: Biostrings
Loading required package: XVector
Attaching package: 'Biostrings'
The following object is masked from 'package:base':
strsplit
Loading required package: BiocIO
Warning in readGFF(filepath, version = version, filter = filter) :
connection is not positioned at the start of the file, rewinding it
Warning in readGFF(filepath, version = version, filter = filter) :
connection is not positioned at the start of the file, rewinding it
Warning in readGFF(filepath, version = version, filter = filter) :
connection is not positioned at the start of the file, rewinding it
For efficiency, consider converting this WIG file to a BigWig file;
see ?wigToBigWig
RUNIT TEST PROTOCOL -- Fri Aug 15 06:31:33 2025
***********************************************
Number of test functions: 11
Number of errors: 0
Number of failures: 0
1 Test Suite :
rtracklayer RUnit Tests - 11 test functions, 0 errors, 0 failures
Number of test functions: 11
Number of errors: 0
Number of failures: 0
There were 14 warnings (use warnings() to see them)
>
> proc.time()
user system elapsed
57.98 3.71 74.45
rtracklayer.Rcheck/rtracklayer-Ex.timings
| name | user | system | elapsed | |
| BEDFile-class | 6.37 | 2.41 | 73.08 | |
| BamFile-methods | 0.11 | 0.05 | 0.16 | |
| BigBedFile | 0 | 0 | 0 | |
| BigBedSelection | 0.02 | 0.00 | 0.02 | |
| BigWigFile | 0 | 0 | 0 | |
| BigWigSelection-class | 0.02 | 0.00 | 0.02 | |
| GFFFile-class | 1.51 | 0.07 | 1.69 | |
| GenomicData | 0.20 | 0.02 | 0.29 | |
| GenomicSelection | 0.25 | 0.06 | 0.32 | |
| Quickload-class | 0.19 | 0.03 | 0.40 | |
| QuickloadGenome-class | 0.13 | 0.00 | 0.17 | |
| TrackHub-class | 0.03 | 0.00 | 0.08 | |
| TrackHubGenome-class | 0.01 | 0.00 | 0.02 | |
| TwoBitFile-class | 0.10 | 0.00 | 0.11 | |
| UCSCSchema-class | 0 | 0 | 0 | |
| UCSCTableQuery-class | 0 | 0 | 0 | |
| WIGFile-class | 1.25 | 0.04 | 1.30 | |
| asBED | 0 | 0 | 0 | |
| asGFF | 0 | 0 | 0 | |
| browseGenome | 0 | 0 | 0 | |
| browserView-methods | 0 | 0 | 0 | |
| browserViews-methods | 0 | 0 | 0 | |
| cpneTrack | 0.96 | 0.04 | 1.00 | |
| layTrack-methods | 0 | 0 | 0 | |
| liftOver | 0 | 0 | 0 | |
| readGFF | 0.31 | 0.00 | 0.31 | |
| targets | 0.05 | 0.02 | 0.06 | |
| ucscGenomes | 0.25 | 0.04 | 1.05 | |
| ucscTrackModes-methods | 0.03 | 0.00 | 0.03 | |