Back to Multiple platform build/check report for BioC 3.22:   simplified   long
ABCDEFGHIJKLMNOPQ[R]STUVWXYZ

This page was generated on 2025-11-20 12:06 -0500 (Thu, 20 Nov 2025).

HostnameOSArch (*)R versionInstalled pkgs
nebbiolo2Linux (Ubuntu 24.04.3 LTS)x86_644.5.2 (2025-10-31) -- "[Not] Part in a Rumble" 4615
merida1macOS 12.7.6 Montereyx86_644.5.2 Patched (2025-11-05 r88990) -- "[Not] Part in a Rumble" 4610
kjohnson1macOS 13.7.5 Venturaarm644.5.2 Patched (2025-11-04 r88984) -- "[Not] Part in a Rumble" 4598
taishanLinux (openEuler 24.03 LTS)aarch644.5.0 (2025-04-11) -- "How About a Twenty-Six" 4668
Click on any hostname to see more info about the system (e.g. compilers)      (*) as reported by 'uname -p', except on Windows and Mac OS X

Package 1728/2361HostnameOS / ArchINSTALLBUILDCHECKBUILD BIN
rcellminer 2.32.0  (landing page)
Augustin Luna , Vinodh Rajapakse
Snapshot Date: 2025-11-17 13:45 -0500 (Mon, 17 Nov 2025)
git_url: https://git.bioconductor.org/packages/rcellminer
git_branch: RELEASE_3_22
git_last_commit: e315ee0
git_last_commit_date: 2025-10-29 10:24:56 -0500 (Wed, 29 Oct 2025)
nebbiolo2Linux (Ubuntu 24.04.3 LTS) / x86_64  OK    OK    WARNINGS  UNNEEDED, same version is already published
merida1macOS 12.7.6 Monterey / x86_64  OK    OK    WARNINGS    OK  UNNEEDED, same version is already published
kjohnson1macOS 13.7.5 Ventura / arm64  OK    OK    WARNINGS    OK  UNNEEDED, same version is already published
taishanLinux (openEuler 24.03 LTS) / aarch64  OK    OK    WARNINGS  


CHECK results for rcellminer on kjohnson1

To the developers/maintainers of the rcellminer package:
- Allow up to 24 hours (and sometimes 48 hours) for your latest push to git@git.bioconductor.org:packages/rcellminer.git to reflect on this report. See Troubleshooting Build Report for more information.
- Use the following Renviron settings to reproduce errors and warnings.
- If 'R CMD check' started to fail recently on the Linux builder(s) over a missing dependency, add the missing dependency to 'Suggests:' in your DESCRIPTION file. See Renviron.bioc for more information.

raw results


Summary

Package: rcellminer
Version: 2.32.0
Command: /Library/Frameworks/R.framework/Resources/bin/R CMD check --install=check:rcellminer.install-out.txt --library=/Library/Frameworks/R.framework/Resources/library --no-vignettes --timings rcellminer_2.32.0.tar.gz
StartedAt: 2025-11-18 11:30:21 -0500 (Tue, 18 Nov 2025)
EndedAt: 2025-11-18 11:31:23 -0500 (Tue, 18 Nov 2025)
EllapsedTime: 62.5 seconds
RetCode: 0
Status:   WARNINGS  
CheckDir: rcellminer.Rcheck
Warnings: 1

Command output

##############################################################################
##############################################################################
###
### Running command:
###
###   /Library/Frameworks/R.framework/Resources/bin/R CMD check --install=check:rcellminer.install-out.txt --library=/Library/Frameworks/R.framework/Resources/library --no-vignettes --timings rcellminer_2.32.0.tar.gz
###
##############################################################################
##############################################################################


* using log directory ‘/Users/biocbuild/bbs-3.22-bioc/meat/rcellminer.Rcheck’
* using R version 4.5.2 Patched (2025-11-04 r88984)
* using platform: aarch64-apple-darwin20
* R was compiled by
    Apple clang version 16.0.0 (clang-1600.0.26.6)
    GNU Fortran (GCC) 14.2.0
* running under: macOS Ventura 13.7.8
* using session charset: UTF-8
* using option ‘--no-vignettes’
* checking for file ‘rcellminer/DESCRIPTION’ ... OK
* checking extension type ... Package
* this is package ‘rcellminer’ version ‘2.32.0’
* package encoding: UTF-8
* checking package namespace information ... OK
* checking package dependencies ... OK
* checking if this is a source package ... OK
* checking if there is a namespace ... OK
* checking for hidden files and directories ... OK
* checking for portable file names ... OK
* checking for sufficient/correct file permissions ... OK
* checking whether package ‘rcellminer’ can be installed ... OK
* checking installed package size ... OK
* checking package directory ... OK
* checking ‘build’ directory ... OK
* checking DESCRIPTION meta-information ... OK
* checking top-level files ... OK
* checking for left-over files ... OK
* checking index information ... OK
* checking package subdirectories ... OK
* checking code files for non-ASCII characters ... OK
* checking R files for syntax errors ... OK
* checking whether the package can be loaded ... OK
* checking whether the package can be loaded with stated dependencies ... OK
* checking whether the package can be unloaded cleanly ... OK
* checking whether the namespace can be loaded with stated dependencies ... OK
* checking whether the namespace can be unloaded cleanly ... OK
* checking whether startup messages can be suppressed ... OK
* checking dependencies in R code ... NOTE
Namespace in Imports field not imported from: ‘shiny’
  All declared Imports should be used.
* checking S3 generic/method consistency ... OK
* checking replacement functions ... OK
* checking foreign function calls ... OK
* checking R code for possible problems ... OK
* checking Rd files ... WARNING
checkRd: (7) cmVersion.Rd:17: Invalid email address: vinodh.rajapakse AT nih.gov
checkRd: (-1) drugDB.Rd:13-14: Lost braces in \itemize; meant \describe ?
checkRd: (-1) drugDB.Rd:15-38: Lost braces in \itemize; meant \describe ?
checkRd: (-1) drugDB.Rd:17-18: Lost braces in \itemize; meant \describe ?
checkRd: (-1) drugDB.Rd:19: Lost braces in \itemize; meant \describe ?
checkRd: (-1) drugDB.Rd:20: Lost braces in \itemize; meant \describe ?
checkRd: (-1) drugDB.Rd:21: Lost braces in \itemize; meant \describe ?
checkRd: (-1) drugDB.Rd:22: Lost braces in \itemize; meant \describe ?
checkRd: (-1) drugDB.Rd:23-24: Lost braces in \itemize; meant \describe ?
checkRd: (-1) drugDB.Rd:25: Lost braces in \itemize; meant \describe ?
checkRd: (-1) drugDB.Rd:26: Lost braces in \itemize; meant \describe ?
checkRd: (-1) drugDB.Rd:27: Lost braces in \itemize; meant \describe ?
checkRd: (-1) drugDB.Rd:28: Lost braces in \itemize; meant \describe ?
checkRd: (-1) drugDB.Rd:29: Lost braces in \itemize; meant \describe ?
checkRd: (-1) drugDB.Rd:30: Lost braces in \itemize; meant \describe ?
checkRd: (-1) drugDB.Rd:31: Lost braces in \itemize; meant \describe ?
checkRd: (-1) drugDB.Rd:32: Lost braces in \itemize; meant \describe ?
checkRd: (-1) drugDB.Rd:33: Lost braces in \itemize; meant \describe ?
checkRd: (-1) drugDB.Rd:34-35: Lost braces in \itemize; meant \describe ?
checkRd: (-1) drugDB.Rd:36: Lost braces in \itemize; meant \describe ?
checkRd: (7) drugDB.Rd:45: Invalid email address: vinodh.rajapakse AT nih.gov
checkRd: (-1) elNetMolDataNCI60.Rd:14: Lost braces in \itemize; meant \describe ?
checkRd: (-1) elNetMolDataNCI60.Rd:15-17: Lost braces in \itemize; meant \describe ?
checkRd: (-1) elNetMolDataNCI60.Rd:18: Lost braces in \itemize; meant \describe ?
checkRd: (-1) elNetMolDataNCI60.Rd:19-20: Lost braces in \itemize; meant \describe ?
checkRd: (-1) elNetMolDataNCI60.Rd:21-22: Lost braces in \itemize; meant \describe ?
checkRd: (-1) elNetMolDataNCI60.Rd:23-40: Lost braces in \itemize; meant \describe ?
checkRd: (-1) elNetMolDataNCI60.Rd:25: Lost braces in \itemize; meant \describe ?
checkRd: (-1) elNetMolDataNCI60.Rd:26: Lost braces in \itemize; meant \describe ?
checkRd: (-1) elNetMolDataNCI60.Rd:27: Lost braces in \itemize; meant \describe ?
checkRd: (-1) elNetMolDataNCI60.Rd:28: Lost braces in \itemize; meant \describe ?
checkRd: (-1) elNetMolDataNCI60.Rd:29: Lost braces in \itemize; meant \describe ?
checkRd: (-1) elNetMolDataNCI60.Rd:30: Lost braces in \itemize; meant \describe ?
checkRd: (-1) elNetMolDataNCI60.Rd:31: Lost braces in \itemize; meant \describe ?
checkRd: (-1) elNetMolDataNCI60.Rd:32: Lost braces in \itemize; meant \describe ?
checkRd: (-1) elNetMolDataNCI60.Rd:33: Lost braces in \itemize; meant \describe ?
checkRd: (-1) elNetMolDataNCI60.Rd:34: Lost braces in \itemize; meant \describe ?
checkRd: (-1) elNetMolDataNCI60.Rd:35: Lost braces in \itemize; meant \describe ?
checkRd: (-1) elNetMolDataNCI60.Rd:36: Lost braces in \itemize; meant \describe ?
checkRd: (-1) elNetMolDataNCI60.Rd:37-38: Lost braces in \itemize; meant \describe ?
checkRd: (7) elNetMolDataNCI60.Rd:47: Invalid email address: vinodh.rajapakse AT nih.gov
checkRd: (7) fingerprintList.Rd:14: Invalid email address: augustin AT mail.nih.gov
* checking Rd metadata ... OK
* checking Rd cross-references ... OK
* checking for missing documentation entries ... OK
* checking for code/documentation mismatches ... OK
* checking Rd \usage sections ... OK
* checking Rd contents ... OK
* checking for unstated dependencies in examples ... OK
* checking contents of ‘data’ directory ... OK
* checking data for non-ASCII characters ... OK
* checking LazyData ... OK
* checking data for ASCII and uncompressed saves ... OK
* checking files in ‘vignettes’ ... OK
* checking examples ... OK
* checking for unstated dependencies in ‘tests’ ... OK
* checking tests ...
  Running ‘testthat.R’
 OK
* checking for unstated dependencies in vignettes ... OK
* checking package vignettes ... OK
* checking running R code from vignettes ... SKIPPED
* checking re-building of vignette outputs ... SKIPPED
* checking PDF version of manual ... OK
* DONE

Status: 1 WARNING, 1 NOTE
See
  ‘/Users/biocbuild/bbs-3.22-bioc/meat/rcellminer.Rcheck/00check.log’
for details.


Installation output

rcellminer.Rcheck/00install.out

##############################################################################
##############################################################################
###
### Running command:
###
###   /Library/Frameworks/R.framework/Resources/bin/R CMD INSTALL rcellminer
###
##############################################################################
##############################################################################


* installing to library ‘/Library/Frameworks/R.framework/Versions/4.5-arm64/Resources/library’
* installing *source* package ‘rcellminer’ ...
** this is package ‘rcellminer’ version ‘2.32.0’
** using staged installation
** R
** data
*** moving datasets to lazyload DB
** inst
** byte-compile and prepare package for lazy loading
** help
*** installing help indices
** building package indices
** installing vignettes
** testing if installed package can be loaded from temporary location
** testing if installed package can be loaded from final location
** testing if installed package keeps a record of temporary installation path
* DONE (rcellminer)

Tests output

rcellminer.Rcheck/tests/testthat.Rout


R version 4.5.2 Patched (2025-11-04 r88984) -- "[Not] Part in a Rumble"
Copyright (C) 2025 The R Foundation for Statistical Computing
Platform: aarch64-apple-darwin20

R is free software and comes with ABSOLUTELY NO WARRANTY.
You are welcome to redistribute it under certain conditions.
Type 'license()' or 'licence()' for distribution details.

R is a collaborative project with many contributors.
Type 'contributors()' for more information and
'citation()' on how to cite R or R packages in publications.

Type 'demo()' for some demos, 'help()' for on-line help, or
'help.start()' for an HTML browser interface to help.
Type 'q()' to quit R.

> library(testthat)
> library(rcellminer)
Loading required package: Biobase
Loading required package: BiocGenerics
Loading required package: generics

Attaching package: 'generics'

The following objects are masked from 'package:base':

    as.difftime, as.factor, as.ordered, intersect, is.element, setdiff,
    setequal, union


Attaching package: 'BiocGenerics'

The following objects are masked from 'package:stats':

    IQR, mad, sd, var, xtabs

The following objects are masked from 'package:base':

    Filter, Find, Map, Position, Reduce, anyDuplicated, aperm, append,
    as.data.frame, basename, cbind, colnames, dirname, do.call,
    duplicated, eval, evalq, get, grep, grepl, is.unsorted, lapply,
    mapply, match, mget, order, paste, pmax, pmax.int, pmin, pmin.int,
    rank, rbind, rownames, sapply, saveRDS, table, tapply, unique,
    unsplit, which.max, which.min

Welcome to Bioconductor

    Vignettes contain introductory material; view with
    'browseVignettes()'. To cite Bioconductor, see
    'citation("Biobase")', and for packages 'citation("pkgname")'.

Loading required package: rcellminerData
Consider citing this package: Luna A, et al. rcellminer: exploring molecular profiles and drug response of the NCI-60 cell lines in R. PMID: 26635141; citation("rcellminer")
> 
> #test_package("rcellminer")
> test_check("rcellminer")
[ FAIL 0 | WARN 2 | SKIP 1 | PASS 229 ]

══ Skipped tests (1) ═══════════════════════════════════════════════════════════
• empty test (1): 'test_getBinaryMutationData.R:1:1'

[ FAIL 0 | WARN 2 | SKIP 1 | PASS 229 ]
> 
> proc.time()
   user  system elapsed 
 24.172   2.597  29.994 

Example timings

rcellminer.Rcheck/rcellminer-Ex.timings

nameusersystemelapsed
crossCors0.2820.0130.359
crossCorsSpearman000
getActivityRangeStats0.0510.0010.052
getColumnQuantiles0.0010.0010.001
getDrugActivityData0.0180.0000.018
getDrugActivityRange0.0230.0010.023
getDrugActivityRepeatData0.0120.0000.018
getDrugMoaList0.0590.0010.063
getDrugName0.0060.0000.007
getFeatureDataFromMatList1.4440.0781.773
getMedSenLineActivity0.0180.0010.030
getMinDrugActivityRepeatCor0.0190.0000.021
getMoaStr0.2670.0050.292
getMoaToCompounds0.0560.0010.066
getMolDataMatrices0.1370.0120.151
getNumDrugActivityRepeats0.0350.0000.036
getNumMissingLines0.0010.0000.000
getRsd0.0010.0010.001
getSmiles0.0090.0000.010
hasMoa0.0520.0020.054
isPublic0.0010.0000.000
loadCellminerPlotInfo0.0010.0000.000
loadNciColorSet0.0000.0000.001
parCorPatternComparison0.1370.0060.162
patternComparison0.1290.0110.179
plotCellMiner0.2110.0180.233
plotCellMiner2D000
plotDrugActivityRepeats0.4040.0330.501
plotDrugSets0.0540.0090.066
removeMolDataType0.0000.0000.001
rowCors0.0000.0000.002
searchForNscs0.0170.0010.019
selectCorrelatedRows0.0000.0010.000
selectCorrelatedRowsFromMatrices0.0010.0000.001