| Back to Multiple platform build/check report for BioC 3.21: simplified long |
|
This page was generated on 2025-04-22 13:16 -0400 (Tue, 22 Apr 2025).
| Hostname | OS | Arch (*) | R version | Installed pkgs |
|---|---|---|---|---|
| nebbiolo1 | Linux (Ubuntu 24.04.1 LTS) | x86_64 | 4.5.0 RC (2025-04-04 r88126) -- "How About a Twenty-Six" | 4831 |
| palomino7 | Windows Server 2022 Datacenter | x64 | 4.5.0 RC (2025-04-04 r88126 ucrt) -- "How About a Twenty-Six" | 4573 |
| lconway | macOS 12.7.1 Monterey | x86_64 | 4.5.0 RC (2025-04-04 r88126) -- "How About a Twenty-Six" | 4599 |
| kjohnson3 | macOS 13.7.1 Ventura | arm64 | 4.5.0 RC (2025-04-04 r88126) -- "How About a Twenty-Six" | 4553 |
| kunpeng2 | Linux (openEuler 24.03 LTS) | aarch64 | R Under development (unstable) (2025-02-19 r87757) -- "Unsuffered Consequences" | 4570 |
| Click on any hostname to see more info about the system (e.g. compilers) (*) as reported by 'uname -p', except on Windows and Mac OS X | ||||
| Package 1646/2341 | Hostname | OS / Arch | INSTALL | BUILD | CHECK | BUILD BIN | ||||||||
| ptairMS 1.16.0 (landing page) camille Roquencourt
| nebbiolo1 | Linux (Ubuntu 24.04.1 LTS) / x86_64 | OK | OK | WARNINGS | |||||||||
| palomino7 | Windows Server 2022 Datacenter / x64 | OK | OK | WARNINGS | OK | |||||||||
| lconway | macOS 12.7.1 Monterey / x86_64 | OK | OK | WARNINGS | OK | |||||||||
| kjohnson3 | macOS 13.7.1 Ventura / arm64 | OK | OK | ERROR | OK | |||||||||
| kunpeng2 | Linux (openEuler 24.03 LTS) / aarch64 | OK | OK | WARNINGS | ||||||||||
|
To the developers/maintainers of the ptairMS package: - Allow up to 24 hours (and sometimes 48 hours) for your latest push to git@git.bioconductor.org:packages/ptairMS.git to reflect on this report. See Troubleshooting Build Report for more information. - Use the following Renviron settings to reproduce errors and warnings. - If 'R CMD check' started to fail recently on the Linux builder(s) over a missing dependency, add the missing dependency to 'Suggests:' in your DESCRIPTION file. See Renviron.bioc for more information. |
| Package: ptairMS |
| Version: 1.16.0 |
| Command: /Library/Frameworks/R.framework/Resources/bin/R CMD check --install=check:ptairMS.install-out.txt --library=/Library/Frameworks/R.framework/Resources/library --no-vignettes --timings ptairMS_1.16.0.tar.gz |
| StartedAt: 2025-04-21 22:47:35 -0400 (Mon, 21 Apr 2025) |
| EndedAt: 2025-04-21 22:56:47 -0400 (Mon, 21 Apr 2025) |
| EllapsedTime: 552.1 seconds |
| RetCode: 0 |
| Status: WARNINGS |
| CheckDir: ptairMS.Rcheck |
| Warnings: 2 |
##############################################################################
##############################################################################
###
### Running command:
###
### /Library/Frameworks/R.framework/Resources/bin/R CMD check --install=check:ptairMS.install-out.txt --library=/Library/Frameworks/R.framework/Resources/library --no-vignettes --timings ptairMS_1.16.0.tar.gz
###
##############################################################################
##############################################################################
* using log directory ‘/Users/biocbuild/bbs-3.21-bioc/meat/ptairMS.Rcheck’
* using R version 4.5.0 RC (2025-04-04 r88126)
* using platform: x86_64-apple-darwin20
* R was compiled by
Apple clang version 14.0.0 (clang-1400.0.29.202)
GNU Fortran (GCC) 14.2.0
* running under: macOS Monterey 12.7.6
* using session charset: UTF-8
* using option ‘--no-vignettes’
* checking for file ‘ptairMS/DESCRIPTION’ ... OK
* this is package ‘ptairMS’ version ‘1.16.0’
* package encoding: UTF-8
* checking package namespace information ... OK
* checking package dependencies ... INFO
Imports includes 22 non-default packages.
Importing from so many packages makes the package vulnerable to any of
them becoming unavailable. Move as many as possible to Suggests and
use conditionally.
* checking if this is a source package ... OK
* checking if there is a namespace ... OK
* checking for hidden files and directories ... OK
* checking for portable file names ... OK
* checking for sufficient/correct file permissions ... OK
* checking whether package ‘ptairMS’ can be installed ... WARNING
Found the following significant warnings:
Warning: replacing previous import ‘Biobase::cache’ by ‘bit64::cache’ when loading ‘ptairMS’
See ‘/Users/biocbuild/bbs-3.21-bioc/meat/ptairMS.Rcheck/00install.out’ for details.
* used C++ compiler: ‘Apple clang version 14.0.0 (clang-1400.0.29.202)’
* used SDK: ‘MacOSX11.3.sdk’
* checking installed package size ... OK
* checking package directory ... OK
* checking ‘build’ directory ... OK
* checking DESCRIPTION meta-information ... OK
* checking top-level files ... OK
* checking for left-over files ... OK
* checking index information ... OK
* checking package subdirectories ... OK
* checking code files for non-ASCII characters ... OK
* checking R files for syntax errors ... OK
* checking whether the package can be loaded ... OK
* checking whether the package can be loaded with stated dependencies ... OK
* checking whether the package can be unloaded cleanly ... OK
* checking whether the namespace can be loaded with stated dependencies ... OK
* checking whether the namespace can be unloaded cleanly ... OK
* checking dependencies in R code ... WARNING
'::' or ':::' imports not declared from:
‘htmlwidgets’ ‘plyr’
There are ::: calls to the package's namespace in its code. A package
almost never needs to use ::: for its own objects:
‘getCalibrationInfo’ ‘getPeakList’ ‘getPeaksInfo’ ‘getTimeInfo’
‘processFileTemporalNominalMass’ ‘tofToMz’
* checking S3 generic/method consistency ... OK
* checking replacement functions ... OK
* checking foreign function calls ... OK
* checking R code for possible problems ... OK
* checking Rd files ... OK
* checking Rd metadata ... OK
* checking Rd cross-references ... NOTE
Non-topic package-anchored link(s) in Rd file 'detectPeak.Rd':
‘[ptairMS]{ptrSet}’
See section 'Cross-references' in the 'Writing R Extensions' manual.
* checking for missing documentation entries ... OK
* checking for code/documentation mismatches ... OK
* checking Rd \usage sections ... OK
* checking Rd contents ... OK
* checking for unstated dependencies in examples ... OK
* checking line endings in C/C++/Fortran sources/headers ... OK
* checking compiled code ... NOTE
Note: information on .o files is not available
* checking files in ‘vignettes’ ... OK
* checking examples ... OK
Examples with CPU (user + system) or elapsed time > 5s
user system elapsed
detectPeak 89.188 2.641 92.447
writeEset 17.756 0.588 18.503
impute 15.623 0.611 16.394
alignSamples 15.315 0.739 16.187
imputeMat 14.884 0.746 15.761
getPeakList 14.881 0.592 15.582
annotation 13.944 0.498 14.534
convert_to_mzML 12.902 0.707 13.712
plotTIC 12.548 0.437 13.065
setSampleMetadata 11.774 0.344 12.193
plotFeatures 11.528 0.455 12.062
plot 10.902 0.481 11.461
resetSampleMetadata 10.561 0.329 10.980
plotCalib 10.329 0.491 11.070
updatePtrSet 10.369 0.350 10.790
getSampleMetadata 10.217 0.354 10.632
defineKnots 10.227 0.333 10.634
rmPeakList 10.173 0.336 10.594
plotRaw 9.589 0.491 10.149
importSampleMetadata 9.531 0.356 9.964
getFileNames 9.341 0.393 9.808
exportSampleMetada 9.366 0.348 9.758
getDirectory 9.234 0.338 9.638
createPtrSet 9.072 0.475 9.631
changeTimeLimits 8.369 0.278 8.697
* checking for unstated dependencies in ‘tests’ ... OK
* checking tests ...
Running ‘testthat.R’
OK
* checking for unstated dependencies in vignettes ... OK
* checking package vignettes ... OK
* checking running R code from vignettes ... SKIPPED
* checking re-building of vignette outputs ... SKIPPED
* checking PDF version of manual ... OK
* DONE
Status: 2 WARNINGs, 2 NOTEs
See
‘/Users/biocbuild/bbs-3.21-bioc/meat/ptairMS.Rcheck/00check.log’
for details.
ptairMS.Rcheck/00install.out
############################################################################## ############################################################################## ### ### Running command: ### ### /Library/Frameworks/R.framework/Resources/bin/R CMD INSTALL ptairMS ### ############################################################################## ############################################################################## * installing to library ‘/Library/Frameworks/R.framework/Versions/4.5-x86_64/Resources/library’ * installing *source* package ‘ptairMS’ ... ** this is package ‘ptairMS’ version ‘1.16.0’ ** using staged installation ** libs using C++ compiler: ‘Apple clang version 14.0.0 (clang-1400.0.29.202)’ using SDK: ‘MacOSX11.3.sdk’ clang++ -arch x86_64 -std=gnu++17 -I"/Library/Frameworks/R.framework/Resources/include" -DNDEBUG -I'/Library/Frameworks/R.framework/Versions/4.5-x86_64/Resources/library/Rcpp/include' -I/opt/R/x86_64/include -fPIC -falign-functions=64 -Wall -g -O2 -c RcppExports.cpp -o RcppExports.o clang++ -arch x86_64 -std=gnu++17 -I"/Library/Frameworks/R.framework/Resources/include" -DNDEBUG -I'/Library/Frameworks/R.framework/Versions/4.5-x86_64/Resources/library/Rcpp/include' -I/opt/R/x86_64/include -fPIC -falign-functions=64 -Wall -g -O2 -c align.cpp -o align.o clang++ -arch x86_64 -std=gnu++17 -I"/Library/Frameworks/R.framework/Resources/include" -DNDEBUG -I'/Library/Frameworks/R.framework/Versions/4.5-x86_64/Resources/library/Rcpp/include' -I/opt/R/x86_64/include -fPIC -falign-functions=64 -Wall -g -O2 -c findEqualGreaterM.cpp -o findEqualGreaterM.o clang++ -arch x86_64 -std=gnu++17 -dynamiclib -Wl,-headerpad_max_install_names -undefined dynamic_lookup -L/Library/Frameworks/R.framework/Resources/lib -L/opt/R/x86_64/lib -o ptairMS.so RcppExports.o align.o findEqualGreaterM.o -F/Library/Frameworks/R.framework/.. -framework R installing to /Library/Frameworks/R.framework/Versions/4.5-x86_64/Resources/library/00LOCK-ptairMS/00new/ptairMS/libs ** R ** inst ** byte-compile and prepare package for lazy loading Warning: replacing previous import ‘Biobase::cache’ by ‘bit64::cache’ when loading ‘ptairMS’ ** help *** installing help indices ** building package indices ** installing vignettes ** testing if installed package can be loaded from temporary location Warning: replacing previous import ‘Biobase::cache’ by ‘bit64::cache’ when loading ‘ptairMS’ ** checking absolute paths in shared objects and dynamic libraries ** testing if installed package can be loaded from final location Warning: replacing previous import ‘Biobase::cache’ by ‘bit64::cache’ when loading ‘ptairMS’ ** testing if installed package keeps a record of temporary installation path * DONE (ptairMS)
ptairMS.Rcheck/tests/testthat.Rout
R version 4.5.0 RC (2025-04-04 r88126) -- "How About a Twenty-Six"
Copyright (C) 2025 The R Foundation for Statistical Computing
Platform: x86_64-apple-darwin20
R is free software and comes with ABSOLUTELY NO WARRANTY.
You are welcome to redistribute it under certain conditions.
Type 'license()' or 'licence()' for distribution details.
R is a collaborative project with many contributors.
Type 'contributors()' for more information and
'citation()' on how to cite R or R packages in publications.
Type 'demo()' for some demos, 'help()' for on-line help, or
'help.start()' for an HTML browser interface to help.
Type 'q()' to quit R.
> library(testthat)
> library(ptairMS)
Warning message:
replacing previous import 'Biobase::cache' by 'bit64::cache' when loading 'ptairMS'
>
> test_check("ptairMS")
Control1.h5 : 3 peaks detected
Control2.h5 : 4 peaks detected
Specie-a1.h5 : 2 peaks detected
Specie-a2.h5 : 3 peaks detected
specie-b1.h5 : 4 peaks detected
specie-b2.h5 : 3 peaks detected
Control1.h5 : 2 peaks detected
Control2.h5 : 2 peaks detected
Specie-a1.h5 : 3 peaks detected
Specie-a2.h5 : 3 peaks detected
specie-b1.h5 : 2 peaks detected
specie-b2.h5 : 3 peaks detected
Control1.h5 : 4 peaks detected
Control2.h5 : 6 peaks detected
Specie-a1.h5 : 3 peaks detected
Specie-a2.h5 : 4 peaks detected
specie-b1.h5 : 5 peaks detected
specie-b2.h5 : 4 peaks detected
Control1.h5 : 3 peaks detected
Control2.h5 : 2 peaks detected
Specie-a1.h5 : 3 peaks detected
Specie-a2.h5 : 3 peaks detected
specie-b1.h5 : 4 peaks detected
specie-b2.h5 : 4 peaks detected
[ FAIL 0 | WARN 0 | SKIP 0 | PASS 59 ]
>
> proc.time()
user system elapsed
80.467 3.979 85.303
ptairMS.Rcheck/ptairMS-Ex.timings
| name | user | system | elapsed | |
| LocalMaximaSG | 0.023 | 0.005 | 0.028 | |
| PeakList | 0.869 | 0.104 | 0.986 | |
| RunShinnyApp | 0 | 0 | 0 | |
| alignSamples | 15.315 | 0.739 | 16.187 | |
| annotation | 13.944 | 0.498 | 14.534 | |
| calibration | 0.687 | 0.030 | 0.725 | |
| changeTimeLimits | 8.369 | 0.278 | 8.697 | |
| convert_to_mzML | 12.902 | 0.707 | 13.712 | |
| createPtrSet | 9.072 | 0.475 | 9.631 | |
| defineKnots | 10.227 | 0.333 | 10.634 | |
| detectPeak | 89.188 | 2.641 | 92.447 | |
| exportSampleMetada | 9.366 | 0.348 | 9.758 | |
| formula2mass | 0.003 | 0.001 | 0.004 | |
| getDirectory | 9.234 | 0.338 | 9.638 | |
| getFileNames | 9.341 | 0.393 | 9.808 | |
| getPeakList | 14.881 | 0.592 | 15.582 | |
| getSampleMetadata | 10.217 | 0.354 | 10.632 | |
| importSampleMetadata | 9.531 | 0.356 | 9.964 | |
| impute | 15.623 | 0.611 | 16.394 | |
| imputeMat | 14.884 | 0.746 | 15.761 | |
| plot | 10.902 | 0.481 | 11.461 | |
| plotCalib | 10.329 | 0.491 | 11.070 | |
| plotFeatures | 11.528 | 0.455 | 12.062 | |
| plotRaw | 9.589 | 0.491 | 10.149 | |
| plotTIC | 12.548 | 0.437 | 13.065 | |
| readRaw | 0.128 | 0.012 | 0.141 | |
| resetSampleMetadata | 10.561 | 0.329 | 10.980 | |
| rmPeakList | 10.173 | 0.336 | 10.594 | |
| setSampleMetadata | 11.774 | 0.344 | 12.193 | |
| timeLimits | 1.183 | 0.041 | 1.234 | |
| updatePtrSet | 10.369 | 0.350 | 10.790 | |
| writeEset | 17.756 | 0.588 | 18.503 | |