Back to Multiple platform build/check report for BioC 3.22:   simplified   long
ABCDEFGHIJKLMNO[P]QRSTUVWXYZ

This page was generated on 2025-11-20 12:06 -0500 (Thu, 20 Nov 2025).

HostnameOSArch (*)R versionInstalled pkgs
nebbiolo2Linux (Ubuntu 24.04.3 LTS)x86_644.5.2 (2025-10-31) -- "[Not] Part in a Rumble" 4615
merida1macOS 12.7.6 Montereyx86_644.5.2 Patched (2025-11-05 r88990) -- "[Not] Part in a Rumble" 4610
kjohnson1macOS 13.7.5 Venturaarm644.5.2 Patched (2025-11-04 r88984) -- "[Not] Part in a Rumble" 4598
taishanLinux (openEuler 24.03 LTS)aarch644.5.0 (2025-04-11) -- "How About a Twenty-Six" 4668
Click on any hostname to see more info about the system (e.g. compilers)      (*) as reported by 'uname -p', except on Windows and Mac OS X

Package 1664/2361HostnameOS / ArchINSTALLBUILDCHECKBUILD BIN
ptairMS 1.18.0  (landing page)
camille Roquencourt
Snapshot Date: 2025-11-17 13:45 -0500 (Mon, 17 Nov 2025)
git_url: https://git.bioconductor.org/packages/ptairMS
git_branch: RELEASE_3_22
git_last_commit: 87f2663
git_last_commit_date: 2025-10-29 11:07:57 -0500 (Wed, 29 Oct 2025)
nebbiolo2Linux (Ubuntu 24.04.3 LTS) / x86_64  OK    OK    WARNINGS  UNNEEDED, same version is already published
merida1macOS 12.7.6 Monterey / x86_64  OK    OK    WARNINGS    OK  UNNEEDED, same version is already published
kjohnson1macOS 13.7.5 Ventura / arm64  OK    OK    WARNINGS    OK  UNNEEDED, same version is already published
taishanLinux (openEuler 24.03 LTS) / aarch64  OK    OK    WARNINGS  


CHECK results for ptairMS on kjohnson1

To the developers/maintainers of the ptairMS package:
- Allow up to 24 hours (and sometimes 48 hours) for your latest push to git@git.bioconductor.org:packages/ptairMS.git to reflect on this report. See Troubleshooting Build Report for more information.
- Use the following Renviron settings to reproduce errors and warnings.
- If 'R CMD check' started to fail recently on the Linux builder(s) over a missing dependency, add the missing dependency to 'Suggests:' in your DESCRIPTION file. See Renviron.bioc for more information.

raw results


Summary

Package: ptairMS
Version: 1.18.0
Command: /Library/Frameworks/R.framework/Resources/bin/R CMD check --install=check:ptairMS.install-out.txt --library=/Library/Frameworks/R.framework/Resources/library --no-vignettes --timings ptairMS_1.18.0.tar.gz
StartedAt: 2025-11-18 11:15:31 -0500 (Tue, 18 Nov 2025)
EndedAt: 2025-11-18 11:19:45 -0500 (Tue, 18 Nov 2025)
EllapsedTime: 254.2 seconds
RetCode: 0
Status:   WARNINGS  
CheckDir: ptairMS.Rcheck
Warnings: 2

Command output

##############################################################################
##############################################################################
###
### Running command:
###
###   /Library/Frameworks/R.framework/Resources/bin/R CMD check --install=check:ptairMS.install-out.txt --library=/Library/Frameworks/R.framework/Resources/library --no-vignettes --timings ptairMS_1.18.0.tar.gz
###
##############################################################################
##############################################################################


* using log directory ‘/Users/biocbuild/bbs-3.22-bioc/meat/ptairMS.Rcheck’
* using R version 4.5.2 Patched (2025-11-04 r88984)
* using platform: aarch64-apple-darwin20
* R was compiled by
    Apple clang version 16.0.0 (clang-1600.0.26.6)
    GNU Fortran (GCC) 14.2.0
* running under: macOS Ventura 13.7.8
* using session charset: UTF-8
* using option ‘--no-vignettes’
* checking for file ‘ptairMS/DESCRIPTION’ ... OK
* this is package ‘ptairMS’ version ‘1.18.0’
* package encoding: UTF-8
* checking package namespace information ... OK
* checking package dependencies ... INFO
Imports includes 22 non-default packages.
Importing from so many packages makes the package vulnerable to any of
them becoming unavailable.  Move as many as possible to Suggests and
use conditionally.
* checking if this is a source package ... OK
* checking if there is a namespace ... OK
* checking for hidden files and directories ... OK
* checking for portable file names ... OK
* checking for sufficient/correct file permissions ... OK
* checking whether package ‘ptairMS’ can be installed ... WARNING
Found the following significant warnings:
  Warning: replacing previous import ‘Biobase::cache’ by ‘bit64::cache’ when loading ‘ptairMS’
See ‘/Users/biocbuild/bbs-3.22-bioc/meat/ptairMS.Rcheck/00install.out’ for details.
* used C++ compiler: ‘Apple clang version 15.0.0 (clang-1500.0.40.1)’
* used SDK: ‘MacOSX11.3.1.sdk’
* checking installed package size ... OK
* checking package directory ... OK
* checking ‘build’ directory ... OK
* checking DESCRIPTION meta-information ... OK
* checking top-level files ... OK
* checking for left-over files ... OK
* checking index information ... OK
* checking package subdirectories ... OK
* checking code files for non-ASCII characters ... OK
* checking R files for syntax errors ... OK
* checking whether the package can be loaded ... OK
* checking whether the package can be loaded with stated dependencies ... OK
* checking whether the package can be unloaded cleanly ... OK
* checking whether the namespace can be loaded with stated dependencies ... OK
* checking whether the namespace can be unloaded cleanly ... OK
* checking dependencies in R code ... WARNING
'::' or ':::' imports not declared from:
  ‘htmlwidgets’ ‘plyr’
There are ::: calls to the package's namespace in its code. A package
  almost never needs to use ::: for its own objects:
  ‘getCalibrationInfo’ ‘getPeakList’ ‘getPeaksInfo’ ‘getTimeInfo’
  ‘processFileTemporalNominalMass’ ‘tofToMz’
* checking S3 generic/method consistency ... OK
* checking replacement functions ... OK
* checking foreign function calls ... OK
* checking R code for possible problems ... OK
* checking Rd files ... OK
* checking Rd metadata ... OK
* checking Rd cross-references ... NOTE
Non-topic package-anchored link(s) in Rd file 'detectPeak.Rd':
  ‘[ptairMS]{ptrSet}’

See section 'Cross-references' in the 'Writing R Extensions' manual.
* checking for missing documentation entries ... OK
* checking for code/documentation mismatches ... OK
* checking Rd \usage sections ... OK
* checking Rd contents ... OK
* checking for unstated dependencies in examples ... OK
* checking line endings in C/C++/Fortran sources/headers ... OK
* checking compiled code ... NOTE
Note: information on .o files is not available
* checking files in ‘vignettes’ ... OK
* checking examples ... OK
Examples with CPU (user + system) or elapsed time > 5s
                       user system elapsed
detectPeak           33.677  1.617  41.160
writeEset             6.749  0.333   8.084
alignSamples          6.009  0.488   7.471
imputeMat             5.967  0.373   8.786
impute                5.539  0.337   6.857
annotation            5.412  0.442   7.089
getPeakList           5.492  0.294   7.315
convert_to_mzML       5.347  0.217   6.520
plot                  4.801  0.227   7.635
plotTIC               4.746  0.245   5.891
plotFeatures          4.619  0.244   5.414
rmPeakList            4.604  0.200   5.357
setSampleMetadata     4.544  0.213   5.287
defineKnots           4.456  0.175   5.342
updatePtrSet          4.296  0.259   5.817
getSampleMetadata     3.669  0.181   5.601
importSampleMetadata  3.640  0.168   5.239
* checking for unstated dependencies in ‘tests’ ... OK
* checking tests ...
  Running ‘testthat.R’
 OK
* checking for unstated dependencies in vignettes ... OK
* checking package vignettes ... OK
* checking running R code from vignettes ... SKIPPED
* checking re-building of vignette outputs ... SKIPPED
* checking PDF version of manual ... OK
* DONE

Status: 2 WARNINGs, 2 NOTEs
See
  ‘/Users/biocbuild/bbs-3.22-bioc/meat/ptairMS.Rcheck/00check.log’
for details.


Installation output

ptairMS.Rcheck/00install.out

##############################################################################
##############################################################################
###
### Running command:
###
###   /Library/Frameworks/R.framework/Resources/bin/R CMD INSTALL ptairMS
###
##############################################################################
##############################################################################


* installing to library ‘/Library/Frameworks/R.framework/Versions/4.5-arm64/Resources/library’
* installing *source* package ‘ptairMS’ ...
** this is package ‘ptairMS’ version ‘1.18.0’
** using staged installation
** libs
using C++ compiler: ‘Apple clang version 15.0.0 (clang-1500.0.40.1)’
using SDK: ‘MacOSX11.3.1.sdk’
clang++ -arch arm64 -std=gnu++17 -I"/Library/Frameworks/R.framework/Resources/include" -DNDEBUG  -I'/Library/Frameworks/R.framework/Versions/4.5-arm64/Resources/library/Rcpp/include' -I/opt/R/arm64/include    -fPIC  -falign-functions=64 -Wall -g -O2   -c RcppExports.cpp -o RcppExports.o
clang++ -arch arm64 -std=gnu++17 -I"/Library/Frameworks/R.framework/Resources/include" -DNDEBUG  -I'/Library/Frameworks/R.framework/Versions/4.5-arm64/Resources/library/Rcpp/include' -I/opt/R/arm64/include    -fPIC  -falign-functions=64 -Wall -g -O2   -c align.cpp -o align.o
clang++ -arch arm64 -std=gnu++17 -I"/Library/Frameworks/R.framework/Resources/include" -DNDEBUG  -I'/Library/Frameworks/R.framework/Versions/4.5-arm64/Resources/library/Rcpp/include' -I/opt/R/arm64/include    -fPIC  -falign-functions=64 -Wall -g -O2   -c findEqualGreaterM.cpp -o findEqualGreaterM.o
clang++ -arch arm64 -std=gnu++17 -dynamiclib -Wl,-headerpad_max_install_names -undefined dynamic_lookup -L/Library/Frameworks/R.framework/Resources/lib -L/opt/R/arm64/lib -o ptairMS.so RcppExports.o align.o findEqualGreaterM.o -F/Library/Frameworks/R.framework/.. -framework R
installing to /Library/Frameworks/R.framework/Versions/4.5-arm64/Resources/library/00LOCK-ptairMS/00new/ptairMS/libs
** R
** inst
** byte-compile and prepare package for lazy loading
Warning: replacing previous import ‘Biobase::cache’ by ‘bit64::cache’ when loading ‘ptairMS’
** help
*** installing help indices
** building package indices
** installing vignettes
** testing if installed package can be loaded from temporary location
Warning: replacing previous import ‘Biobase::cache’ by ‘bit64::cache’ when loading ‘ptairMS’
** checking absolute paths in shared objects and dynamic libraries
** testing if installed package can be loaded from final location
Warning: replacing previous import ‘Biobase::cache’ by ‘bit64::cache’ when loading ‘ptairMS’
** testing if installed package keeps a record of temporary installation path
* DONE (ptairMS)

Tests output

ptairMS.Rcheck/tests/testthat.Rout


R version 4.5.2 Patched (2025-11-04 r88984) -- "[Not] Part in a Rumble"
Copyright (C) 2025 The R Foundation for Statistical Computing
Platform: aarch64-apple-darwin20

R is free software and comes with ABSOLUTELY NO WARRANTY.
You are welcome to redistribute it under certain conditions.
Type 'license()' or 'licence()' for distribution details.

R is a collaborative project with many contributors.
Type 'contributors()' for more information and
'citation()' on how to cite R or R packages in publications.

Type 'demo()' for some demos, 'help()' for on-line help, or
'help.start()' for an HTML browser interface to help.
Type 'q()' to quit R.

> library(testthat)
> library(ptairMS)
Warning message:
replacing previous import 'Biobase::cache' by 'bit64::cache' when loading 'ptairMS' 
> 
> test_check("ptairMS")
Control1.h5 : 3 peaks detected 
Control2.h5 : 4 peaks detected 
Specie-a1.h5 : 2 peaks detected 
Specie-a2.h5 : 3 peaks detected 
specie-b1.h5 : 4 peaks detected 
specie-b2.h5 : 3 peaks detected 
Control1.h5 : 2 peaks detected 
Control2.h5 : 2 peaks detected 
Specie-a1.h5 : 3 peaks detected 
Specie-a2.h5 : 3 peaks detected 
specie-b1.h5 : 2 peaks detected 
specie-b2.h5 : 3 peaks detected 
Control1.h5 : 4 peaks detected 
Control2.h5 : 6 peaks detected 
Specie-a1.h5 : 3 peaks detected 
Specie-a2.h5 : 4 peaks detected 
specie-b1.h5 : 5 peaks detected 
specie-b2.h5 : 4 peaks detected 
Control1.h5 : 3 peaks detected 
Control2.h5 : 2 peaks detected 
Specie-a1.h5 : 3 peaks detected 
Specie-a2.h5 : 3 peaks detected 
specie-b1.h5 : 4 peaks detected 
specie-b2.h5 : 4 peaks detected 
[ FAIL 0 | WARN 0 | SKIP 0 | PASS 59 ]
> 
> proc.time()
   user  system elapsed 
 29.483   2.400  36.877 

Example timings

ptairMS.Rcheck/ptairMS-Ex.timings

nameusersystemelapsed
LocalMaximaSG0.0100.0020.012
PeakList0.3410.0330.428
RunShinnyApp000
alignSamples6.0090.4887.471
annotation5.4120.4427.089
calibration0.3100.0550.451
changeTimeLimits3.5560.3004.867
convert_to_mzML5.3470.2176.520
createPtrSet3.5210.1724.152
defineKnots4.4560.1755.342
detectPeak33.677 1.61741.160
exportSampleMetada3.2490.2113.972
formula2mass0.0010.0000.002
getDirectory3.9750.2054.683
getFileNames3.1630.1913.702
getPeakList5.4920.2947.315
getSampleMetadata3.6690.1815.601
importSampleMetadata3.6400.1685.239
impute5.5390.3376.857
imputeMat5.9670.3738.786
plot4.8010.2277.635
plotCalib3.8460.2104.621
plotFeatures4.6190.2445.414
plotRaw4.1260.2444.878
plotTIC4.7460.2455.891
readRaw0.0580.0110.091
resetSampleMetadata4.1530.2014.867
rmPeakList4.6040.2005.357
setSampleMetadata4.5440.2135.287
timeLimits0.3750.0300.428
updatePtrSet4.2960.2595.817
writeEset6.7490.3338.084