Back to Multiple platform build/check report for BioC 3.22:   simplified   long
ABCDEFGHIJKLMNO[P]QRSTUVWXYZ

This page was generated on 2025-11-20 12:05 -0500 (Thu, 20 Nov 2025).

HostnameOSArch (*)R versionInstalled pkgs
nebbiolo2Linux (Ubuntu 24.04.3 LTS)x86_644.5.2 (2025-10-31) -- "[Not] Part in a Rumble" 4615
merida1macOS 12.7.6 Montereyx86_644.5.2 Patched (2025-11-05 r88990) -- "[Not] Part in a Rumble" 4610
kjohnson1macOS 13.7.5 Venturaarm644.5.2 Patched (2025-11-04 r88984) -- "[Not] Part in a Rumble" 4598
taishanLinux (openEuler 24.03 LTS)aarch644.5.0 (2025-04-11) -- "How About a Twenty-Six" 4668
Click on any hostname to see more info about the system (e.g. compilers)      (*) as reported by 'uname -p', except on Windows and Mac OS X

Package 1597/2361HostnameOS / ArchINSTALLBUILDCHECKBUILD BIN
phyloseq 1.54.0  (landing page)
Paul J. McMurdie
Snapshot Date: 2025-11-17 13:45 -0500 (Mon, 17 Nov 2025)
git_url: https://git.bioconductor.org/packages/phyloseq
git_branch: RELEASE_3_22
git_last_commit: 457587e
git_last_commit_date: 2025-10-29 10:10:12 -0500 (Wed, 29 Oct 2025)
nebbiolo2Linux (Ubuntu 24.04.3 LTS) / x86_64  OK    OK    ERROR  
merida1macOS 12.7.6 Monterey / x86_64  OK    OK    ERROR    OK  
kjohnson1macOS 13.7.5 Ventura / arm64  OK    ERROR  skippedskipped
taishanLinux (openEuler 24.03 LTS) / aarch64  OK    OK    WARNINGS  


CHECK results for phyloseq on merida1

To the developers/maintainers of the phyloseq package:
- Allow up to 24 hours (and sometimes 48 hours) for your latest push to git@git.bioconductor.org:packages/phyloseq.git to reflect on this report. See Troubleshooting Build Report for more information.
- Use the following Renviron settings to reproduce errors and warnings.
- If 'R CMD check' started to fail recently on the Linux builder(s) over a missing dependency, add the missing dependency to 'Suggests:' in your DESCRIPTION file. See Renviron.bioc for more information.

raw results


Summary

Package: phyloseq
Version: 1.54.0
Command: /Library/Frameworks/R.framework/Resources/bin/R CMD check --install=check:phyloseq.install-out.txt --library=/Library/Frameworks/R.framework/Resources/library --no-vignettes --timings phyloseq_1.54.0.tar.gz
StartedAt: 2025-11-18 12:02:05 -0500 (Tue, 18 Nov 2025)
EndedAt: 2025-11-18 12:12:10 -0500 (Tue, 18 Nov 2025)
EllapsedTime: 605.5 seconds
RetCode: 1
Status:   ERROR  
CheckDir: phyloseq.Rcheck
Warnings: NA

Command output

##############################################################################
##############################################################################
###
### Running command:
###
###   /Library/Frameworks/R.framework/Resources/bin/R CMD check --install=check:phyloseq.install-out.txt --library=/Library/Frameworks/R.framework/Resources/library --no-vignettes --timings phyloseq_1.54.0.tar.gz
###
##############################################################################
##############################################################################


* using log directory ‘/Users/biocbuild/bbs-3.22-bioc/meat/phyloseq.Rcheck’
* using R version 4.5.2 Patched (2025-11-05 r88990)
* using platform: x86_64-apple-darwin20
* R was compiled by
    Apple clang version 14.0.0 (clang-1400.0.29.202)
    GNU Fortran (GCC) 14.2.0
* running under: macOS Monterey 12.7.6
* using session charset: UTF-8
* using option ‘--no-vignettes’
* checking for file ‘phyloseq/DESCRIPTION’ ... OK
* this is package ‘phyloseq’ version ‘1.54.0’
* checking package namespace information ... OK
* checking package dependencies ... OK
* checking if this is a source package ... OK
* checking if there is a namespace ... OK
* checking for hidden files and directories ... NOTE
Found the following hidden files and directories:
  .travis.yml
These were most likely included in error. See section ‘Package
structure’ in the ‘Writing R Extensions’ manual.
* checking for portable file names ... OK
* checking for sufficient/correct file permissions ... OK
* checking whether package ‘phyloseq’ can be installed ... OK
* checking installed package size ... OK
* checking package directory ... OK
* checking ‘build’ directory ... OK
* checking DESCRIPTION meta-information ... OK
* checking top-level files ... OK
* checking for left-over files ... OK
* checking index information ... OK
* checking package subdirectories ... OK
* checking code files for non-ASCII characters ... OK
* checking R files for syntax errors ... OK
* checking whether the package can be loaded ... OK
* checking whether the package can be loaded with stated dependencies ... OK
* checking whether the package can be unloaded cleanly ... OK
* checking whether the namespace can be loaded with stated dependencies ... OK
* checking whether the namespace can be unloaded cleanly ... OK
* checking dependencies in R code ... OK
* checking S3 generic/method consistency ... OK
* checking replacement functions ... OK
* checking foreign function calls ... OK
* checking R code for possible problems ... NOTE
DPCoA: no visible global function definition for ‘as.dist’
chunkReOrder: no visible global function definition for ‘tail’
chunkReOrder: no visible global function definition for ‘head’
export_env_file: no visible global function definition for
  ‘write.table’
export_mothur_dist: no visible global function definition for ‘as.dist’
export_mothur_dist: no visible global function definition for
  ‘write.table’
fastUniFrac: no visible global function definition for ‘combn’
fastUniFrac: no visible global function definition for ‘as.dist’
import_RDP_otu: no visible global function definition for ‘read.table’
import_env_file: no visible global function definition for ‘read.table’
import_mothur_constaxonomy: no visible global function definition for
  ‘read.table’
import_mothur_dist: no visible global function definition for ‘as.dist’
import_mothur_groups: no visible global function definition for
  ‘read.table’
import_mothur_shared: no visible global function definition for
  ‘read.table’
import_qiime_otu_tax: no visible global function definition for ‘:=’
import_qiime_otu_tax: no visible binding for global variable ‘Consensus
  Lineage’
import_qiime_otu_tax: no visible binding for global variable ‘#OTU ID’
import_qiime_sample_data: no visible global function definition for
  ‘read.table’
import_uparse: no visible global function definition for ‘:=’
import_uparse: no visible binding for global variable ‘count’
import_uparse: no visible binding for global variable ‘queryString’
import_uparse: no visible binding for global variable ‘queryID’
import_uparse: no visible binding for global variable ‘Classification’
import_uparse: no visible global function definition for
  ‘dcast.data.table’
import_uparse: no visible binding for global variable ‘OTULabel’
import_usearch_uc: no visible global function definition for ‘:=’
import_usearch_uc: no visible binding for global variable ‘read’
microbio_me_qiime: no visible global function definition for
  ‘download.file’
microbio_me_qiime: no visible global function definition for ‘unzip’
microbio_me_qiime: no visible global function definition for ‘untar’
nodeplotboot : <anonymous>: no visible global function definition for
  ‘complete.cases’
nodeplotboot : <anonymous>: no visible binding for global variable ‘x’
nodeplotboot : <anonymous>: no visible binding for global variable ‘y’
nodeplotdefault : <anonymous>: no visible binding for global variable
  ‘x’
nodeplotdefault : <anonymous>: no visible binding for global variable
  ‘y’
nodeplotdefault : <anonymous>: no visible binding for global variable
  ‘label’
ordinate: no visible global function definition for ‘as.formula’
plot_clusgap: no visible binding for global variable ‘k’
plot_clusgap: no visible binding for global variable ‘gap’
plot_clusgap: no visible binding for global variable ‘SE.sim’
plot_heatmap: no visible global function definition for
  ‘capture.output’
plot_heatmap: no visible binding for global variable ‘Sample’
plot_heatmap: no visible binding for global variable ‘OTU’
plot_heatmap: no visible binding for global variable ‘Abundance’
plot_net : vertex_layout: no visible binding for global variable ‘x’
plot_net : link_layout: no visible binding for global variable ‘x’
plot_net : link_layout: no visible binding for global variable ‘y’
plot_net: no visible binding for global variable ‘x’
plot_net: no visible binding for global variable ‘y’
plot_net: no visible binding for global variable ‘xend’
plot_net: no visible binding for global variable ‘yend’
plot_network: no visible binding for global variable ‘x’
plot_network: no visible binding for global variable ‘y’
plot_richness: no visible binding for global variable ‘value’
plot_richness: no visible binding for global variable ‘se’
plot_scree: no visible binding for global variable ‘axis’
plot_scree: no visible binding for global variable ‘eigenvalue’
plot_tree: no visible binding for global variable ‘xleft’
plot_tree: no visible binding for global variable ‘xright’
plot_tree: no visible binding for global variable ‘y’
plot_tree: no visible binding for global variable ‘x’
plot_tree: no visible binding for global variable ‘vmin’
plot_tree: no visible binding for global variable ‘vmax’
plot_tree: no visible binding for global variable ‘OTU’
plot_tree: no visible binding for global variable ‘label’
plot_tree: no visible binding for global variable ‘Abundance’
plot_tree: no visible binding for global variable ‘Sample’
plot_tree: no visible global function definition for ‘:=’
plot_tree: no visible binding for global variable ‘h.adj.index’
plot_tree: no visible binding for global variable ‘xdodge’
plot_tree: no visible binding for global variable ‘xfartiplab’
plot_tree: no visible binding for global variable ‘.SD’
rp.joint.fill: no visible global function definition for ‘relevel’
tip_glom: no visible global function definition for ‘as.dist’
tip_glom: no visible global function definition for ‘cutree’
tip_glom: no visible global function definition for ‘as.hclust’
tree_layout: no visible global function definition for ‘:=’
tree_layout: no visible binding for global variable ‘OTU’
tree_layout: no visible binding for global variable ‘V2’
tree_layout: no visible binding for global variable ‘xleft’
tree_layout: no visible binding for global variable ‘V1’
tree_layout: no visible binding for global variable ‘xright’
tree_layout: no visible binding for global variable ‘y’
tree_layout: no visible binding for global variable ‘x’
tree_layout: no visible binding for global variable ‘label’
tree_layout: no visible global function definition for ‘J’
tree_layout: no visible binding for global variable ‘vmin’
tree_layout: no visible binding for global variable ‘vmax’
JSD,matrix: no visible global function definition for ‘combn’
JSD,matrix: no visible binding for global variable ‘i’
JSD,matrix: no visible global function definition for ‘as.dist’
capscale.phyloseq,phyloseq-formula-character: no visible global
  function definition for ‘as.formula’
capscale.phyloseq,phyloseq-formula-dist: no visible global function
  definition for ‘as.formula’
cca.phyloseq,phyloseq-formula: no visible global function definition
  for ‘as.formula’
distance,phyloseq-character: no visible global function definition for
  ‘as.dist’
merge_phyloseq_pair,sample_data-sample_data : <anonymous>: no visible
  binding for global variable ‘X0’
merge_samples,sample_data: no visible global function definition for
  ‘aggregate’
plot_phyloseq,phyloseq: no visible binding for global variable
  ‘esophagus’
Undefined global functions or variables:
  #OTU ID .SD := Abundance Classification Consensus Lineage J OTU
  OTULabel SE.sim Sample V1 V2 X0 aggregate as.dist as.formula
  as.hclust axis capture.output combn complete.cases count cutree
  dcast.data.table download.file eigenvalue esophagus gap h.adj.index
  head i k label queryID queryString read read.table relevel se tail
  untar unzip value vmax vmin write.table x xdodge xend xfartiplab
  xleft xright y yend
Consider adding
  importFrom("graphics", "axis")
  importFrom("stats", "aggregate", "as.dist", "as.formula", "as.hclust",
             "complete.cases", "cutree", "relevel")
  importFrom("utils", "capture.output", "combn", "download.file", "head",
             "read.table", "tail", "untar", "unzip", "write.table")
to your NAMESPACE file.
* checking Rd files ... WARNING
checkRd: (-1) import_biom.Rd:15: Lost braces
    15 | \url{http://www.qiime.org/svn_documentation/documentation/biom_format.html}{the biom-format home page}.
       |                                                                            ^
checkRd: (-1) import_biom.Rd:45: Lost braces
    45 | as in the case of the GreenGenes tree mentioned earlier (code{\link{read_tree_greengenes}}).}
       |                                                              ^
checkRd: (-1) import_biom.Rd:92: Lost braces
    92 | \url{http://greengenes.lbl.gov/cgi-bin/nph-index.cgi}{greengenes},
       |                                                      ^
checkRd: (-1) import_pyrotagger_tab.Rd:55: Lost braces
    55 | \code{R}. Rather than add to the dependency requirements of emph{phyloseq}
       |                                                                 ^
checkRd: (-1) import_qiime.Rd:44: Lost braces
    44 | as in the case of the GreenGenes tree mentioned earlier (code{\link{read_tree_greengenes}}).}
       |                                                              ^
checkRd: (7) import_qiime.Rd:120: Invalid URL: "http://www.qiime.org/"
checkRd: (-1) merge_samples-methods.Rd:71: Lost braces
    71 | \code{\link{merge_taxa}}, code{\link{merge_phyloseq}}
       |                               ^
* checking Rd metadata ... NOTE
Invalid package aliases in Rd file 'phyloseq-deprecated.Rd':
  ‘phyloseq-deprecated-package’
* checking Rd cross-references ... NOTE
Found the following Rd file(s) with Rd \link{} targets missing package
anchors:
  UniFrac-methods.Rd: foreach-package
  distance.Rd: designdist
  import_biom.Rd: foreach
  import_qiime_otu_tax.Rd: foreach-package
  import_uparse.Rd: data.table
  ordinate.Rd: cca, rda
  phyloseq.Rd: ape-package
  plot_bar.Rd: melt, ggplot, qplot
  plot_heatmap.Rd: log_trans, ggplot
  plot_net.Rd: igraph-package, ggplot, ggsave
  plot_network.Rd: ggplot
  plot_ordination.Rd: ggplot
  plot_richness.Rd: ggplot
  plot_scree.Rd: ggplot
  plot_tree.Rd: ape, ggplot, plot.phylo
  subset_ord_plot.Rd: ggplot
  tree_layout.Rd: data.table, ape-package
Please provide package anchors for all Rd \link{} targets not in the
package itself and the base packages.
* checking for missing documentation entries ... OK
* checking for code/documentation mismatches ... OK
* checking Rd \usage sections ... NOTE
S3 methods shown with full name in Rd file 'cca-rda-phyloseq-methods.Rd':
  ‘cca.phyloseq’

The \usage entries for S3 methods should use the \method markup and not
their full name.
See chapter ‘Writing R documentation files’ in the ‘Writing R
Extensions’ manual.
* checking Rd contents ... OK
* checking for unstated dependencies in examples ... OK
* checking contents of ‘data’ directory ... OK
* checking data for non-ASCII characters ... OK
* checking data for ASCII and uncompressed saves ... OK
* checking installed files from ‘inst/doc’ ... OK
* checking files in ‘vignettes’ ... OK
* checking examples ... OK
Examples with CPU (user + system) or elapsed time > 5s
                    user system elapsed
plot_heatmap       7.752  0.186   8.707
phyloseq_to_deseq2 7.765  0.148   8.749
plot_richness      7.105  0.308   8.051
plot_net           6.980  0.135   7.661
threshrank         2.602  4.289   7.696
DPCoA              5.718  0.290   6.546
plot_clusgap       5.198  0.132   5.729
* checking for unstated dependencies in ‘tests’ ... OK
* checking tests ...
  Running ‘testthat-phyloseq.R’
 ERROR
Running the tests in ‘tests/testthat-phyloseq.R’ failed.
Last 13 lines of output:
  ── Error ('test-subset.R:67:2'): The set of names should be the same after pruning, names(samobs) ──
  Error in `is_true()`: could not find function "is_true"
  Backtrace:
      ▆
   1. └─testthat::expect_that(...) at test-subset.R:67:9
  ── Error ('test-subset.R:74:2'): The set/order of taxa names after pruning should be consistent ──
  Error in `is_true()`: could not find function "is_true"
  Backtrace:
      ▆
   1. └─testthat::expect_that(...) at test-subset.R:74:9
  
  [ FAIL 8 | WARN 2 | SKIP 0 | PASS 550 ]
  Error:
  ! Test failures.
  Execution halted
* checking for unstated dependencies in vignettes ... OK
* checking package vignettes ... OK
* checking running R code from vignettes ... SKIPPED
* checking re-building of vignette outputs ... SKIPPED
* checking PDF version of manual ... OK
* DONE

Status: 1 ERROR, 1 WARNING, 5 NOTEs
See
  ‘/Users/biocbuild/bbs-3.22-bioc/meat/phyloseq.Rcheck/00check.log’
for details.


Installation output

phyloseq.Rcheck/00install.out

##############################################################################
##############################################################################
###
### Running command:
###
###   /Library/Frameworks/R.framework/Resources/bin/R CMD INSTALL phyloseq
###
##############################################################################
##############################################################################


* installing to library ‘/Library/Frameworks/R.framework/Versions/4.5-x86_64/Resources/library’
* installing *source* package ‘phyloseq’ ...
** this is package ‘phyloseq’ version ‘1.54.0’
** using staged installation
** R
** data
** inst
** byte-compile and prepare package for lazy loading
** help
*** installing help indices
** building package indices
** installing vignettes
** testing if installed package can be loaded from temporary location
** testing if installed package can be loaded from final location
** testing if installed package keeps a record of temporary installation path
* DONE (phyloseq)

Tests output

phyloseq.Rcheck/tests/testthat-phyloseq.Rout.fail


R version 4.5.2 Patched (2025-11-05 r88990) -- "[Not] Part in a Rumble"
Copyright (C) 2025 The R Foundation for Statistical Computing
Platform: x86_64-apple-darwin20

R is free software and comes with ABSOLUTELY NO WARRANTY.
You are welcome to redistribute it under certain conditions.
Type 'license()' or 'licence()' for distribution details.

R is a collaborative project with many contributors.
Type 'contributors()' for more information and
'citation()' on how to cite R or R packages in publications.

Type 'demo()' for some demos, 'help()' for on-line help, or
'help.start()' for an HTML browser interface to help.
Type 'q()' to quit R.

> library("testthat")
> packageVersion("phyloseq")
[1] '1.54.0'
> # As suggested for opt-out option on testing by users, recommended by CRAN
> # http://adv-r.had.co.nz/Testing.html
> # Previously, best practice was to put all test files in inst/tests and ensure that R CMD check ran them by putting the following code in tests/test-all.R:  
> # library(testthat)
> # library(yourpackage)
> # test_package("yourpackage")
> # Now, recommended practice is to put your tests in tests/testthat, and ensure R CMD check runs them by putting the following code in tests/test-all.R:
> # library(testthat)
> # test_check("yourpackage")
> # The advantage of this new structure is that the user has control over whether or not tests are installed using the –install-tests parameter to R CMD install, or INSTALL_opts = c(“–install-tests”) argument to install.packages(). I’m not sure why you wouldn’t want to install the tests, but now you have the flexibility as requested by CRAN maintainers.
> test_check("phyloseq")
Loading required package: phyloseq
Saving _problems/test-IO-48.R
Saving _problems/test-IO-155.R
Found biom-format file, now parsing it... 
Done parsing biom... 
Importing Sample Metdadata from mapping file...
Merging the imported objects... 
Successfully merged, phyloseq-class created. 
 Returning... 
Found biom-format file, now parsing it... 
Done parsing biom... 
Importing Sample Metdadata from mapping file...
Merging the imported objects... 
Successfully merged, phyloseq-class created. 
 Returning... 
Reading `ucfile` into memory and parsing into table 
Initially read 100 entries. 
... Now removing unassigned OTUs (* or NA)... 
Removed 7 entries that had no OTU assignment. 
A total of 93 will be assigned to the OTU table.
Processing otu/tax file...
Reading file into memory prior to parsing...
Detecting first header line...
Header is on line 2  
Converting input file to a table...
Defining OTU table... 
Parsing taxonomy table...
Processing phylogenetic tree...
 /Library/Frameworks/R.framework/Versions/4.5-x86_64/Resources/library/phyloseq/extdata/GP_tree_rand_short.newick.gz ...
Processing map file...
Processing otu/tax file...
Reading file into memory prior to parsing...
Detecting first header line...
Header is on line 2  
Converting input file to a table...
Defining OTU table... 
Parsing taxonomy table...
Processing phylogenetic tree...
 /Library/Frameworks/R.framework/Versions/4.5-x86_64/Resources/library/phyloseq/extdata/GP_tree_rand_short.newick.gz ...
Processing Reference Sequences...
Saving _problems/test-phyloseq-54.R
Saving _problems/test-phyloseq-78.R
Saving _problems/test-phyloseq-114.R
Saving _problems/test-subset-58.R
Saving _problems/test-subset-67.R
Saving _problems/test-subset-74.R
[ FAIL 8 | WARN 2 | SKIP 0 | PASS 550 ]

══ Failed tests ════════════════════════════════════════════════════════════════
── Error ('test-IO.R:48:2'): import_mothur: imported files become S4 object ────
Error in `is_true()`: could not find function "is_true"
Backtrace:
    ▆
 1. └─testthat::expect_that(isS4(esophman), is_true()) at test-IO.R:48:9
── Error ('test-IO.R:155:2'): Taxonomy vector parsing functions behave as expected ──
Error in `is_true()`: could not find function "is_true"
Backtrace:
    ▆
 1. └─testthat::expect_that(...) at test-IO.R:155:9
── Error ('test-phyloseq.R:54:2'): taxa_names(x)<- and sample_names(x)<- behaves as expected ──
Error in `is_true()`: could not find function "is_true"
Backtrace:
    ▆
 1. └─testthat::expect_that(...) at test-phyloseq.R:54:9
── Error ('test-phyloseq.R:78:2'): Test intersect_*() and prune_*() methods behave as expected ──
Error in `is_false()`: could not find function "is_false"
Backtrace:
    ▆
 1. └─testthat::expect_that(...) at test-phyloseq.R:78:9
── Error ('test-phyloseq.R:114:2'): Test ordering ──────────────────────────────
Error in `is_true()`: could not find function "is_true"
Backtrace:
    ▆
 1. └─testthat::expect_that(...) at test-phyloseq.R:114:9
── Error ('test-subset.R:58:2'): Initial order before pruning check is different ──
Error in `is_false()`: could not find function "is_false"
Backtrace:
    ▆
 1. └─testthat::expect_that(...) at test-subset.R:58:9
── Error ('test-subset.R:67:2'): The set of names should be the same after pruning, names(samobs) ──
Error in `is_true()`: could not find function "is_true"
Backtrace:
    ▆
 1. └─testthat::expect_that(...) at test-subset.R:67:9
── Error ('test-subset.R:74:2'): The set/order of taxa names after pruning should be consistent ──
Error in `is_true()`: could not find function "is_true"
Backtrace:
    ▆
 1. └─testthat::expect_that(...) at test-subset.R:74:9

[ FAIL 8 | WARN 2 | SKIP 0 | PASS 550 ]
Error:
! Test failures.
Execution halted

Example timings

phyloseq.Rcheck/phyloseq-Ex.timings

nameusersystemelapsed
DPCoA5.7180.2906.546
JSD0.0000.0010.001
UniFrac-methods0.1950.0110.240
access0.0010.0000.000
assign-otu_table0.0000.0000.001
assign-phy_tree0.0700.0100.087
assign-sample_data0.1660.0160.245
assign-sample_names0.0130.0100.053
assign-tax_table0.0010.0000.001
assign-taxa_are_rows0.0030.0090.012
assign-taxa_names0.0110.0120.024
build_tax_table0.0190.0020.023
capscale-phyloseq-methods1.1200.0351.519
cca-rda-phyloseq-methods0.0000.0000.001
chunkReOrder0.0010.0010.001
data-GlobalPatterns2.5890.0712.977
data-enterotype2.0550.0772.355
data-esophagus1.1000.0201.237
data-soilrep2.4730.1212.853
distance0.3560.0790.491
distanceMethodList0.0010.0020.001
envHash2otu_table0.0000.0010.001
estimate_richness0.0440.0150.059
export_env_file0.0010.0000.001
export_mothur_dist0.1140.1030.229
extract-methods0.0120.0090.022
filter_taxa2.2200.0922.559
filterfun_sample0.0270.0020.032
gapstat_ord2.5440.0432.846
genefilter_sample-methods0.0000.0010.001
get.component.classes000
get_sample-methods0.0040.0100.015
get_taxa-methods0.0050.0120.019
get_taxa_unique0.3720.0580.513
get_variable0.3230.0190.376
getslots.phyloseq0.2880.0200.331
import0.0000.0000.001
import_RDP_otu1.1260.0381.299
import_biom0.2130.0040.249
import_env_file0.0000.0000.001
import_mothur0.0010.0000.001
import_mothur_dist0.0000.0010.001
import_pyrotagger_tab0.0000.0010.000
import_qiime1.1190.0141.222
import_qiime_otu_tax1.0750.2771.485
import_qiime_sample_data0.0170.0050.023
import_uparse0.0000.0000.001
import_usearch_uc0.0250.0210.049
index_reorder0.0000.0000.001
intersect_taxa000
make_network3.4130.0453.789
merge_phyloseq0.0000.0010.001
merge_phyloseq_pair-methods0.0010.0010.001
merge_samples-methods0.9720.0521.127
merge_taxa-methods0.1010.0100.123
microbio_me_qiime1.1150.0251.216
mt-methods1.8670.0312.198
nodeplotblank0.9170.0241.027
nodeplotboot0.0020.0010.003
nodeplotdefault0.0000.0010.001
nsamples-methods0.0370.0090.049
ntaxa-methods0.0040.0090.015
ordinate0.0010.0000.000
otu_table-methods0.0010.0000.000
parseTaxonomy-functions0.0020.0010.004
phy_tree-methods0.2840.0140.327
phyloseq0.0380.0080.055
phyloseq_to_deseq27.7650.1488.749
phyloseq_to_metagenomeSeq2.5840.1423.257
plot_bar3.9150.2524.703
plot_clusgap5.1980.1325.729
plot_heatmap7.7520.1868.707
plot_net6.9800.1357.661
plot_network2.9530.0333.248
plot_ordination1.0830.0211.197
plot_phyloseq-methods0.6380.0230.720
plot_richness7.1050.3088.051
plot_scree3.7010.1404.142
plot_tree1.5500.0591.729
prune_samples-methods0.6000.0270.672
prune_taxa-methods0.0860.0120.102
psmelt1.2400.0371.393
rank_names0.0270.0100.041
rarefy_even_depth0.1500.0120.176
read_tree0.0280.0030.033
read_tree_greengenes0.0170.0030.023
reconcile_categories0.0000.0010.001
refseq-methods0.2790.0120.322
rm_outlierf0.0310.0030.039
sample_data-methods0.0770.0110.099
sample_names-methods0.0020.0100.013
sample_sums0.0330.0290.069
sample_variables0.0260.0100.043
show-methods000
splat.phyloseq.objects000
subset_ord_plot000
subset_samples-methods000
subset_taxa-methods000
tax_glom0.0000.0010.001
tax_table-methods0.0010.0010.000
taxa_names-methods0.0410.0130.057
taxa_sums0.0380.0430.090
threshrank2.6024.2897.696
threshrankfun0.1010.0180.139
tip_glom1.7490.0442.002
topf0.0220.0020.025
topk0.0230.0020.033
topp0.0220.0020.025
transformcounts0.1800.0140.224
transpose-methods1.3633.0554.941
tree_layout1.5780.0401.822