| Back to Multiple platform build/check report for BioC 3.21: simplified long |
|
This page was generated on 2025-10-16 11:41 -0400 (Thu, 16 Oct 2025).
| Hostname | OS | Arch (*) | R version | Installed pkgs |
|---|---|---|---|---|
| nebbiolo1 | Linux (Ubuntu 24.04.3 LTS) | x86_64 | 4.5.1 (2025-06-13) -- "Great Square Root" | 4833 |
| merida1 | macOS 12.7.6 Monterey | x86_64 | 4.5.1 RC (2025-06-05 r88288) -- "Great Square Root" | 4614 |
| kjohnson1 | macOS 13.7.5 Ventura | arm64 | 4.5.1 Patched (2025-06-14 r88325) -- "Great Square Root" | 4555 |
| kunpeng2 | Linux (openEuler 24.03 LTS) | aarch64 | R Under development (unstable) (2025-02-19 r87757) -- "Unsuffered Consequences" | 4586 |
| Click on any hostname to see more info about the system (e.g. compilers) (*) as reported by 'uname -p', except on Windows and Mac OS X | ||||
| Package 1343/2341 | Hostname | OS / Arch | INSTALL | BUILD | CHECK | BUILD BIN | ||||||||
| motifbreakR 2.22.0 (landing page) Simon Gert Coetzee
| nebbiolo1 | Linux (Ubuntu 24.04.3 LTS) / x86_64 | OK | OK | WARNINGS | |||||||||
| merida1 | macOS 12.7.6 Monterey / x86_64 | OK | OK | WARNINGS | OK | |||||||||
| kjohnson1 | macOS 13.7.5 Ventura / arm64 | OK | OK | WARNINGS | OK | |||||||||
| kunpeng2 | Linux (openEuler 24.03 LTS) / aarch64 | OK | OK | WARNINGS | ||||||||||
|
To the developers/maintainers of the motifbreakR package: - Allow up to 24 hours (and sometimes 48 hours) for your latest push to git@git.bioconductor.org:packages/motifbreakR.git to reflect on this report. See Troubleshooting Build Report for more information. - Use the following Renviron settings to reproduce errors and warnings. - If 'R CMD check' started to fail recently on the Linux builder(s) over a missing dependency, add the missing dependency to 'Suggests:' in your DESCRIPTION file. See Renviron.bioc for more information. - See Martin Grigorov's blog post for how to debug Linux ARM64 related issues on a x86_64 host. |
| Package: motifbreakR |
| Version: 2.22.0 |
| Command: /home/biocbuild/R/R/bin/R CMD check --install=check:motifbreakR.install-out.txt --library=/home/biocbuild/R/R/site-library --no-vignettes --timings motifbreakR_2.22.0.tar.gz |
| StartedAt: 2025-10-14 11:30:09 -0000 (Tue, 14 Oct 2025) |
| EndedAt: 2025-10-14 11:44:31 -0000 (Tue, 14 Oct 2025) |
| EllapsedTime: 861.8 seconds |
| RetCode: 0 |
| Status: WARNINGS |
| CheckDir: motifbreakR.Rcheck |
| Warnings: 1 |
##############################################################################
##############################################################################
###
### Running command:
###
### /home/biocbuild/R/R/bin/R CMD check --install=check:motifbreakR.install-out.txt --library=/home/biocbuild/R/R/site-library --no-vignettes --timings motifbreakR_2.22.0.tar.gz
###
##############################################################################
##############################################################################
* using log directory ‘/home/biocbuild/bbs-3.21-bioc/meat/motifbreakR.Rcheck’
* using R Under development (unstable) (2025-02-19 r87757)
* using platform: aarch64-unknown-linux-gnu
* R was compiled by
aarch64-unknown-linux-gnu-gcc (GCC) 14.2.0
GNU Fortran (GCC) 14.2.0
* running under: openEuler 24.03 (LTS-SP1)
* using session charset: UTF-8
* using option ‘--no-vignettes’
* checking for file ‘motifbreakR/DESCRIPTION’ ... OK
* this is package ‘motifbreakR’ version ‘2.22.0’
* package encoding: UTF-8
* checking package namespace information ... OK
* checking package dependencies ... INFO
Imports includes 24 non-default packages.
Importing from so many packages makes the package vulnerable to any of
them becoming unavailable. Move as many as possible to Suggests and
use conditionally.
* checking if this is a source package ... OK
* checking if there is a namespace ... OK
* checking for hidden files and directories ... OK
* checking for portable file names ... OK
* checking for sufficient/correct file permissions ... OK
* checking whether package ‘motifbreakR’ can be installed ... OK
* checking installed package size ... OK
* checking package directory ... OK
* checking ‘build’ directory ... OK
* checking DESCRIPTION meta-information ... OK
* checking top-level files ... OK
* checking for left-over files ... OK
* checking index information ... OK
* checking package subdirectories ... OK
* checking code files for non-ASCII characters ... OK
* checking R files for syntax errors ... OK
* checking whether the package can be loaded ... OK
* checking whether the package can be loaded with stated dependencies ... OK
* checking whether the package can be unloaded cleanly ... OK
* checking whether the namespace can be loaded with stated dependencies ... OK
* checking whether the namespace can be unloaded cleanly ... OK
* checking loading without being on the library search path ... OK
* checking dependencies in R code ... NOTE
Package in Depends field not imported from: 'MotifDb'
These packages need to be imported from (in the NAMESPACE file)
for when this namespace is loaded but not attached.
* checking S3 generic/method consistency ... OK
* checking replacement functions ... OK
* checking foreign function calls ... OK
* checking R code for possible problems ... NOTE
biomartToGranges: no visible binding for global variable 'chr_name'
biomartToGranges: no visible binding for global variable 'chrom_start'
biomartToGranges: no visible binding for global variable 'chrom_end'
biomartToGranges: no visible binding for global variable 'SNP_id'
biomartToGranges: no visible binding for global variable 'REF'
biomartToGranges: no visible binding for global variable 'ALT'
calculatePvalue: no visible binding for global variable 'Refpvalue'
calculatePvalue: no visible binding for global variable 'Altpvalue'
convertPeakFile: no visible binding for global variable 'chr'
convertPeakFile: no visible binding for global variable 'name'
Undefined global functions or variables:
ALT Altpvalue REF Refpvalue SNP_id chr chr_name chrom_end chrom_start
name
* checking Rd files ... NOTE
checkRd: (-1) calculatePvalue.Rd:7: Lost braces
7 | H{\'e}l{\`e}ne Touzet and Jean-St{\'e}phane Varr{\'e} (2007) Efficient and accurate P-value computation for Position Weight Matrices.
| ^
checkRd: (-1) calculatePvalue.Rd:7: Lost braces
7 | H{\'e}l{\`e}ne Touzet and Jean-St{\'e}phane Varr{\'e} (2007) Efficient and accurate P-value computation for Position Weight Matrices.
| ^
checkRd: (-1) calculatePvalue.Rd:7: Lost braces
7 | H{\'e}l{\`e}ne Touzet and Jean-St{\'e}phane Varr{\'e} (2007) Efficient and accurate P-value computation for Position Weight Matrices.
| ^
checkRd: (-1) calculatePvalue.Rd:7: Lost braces
7 | H{\'e}l{\`e}ne Touzet and Jean-St{\'e}phane Varr{\'e} (2007) Efficient and accurate P-value computation for Position Weight Matrices.
| ^
* checking Rd metadata ... OK
* checking Rd cross-references ... NOTE
Found the following Rd file(s) with Rd \link{} targets missing package
anchors:
calculatePvalue.Rd: TFMsc2pv
findSupportingRemapPeaks.Rd: MotifDb, associateTranscriptionFactors
motifbreakR.Rd: TFMPvalue-package, TFMsc2pv
shiny_motifbreakR.Rd: shinyAppDir
snps.from.file.Rd: useEnsembl
snps.from.rsid.Rd: useEnsembl
Please provide package anchors for all Rd \link{} targets not in the
package itself and the base packages.
* checking for missing documentation entries ... WARNING
Undocumented data sets:
'example.pvalue'
All user-level objects in a package should have documentation entries.
See chapter ‘Writing R documentation files’ in the ‘Writing R
Extensions’ manual.
* checking for code/documentation mismatches ... OK
* checking Rd \usage sections ... OK
* checking Rd contents ... OK
* checking for unstated dependencies in examples ... OK
* checking contents of ‘data’ directory ... OK
* checking data for non-ASCII characters ... OK
* checking data for ASCII and uncompressed saves ... OK
* checking installed files from ‘inst/doc’ ... OK
* checking files in ‘vignettes’ ... OK
* checking examples ... OK
Examples with CPU (user + system) or elapsed time > 5s
user system elapsed
snps.from.rsid 112.782 8.638 203.778
calculatePvalue 59.255 0.682 60.058
motifbreakR 14.263 0.439 14.739
* checking for unstated dependencies in vignettes ... NOTE
'library' or 'require' call not declared from: ‘SNPlocs.Hsapiens.dbSNP142.GRCh37’
* checking package vignettes ... OK
* checking running R code from vignettes ... SKIPPED
* checking re-building of vignette outputs ... SKIPPED
* checking PDF version of manual ... OK
* DONE
Status: 1 WARNING, 5 NOTEs
See
‘/home/biocbuild/bbs-3.21-bioc/meat/motifbreakR.Rcheck/00check.log’
for details.
motifbreakR.Rcheck/00install.out
##############################################################################
##############################################################################
###
### Running command:
###
### /home/biocbuild/R/R/bin/R CMD INSTALL motifbreakR
###
##############################################################################
##############################################################################
* installing to library ‘/home/biocbuild/R/R-devel_2025-02-19/site-library’
* installing *source* package ‘motifbreakR’ ...
** this is package ‘motifbreakR’ version ‘2.22.0’
** using staged installation
** R
** data
** inst
** byte-compile and prepare package for lazy loading
See system.file("LICENSE", package="MotifDb") for use restrictions.
** help
*** installing help indices
** building package indices
** installing vignettes
** testing if installed package can be loaded from temporary location
See system.file("LICENSE", package="MotifDb") for use restrictions.
** testing if installed package can be loaded from final location
See system.file("LICENSE", package="MotifDb") for use restrictions.
** testing if installed package keeps a record of temporary installation path
* DONE (motifbreakR)
motifbreakR.Rcheck/motifbreakR-Ex.timings
| name | user | system | elapsed | |
| calculatePvalue | 59.255 | 0.682 | 60.058 | |
| encodemotif | 0.067 | 0.004 | 0.072 | |
| example.results | 0.107 | 0.004 | 0.112 | |
| exportMBbed | 0.067 | 0.004 | 0.072 | |
| exportMBtable | 0.070 | 0.000 | 0.071 | |
| factorbook | 0.014 | 0.000 | 0.014 | |
| findSupportingRemapPeaks | 0.02 | 0.00 | 0.02 | |
| hocomoco | 0.027 | 0.000 | 0.027 | |
| homer | 0.018 | 0.000 | 0.019 | |
| motifbreakR | 14.263 | 0.439 | 14.739 | |
| motifbreakR_motif | 0.085 | 0.004 | 0.089 | |
| plotMB | 0.066 | 0.004 | 0.070 | |
| shiny_motifbreakR | 0.223 | 0.004 | 0.230 | |
| snps.from.file | 3.941 | 0.155 | 4.122 | |
| snps.from.rsid | 112.782 | 8.638 | 203.778 | |