| Back to Multiple platform build/check report for BioC 3.22: simplified long | 
  | 
This page was generated on 2025-11-03 12:03 -0500 (Mon, 03 Nov 2025).
| Hostname | OS | Arch (*) | R version | Installed pkgs | 
|---|---|---|---|---|
| nebbiolo2 | Linux (Ubuntu 24.04.3 LTS) | x86_64 | 4.5.1 Patched (2025-08-23 r88802) -- "Great Square Root" | 4902 | 
| lconway | macOS 12.7.6 Monterey | x86_64 | 4.5.1 Patched (2025-09-10 r88807) -- "Great Square Root" | 4692 | 
| kjohnson3 | macOS 13.7.7 Ventura | arm64 | 4.5.1 Patched (2025-09-10 r88807) -- "Great Square Root" | 4638 | 
| Click on any hostname to see more info about the system (e.g. compilers) (*) as reported by 'uname -p', except on Windows and Mac OS X | ||||
| Package 1326/2361 | Hostname | OS / Arch | INSTALL | BUILD | CHECK | BUILD BIN | ||||||||
| missMethyl 1.44.0  (landing page) Belinda Phipson 
  | nebbiolo2 | Linux (Ubuntu 24.04.3 LTS) / x86_64 | OK | OK | WARNINGS | |||||||||
| lconway | macOS 12.7.6 Monterey / x86_64 | OK | OK | WARNINGS | OK | |||||||||
| kjohnson3 | macOS 13.7.7 Ventura / arm64 | OK | OK | WARNINGS | OK | |||||||||
| 
To the developers/maintainers of the missMethyl package: - Allow up to 24 hours (and sometimes 48 hours) for your latest push to git@git.bioconductor.org:packages/missMethyl.git to reflect on this report. See Troubleshooting Build Report for more information. - Use the following Renviron settings to reproduce errors and warnings. - If 'R CMD check' started to fail recently on the Linux builder(s) over a missing dependency, add the missing dependency to 'Suggests:' in your DESCRIPTION file. See Renviron.bioc for more information.  | 
| Package: missMethyl | 
| Version: 1.44.0 | 
| Command: /home/biocbuild/bbs-3.22-bioc/R/bin/R CMD check --install=check:missMethyl.install-out.txt --library=/home/biocbuild/bbs-3.22-bioc/R/site-library --timings missMethyl_1.44.0.tar.gz | 
| StartedAt: 2025-11-03 01:52:18 -0500 (Mon, 03 Nov 2025) | 
| EndedAt: 2025-11-03 02:26:35 -0500 (Mon, 03 Nov 2025) | 
| EllapsedTime: 2057.2 seconds | 
| RetCode: 0 | 
| Status: WARNINGS | 
| CheckDir: missMethyl.Rcheck | 
| Warnings: 1 | 
##############################################################################
##############################################################################
###
### Running command:
###
###   /home/biocbuild/bbs-3.22-bioc/R/bin/R CMD check --install=check:missMethyl.install-out.txt --library=/home/biocbuild/bbs-3.22-bioc/R/site-library --timings missMethyl_1.44.0.tar.gz
###
##############################################################################
##############################################################################
* using log directory ‘/home/biocbuild/bbs-3.22-bioc/meat/missMethyl.Rcheck’
* using R version 4.5.1 Patched (2025-08-23 r88802)
* using platform: x86_64-pc-linux-gnu
* R was compiled by
    gcc (Ubuntu 13.3.0-6ubuntu2~24.04) 13.3.0
    GNU Fortran (Ubuntu 13.3.0-6ubuntu2~24.04) 13.3.0
* running under: Ubuntu 24.04.3 LTS
* using session charset: UTF-8
* checking for file ‘missMethyl/DESCRIPTION’ ... OK
* checking extension type ... Package
* this is package ‘missMethyl’ version ‘1.44.0’
* package encoding: UTF-8
* checking package namespace information ... OK
* checking package dependencies ... OK
* checking if this is a source package ... OK
* checking if there is a namespace ... OK
* checking for hidden files and directories ... OK
* checking for portable file names ... OK
* checking for sufficient/correct file permissions ... OK
* checking whether package ‘missMethyl’ can be installed ... OK
* checking installed package size ... OK
* checking package directory ... OK
* checking ‘build’ directory ... OK
* checking DESCRIPTION meta-information ... OK
* checking top-level files ... OK
* checking for left-over files ... OK
* checking index information ... OK
* checking package subdirectories ... OK
* checking code files for non-ASCII characters ... OK
* checking R files for syntax errors ... OK
* checking whether the package can be loaded ... OK
* checking whether the package can be loaded with stated dependencies ... OK
* checking whether the package can be unloaded cleanly ... OK
* checking whether the namespace can be loaded with stated dependencies ... OK
* checking whether the namespace can be unloaded cleanly ... OK
* checking loading without being on the library search path ... OK
* checking dependencies in R code ... WARNING
'::' or ':::' import not declared from: ‘dplyr’
Package in Depends field not imported from: ‘IlluminaHumanMethylationEPICv2anno.20a1.hg38’
  These packages need to be imported from (in the NAMESPACE file)
  for when this namespace is loaded but not attached.
* checking S3 generic/method consistency ... OK
* checking replacement functions ... OK
* checking foreign function calls ... OK
* checking R code for possible problems ... OK
* checking Rd files ... OK
* checking Rd metadata ... OK
* checking Rd cross-references ... NOTE
Non-topic package-anchored link(s) in Rd file 'topRUV.Rd':
  ‘[limma:marraylm]{MArrayLM}’
See section 'Cross-references' in the 'Writing R Extensions' manual.
Found the following Rd file(s) with Rd \link{} targets missing package
anchors:
  RUVadj.Rd: variance_adjust, ruv, ruv_summary, MArrayLM-class, RUV2,
    RUV4, RUVinv, RUVrinv, get_empirical_variances, sigmashrink
  RUVfit.Rd: lmFit, limma, RUV2, RUV4, RUVinv, RUVrinv, ruv,
    design.matrix
  SWAN.Rd: RGChannelSet-class, MethylSet-class, MethyLumiSet-class,
    IlluminaMethylationManifest-class
  densityByProbeType.Rd: densityPlot, densityBeanPlot
  getAdj.Rd: MArrayLM-class
  getINCs.Rd: RGChannelSet-class
  getMappedEntrezIDs.Rd: minfi, getAnnotation
  gometh.Rd: minfi, getAnnotation
  goregion.Rd: minfi, getAnnotation
  gsameth.Rd: minfi, getAnnotation
  gsaregion.Rd: minfi, getAnnotation
  gsaseq.Rd: goana, kegga, camera, roast
  varFit.Rd: MArrayLM-class, lmFit, eBayes, topTable, decideTests, voom
Please provide package anchors for all Rd \link{} targets not in the
package itself and the base packages.
* checking for missing documentation entries ... OK
* checking for code/documentation mismatches ... OK
* checking Rd \usage sections ... OK
* checking Rd contents ... OK
* checking for unstated dependencies in examples ... OK
* checking files in ‘vignettes’ ... OK
* checking examples ... OK
Examples with CPU (user + system) or elapsed time > 5s
                     user system elapsed
RUVadj             28.445  1.421  29.868
RUVfit             24.002  0.388  24.391
topRUV             23.274  0.404  23.678
SWAN               20.063  0.699  20.763
getAdj             18.919  0.120  19.039
topGSA             16.718  0.330  17.050
densityByProbeType 13.303  0.249  13.552
* checking for unstated dependencies in vignettes ... OK
* checking package vignettes ... OK
* checking re-building of vignette outputs ... OK
* checking PDF version of manual ... OK
* DONE
Status: 1 WARNING, 1 NOTE
See
  ‘/home/biocbuild/bbs-3.22-bioc/meat/missMethyl.Rcheck/00check.log’
for details.
missMethyl.Rcheck/00install.out
############################################################################## ############################################################################## ### ### Running command: ### ### /home/biocbuild/bbs-3.22-bioc/R/bin/R CMD INSTALL missMethyl ### ############################################################################## ############################################################################## * installing to library ‘/home/biocbuild/bbs-3.22-bioc/R/site-library’ * installing *source* package ‘missMethyl’ ... ** this is package ‘missMethyl’ version ‘1.44.0’ ** using staged installation ** R ** inst ** byte-compile and prepare package for lazy loading ** help *** installing help indices ** building package indices ** installing vignettes ** testing if installed package can be loaded from temporary location ** testing if installed package can be loaded from final location ** testing if installed package keeps a record of temporary installation path * DONE (missMethyl)
missMethyl.Rcheck/missMethyl-Ex.timings
| name | user | system | elapsed | |
| RUVadj | 28.445 | 1.421 | 29.868 | |
| RUVfit | 24.002 | 0.388 | 24.391 | |
| SWAN | 20.063 | 0.699 | 20.763 | |
| contrasts.varFit | 0.038 | 0.000 | 0.038 | |
| densityByProbeType | 13.303 | 0.249 | 13.552 | |
| getAdj | 18.919 | 0.120 | 19.039 | |
| getINCs | 0.194 | 0.007 | 0.202 | |
| getLeveneResiduals | 0.008 | 0.000 | 0.008 | |
| getMappedEntrezIDs | 0.001 | 0.000 | 0.000 | |
| gometh | 0 | 0 | 0 | |
| goregion | 0.001 | 0.000 | 0.000 | |
| gsameth | 0 | 0 | 0 | |
| gsaregion | 0 | 0 | 0 | |
| gsaseq | 0.000 | 0.000 | 0.001 | |
| topGSA | 16.718 | 0.330 | 17.050 | |
| topRUV | 23.274 | 0.404 | 23.678 | |
| topVar | 0.01 | 0.00 | 0.01 | |
| varFit | 0.008 | 0.001 | 0.009 | |