| Back to Multiple platform build/check report for BioC 3.21: simplified long |
|
This page was generated on 2025-08-18 11:42 -0400 (Mon, 18 Aug 2025).
| Hostname | OS | Arch (*) | R version | Installed pkgs |
|---|---|---|---|---|
| nebbiolo1 | Linux (Ubuntu 24.04.3 LTS) | x86_64 | 4.5.1 (2025-06-13) -- "Great Square Root" | 4824 |
| palomino7 | Windows Server 2022 Datacenter | x64 | 4.5.1 (2025-06-13 ucrt) -- "Great Square Root" | 4566 |
| merida1 | macOS 12.7.5 Monterey | x86_64 | 4.5.1 RC (2025-06-05 r88288) -- "Great Square Root" | 4604 |
| kjohnson1 | macOS 13.6.6 Ventura | arm64 | 4.5.1 Patched (2025-06-14 r88325) -- "Great Square Root" | 4545 |
| kunpeng2 | Linux (openEuler 24.03 LTS) | aarch64 | R Under development (unstable) (2025-02-19 r87757) -- "Unsuffered Consequences" | 4579 |
| Click on any hostname to see more info about the system (e.g. compilers) (*) as reported by 'uname -p', except on Windows and Mac OS X | ||||
| Package 1259/2341 | Hostname | OS / Arch | INSTALL | BUILD | CHECK | BUILD BIN | ||||||||
| methylPipe 1.42.1 (landing page) Mattia Furlan
| nebbiolo1 | Linux (Ubuntu 24.04.3 LTS) / x86_64 | OK | OK | WARNINGS | |||||||||
| palomino7 | Windows Server 2022 Datacenter / x64 | OK | OK | WARNINGS | OK | |||||||||
| merida1 | macOS 12.7.5 Monterey / x86_64 | OK | OK | WARNINGS | OK | |||||||||
| kjohnson1 | macOS 13.6.6 Ventura / arm64 | OK | OK | WARNINGS | OK | |||||||||
| kunpeng2 | Linux (openEuler 24.03 LTS) / aarch64 | OK | OK | WARNINGS | ||||||||||
|
To the developers/maintainers of the methylPipe package: - Allow up to 24 hours (and sometimes 48 hours) for your latest push to git@git.bioconductor.org:packages/methylPipe.git to reflect on this report. See Troubleshooting Build Report for more information. - Use the following Renviron settings to reproduce errors and warnings. - If 'R CMD check' started to fail recently on the Linux builder(s) over a missing dependency, add the missing dependency to 'Suggests:' in your DESCRIPTION file. See Renviron.bioc for more information. |
| Package: methylPipe |
| Version: 1.42.1 |
| Command: E:\biocbuild\bbs-3.21-bioc\R\bin\R.exe CMD check --no-multiarch --install=check:methylPipe.install-out.txt --library=E:\biocbuild\bbs-3.21-bioc\R\library --no-vignettes --timings methylPipe_1.42.1.tar.gz |
| StartedAt: 2025-08-15 04:02:16 -0400 (Fri, 15 Aug 2025) |
| EndedAt: 2025-08-15 04:11:33 -0400 (Fri, 15 Aug 2025) |
| EllapsedTime: 557.2 seconds |
| RetCode: 0 |
| Status: WARNINGS |
| CheckDir: methylPipe.Rcheck |
| Warnings: 2 |
##############################################################################
##############################################################################
###
### Running command:
###
### E:\biocbuild\bbs-3.21-bioc\R\bin\R.exe CMD check --no-multiarch --install=check:methylPipe.install-out.txt --library=E:\biocbuild\bbs-3.21-bioc\R\library --no-vignettes --timings methylPipe_1.42.1.tar.gz
###
##############################################################################
##############################################################################
* using log directory 'E:/biocbuild/bbs-3.21-bioc/meat/methylPipe.Rcheck'
* using R version 4.5.1 (2025-06-13 ucrt)
* using platform: x86_64-w64-mingw32
* R was compiled by
gcc.exe (GCC) 14.2.0
GNU Fortran (GCC) 14.2.0
* running under: Windows Server 2022 x64 (build 20348)
* using session charset: UTF-8
* using option '--no-vignettes'
* checking for file 'methylPipe/DESCRIPTION' ... OK
* checking extension type ... Package
* this is package 'methylPipe' version '1.42.1'
* checking package namespace information ... OK
* checking package dependencies ... OK
* checking if this is a source package ... OK
* checking if there is a namespace ... OK
* checking for hidden files and directories ... OK
* checking for portable file names ... OK
* checking whether package 'methylPipe' can be installed ... OK
* used C compiler: 'gcc.exe (GCC) 14.2.0'
* checking installed package size ... OK
* checking package directory ... OK
* checking 'build' directory ... OK
* checking DESCRIPTION meta-information ... OK
* checking top-level files ... OK
* checking for left-over files ... OK
* checking index information ... OK
* checking package subdirectories ... OK
* checking code files for non-ASCII characters ... OK
* checking R files for syntax errors ... OK
* checking whether the package can be loaded ... OK
* checking whether the package can be loaded with stated dependencies ... OK
* checking whether the package can be unloaded cleanly ... OK
* checking whether the namespace can be loaded with stated dependencies ... OK
* checking whether the namespace can be unloaded cleanly ... OK
* checking whether startup messages can be suppressed ... OK
* checking dependencies in R code ... OK
* checking S3 generic/method consistency ... OK
* checking replacement functions ... OK
* checking foreign function calls ... OK
* checking R code for possible problems ... NOTE
findPMDs,BSdata : PMDchr: no visible global function definition for
'segmentPMDs'
show,BSdata: no visible global function definition for 'organism'
show,BSdataSet: no visible global function definition for 'organism'
Undefined global functions or variables:
organism segmentPMDs
* checking Rd files ... OK
* checking Rd metadata ... OK
* checking Rd cross-references ... NOTE
Found the following Rd file(s) with Rd \link{} targets missing package
anchors:
BSdata-class.Rd: GRanges
GEcollection-class.Rd: RangedSummarizedExperiment, GRanges
consolidateDMRs.Rd: GRanges
extractBinGRanges.Rd: GRanges
findDMR.Rd: GRanges
getCpos.Rd: GRanges, DNAString
getCposDensity.Rd: GRanges
mapBSdata2GRanges.Rd: GRanges
meth.call.Rd: GRanges
plotMeth.Rd: GRanges, GRangesList
process.hmc.Rd: GRanges, coverage, GenomicRanges
profileDNAmetBin.Rd: GRanges
Please provide package anchors for all Rd \link{} targets not in the
package itself and the base packages.
* checking for missing documentation entries ... WARNING
Undocumented S4 methods:
generic '[' and siglist 'BSdataSet,ANY,ANY,ANY'
generic '[' and siglist 'GElist,ANY,ANY,ANY'
generic '[[<-' and siglist 'BSdataSet,ANY,ANY,ANY'
generic '[[<-' and siglist 'GElist,ANY,ANY,ANY'
All user-level objects in a package (including S4 classes and methods)
should have documentation entries.
See chapter 'Writing R documentation files' in the 'Writing R
Extensions' manual.
* checking for code/documentation mismatches ... OK
* checking Rd \usage sections ... OK
* checking Rd contents ... OK
* checking for unstated dependencies in examples ... OK
* checking line endings in C/C++/Fortran sources/headers ... OK
* checking compiled code ... NOTE
Note: information on .o files for x64 is not available
File 'E:/biocbuild/bbs-3.21-bioc/R/library/methylPipe/libs/x64/methylPipe.dll':
Found '_exit', possibly from '_exit' (C)
Found 'abort', possibly from 'abort' (C), 'runtime' (Fortran)
Compiled code should not call entry points which might terminate R nor
write to stdout/stderr instead of to the console, nor use Fortran I/O
nor system RNGs nor [v]sprintf. The detected symbols are linked into
the code but might come from libraries and not actually be called.
See 'Writing portable packages' in the 'Writing R Extensions' manual.
* checking sizes of PDF files under 'inst/doc' ... OK
* checking files in 'vignettes' ... OK
* checking examples ... WARNING
Found the following significant warnings:
Warning: working directory was changed to 'E:/biocbuild/bbs-3.21-bioc/tmpdir/RtmpAvP9CD', resetting
Examples with CPU (user + system) or elapsed time > 5s
user system elapsed
plotMeth 25.86 0.87 33.93
findDMR 0.74 2.39 34.62
methstats 0.94 0.35 25.14
findPMDs 0.09 0.22 36.91
* checking for unstated dependencies in vignettes ... OK
* checking package vignettes ... OK
* checking running R code from vignettes ... SKIPPED
* checking re-building of vignette outputs ... SKIPPED
* checking PDF version of manual ... OK
* DONE
Status: 2 WARNINGs, 3 NOTEs
See
'E:/biocbuild/bbs-3.21-bioc/meat/methylPipe.Rcheck/00check.log'
for details.
methylPipe.Rcheck/00install.out
############################################################################## ############################################################################## ### ### Running command: ### ### E:\biocbuild\bbs-3.21-bioc\R\bin\R.exe CMD INSTALL methylPipe ### ############################################################################## ############################################################################## * installing to library 'E:/biocbuild/bbs-3.21-bioc/R/library' * installing *source* package 'methylPipe' ... ** this is package 'methylPipe' version '1.42.1' ** using staged installation ** libs using C compiler: 'gcc.exe (GCC) 14.2.0' gcc -I"E:/biocbuild/bbs-3.21-bioc/R/include" -DNDEBUG -I"C:/rtools45/x86_64-w64-mingw32.static.posix/include" -O2 -Wall -std=gnu2x -mfpmath=sse -msse2 -mstackrealign -c R_init_methylPipe.c -o R_init_methylPipe.o gcc -I"E:/biocbuild/bbs-3.21-bioc/R/include" -DNDEBUG -I"C:/rtools45/x86_64-w64-mingw32.static.posix/include" -O2 -Wall -std=gnu2x -mfpmath=sse -msse2 -mstackrealign -c binning.c -o binning.o gcc -shared -s -static-libgcc -o methylPipe.dll tmp.def R_init_methylPipe.o binning.o -LC:/rtools45/x86_64-w64-mingw32.static.posix/lib/x64 -LC:/rtools45/x86_64-w64-mingw32.static.posix/lib -LE:/biocbuild/bbs-3.21-bioc/R/bin/x64 -lR installing to E:/biocbuild/bbs-3.21-bioc/R/library/00LOCK-methylPipe/00new/methylPipe/libs/x64 ** R ** exec ** inst ** byte-compile and prepare package for lazy loading ** help *** installing help indices ** building package indices ** installing vignettes ** testing if installed package can be loaded from temporary location ** testing if installed package can be loaded from final location ** testing if installed package keeps a record of temporary installation path * DONE (methylPipe)
methylPipe.Rcheck/methylPipe-Ex.timings
| name | user | system | elapsed | |
| BSdata-class | 0.30 | 0.00 | 0.29 | |
| BSdataSet-class | 0.22 | 0.01 | 0.23 | |
| BSprepare | 0 | 0 | 0 | |
| GEcollection-class | 3.09 | 0.14 | 3.25 | |
| GElist-class | 0.03 | 0.00 | 0.04 | |
| chiCombP | 0 | 0 | 0 | |
| consolidateDMRs | 0.17 | 0.00 | 0.17 | |
| extractBinGRanges | 0.03 | 0.00 | 0.03 | |
| findDMR | 0.74 | 2.39 | 34.62 | |
| findPMDs | 0.09 | 0.22 | 36.91 | |
| getCpos | 0.14 | 0.02 | 0.25 | |
| getCposDensity | 0.13 | 0.03 | 0.16 | |
| mCsmoothing | 0.28 | 0.06 | 0.34 | |
| mapBSdata2GRanges | 1.13 | 0.02 | 1.14 | |
| methstats | 0.94 | 0.35 | 25.14 | |
| plotMeth | 25.86 | 0.87 | 33.93 | |
| pool.reads | 0 | 0 | 0 | |
| process.hmc | 0 | 0 | 0 | |
| profileDNAmetBin | 1.61 | 0.06 | 1.69 | |