| Back to Multiple platform build/check report for BioC 3.21: simplified long | 
 | 
This page was generated on 2025-10-16 11:41 -0400 (Thu, 16 Oct 2025).
| Hostname | OS | Arch (*) | R version | Installed pkgs | 
|---|---|---|---|---|
| nebbiolo1 | Linux (Ubuntu 24.04.3 LTS) | x86_64 | 4.5.1 (2025-06-13) -- "Great Square Root" | 4833 | 
| merida1 | macOS 12.7.6 Monterey | x86_64 | 4.5.1 RC (2025-06-05 r88288) -- "Great Square Root" | 4614 | 
| kjohnson1 | macOS 13.7.5 Ventura | arm64 | 4.5.1 Patched (2025-06-14 r88325) -- "Great Square Root" | 4555 | 
| kunpeng2 | Linux (openEuler 24.03 LTS) | aarch64 | R Under development (unstable) (2025-02-19 r87757) -- "Unsuffered Consequences" | 4586 | 
| Click on any hostname to see more info about the system (e.g. compilers) (*) as reported by 'uname -p', except on Windows and Mac OS X | ||||
| Package 1089/2341 | Hostname | OS / Arch | INSTALL | BUILD | CHECK | BUILD BIN | ||||||||
| isomiRs 1.36.1  (landing page) Lorena Pantano 
 | nebbiolo1 | Linux (Ubuntu 24.04.3 LTS) / x86_64 | OK | OK | ERROR | |||||||||
| merida1 | macOS 12.7.6 Monterey / x86_64 | OK | OK | ERROR | OK | |||||||||
| kjohnson1 | macOS 13.7.5 Ventura / arm64 | OK | OK | ERROR | OK | |||||||||
| kunpeng2 | Linux (openEuler 24.03 LTS) / aarch64 | OK | OK | ERROR | ||||||||||
| To the developers/maintainers of the isomiRs package: - Allow up to 24 hours (and sometimes 48 hours) for your latest push to git@git.bioconductor.org:packages/isomiRs.git to reflect on this report. See Troubleshooting Build Report for more information. - Use the following Renviron settings to reproduce errors and warnings. - If 'R CMD check' started to fail recently on the Linux builder(s) over a missing dependency, add the missing dependency to 'Suggests:' in your DESCRIPTION file. See Renviron.bioc for more information. - See Martin Grigorov's blog post for how to debug Linux ARM64 related issues on a x86_64 host. | 
| Package: isomiRs | 
| Version: 1.36.1 | 
| Command: /home/biocbuild/R/R/bin/R CMD check --install=check:isomiRs.install-out.txt --library=/home/biocbuild/R/R/site-library --no-vignettes --timings isomiRs_1.36.1.tar.gz | 
| StartedAt: 2025-10-14 10:30:55 -0000 (Tue, 14 Oct 2025) | 
| EndedAt: 2025-10-14 10:37:44 -0000 (Tue, 14 Oct 2025) | 
| EllapsedTime: 409.3 seconds | 
| RetCode: 1 | 
| Status: ERROR | 
| CheckDir: isomiRs.Rcheck | 
| Warnings: NA | 
##############################################################################
##############################################################################
###
### Running command:
###
###   /home/biocbuild/R/R/bin/R CMD check --install=check:isomiRs.install-out.txt --library=/home/biocbuild/R/R/site-library --no-vignettes --timings isomiRs_1.36.1.tar.gz
###
##############################################################################
##############################################################################
* using log directory ‘/home/biocbuild/bbs-3.21-bioc/meat/isomiRs.Rcheck’
* using R Under development (unstable) (2025-02-19 r87757)
* using platform: aarch64-unknown-linux-gnu
* R was compiled by
    aarch64-unknown-linux-gnu-gcc (GCC) 14.2.0
    GNU Fortran (GCC) 14.2.0
* running under: openEuler 24.03 (LTS-SP1)
* using session charset: UTF-8
* using option ‘--no-vignettes’
* checking for file ‘isomiRs/DESCRIPTION’ ... OK
* checking extension type ... Package
* this is package ‘isomiRs’ version ‘1.36.1’
* package encoding: UTF-8
* checking package namespace information ... OK
* checking package dependencies ... INFO
Imports includes 25 non-default packages.
Importing from so many packages makes the package vulnerable to any of
them becoming unavailable.  Move as many as possible to Suggests and
use conditionally.
* checking if this is a source package ... OK
* checking if there is a namespace ... OK
* checking for hidden files and directories ... NOTE
Found the following hidden files and directories:
  .travis.yml
These were most likely included in error. See section ‘Package
structure’ in the ‘Writing R Extensions’ manual.
* checking for portable file names ... OK
* checking for sufficient/correct file permissions ... OK
* checking whether package ‘isomiRs’ can be installed ... OK
* checking installed package size ... OK
* checking package directory ... OK
* checking ‘build’ directory ... OK
* checking DESCRIPTION meta-information ... NOTE
License stub is invalid DCF.
* checking top-level files ... OK
* checking for left-over files ... OK
* checking index information ... OK
* checking package subdirectories ... OK
* checking code files for non-ASCII characters ... OK
* checking R files for syntax errors ... OK
* checking whether the package can be loaded ... OK
* checking whether the package can be loaded with stated dependencies ... OK
* checking whether the package can be unloaded cleanly ... OK
* checking whether the namespace can be loaded with stated dependencies ... OK
* checking whether the namespace can be unloaded cleanly ... OK
* checking loading without being on the library search path ... OK
* checking dependencies in R code ... OK
* checking S3 generic/method consistency ... OK
* checking replacement functions ... OK
* checking foreign function calls ... OK
* checking R code for possible problems ... NOTE
.clean_noise: no visible binding for global variable ‘total’
.clean_noise: no visible binding for global variable ‘hits’
.remove_gt_n_changes: no visible binding for global variable ‘changes’
isoAnnotate: no visible binding for global variable ‘pct’
isoCounts: no visible global function definition for ‘as.tibble’
isoPlot: no visible global function definition for ‘across’
isoPlot: no visible global function definition for ‘everything’
isoPlot: no visible binding for global variable ‘iso_sample’
isoPlotPosition: no visible global function definition for ‘across’
isoPlotPosition: no visible global function definition for ‘everything’
isoPlotPosition: no visible binding for global variable ‘iso_sample’
isoSelect.IsomirDataSeq: no visible global function definition for
  ‘across’
isoSelect.IsomirDataSeq: no visible global function definition for
  ‘everything’
mirna2targetscan: no visible binding for global variable
  ‘targetscan.Hs.egMIRNA’
mirna2targetscan: no visible binding for global variable
  ‘targetscan.Hs.egMIRBASE2FAMILY’
mirna2targetscan: no visible binding for global variable
  ‘targetscan.Hs.egTARGETS’
mirna2targetscan: no visible binding for global variable
  ‘targetscan.Hs.egTARGETSFULL’
mirna2targetscan: no visible binding for global variable
  ‘targetscan.Mm.egMIRNA’
mirna2targetscan: no visible binding for global variable
  ‘targetscan.Mm.egMIRBASE2FAMILY’
mirna2targetscan: no visible binding for global variable
  ‘targetscan.Mm.egTARGETS’
mirna2targetscan: no visible binding for global variable
  ‘targetscan.Mm.egTARGETSFULL’
isoSelect,IsomirDataSeq: no visible global function definition for
  ‘across’
isoSelect,IsomirDataSeq: no visible global function definition for
  ‘everything’
Undefined global functions or variables:
  across as.tibble changes everything hits iso_sample pct
  targetscan.Hs.egMIRBASE2FAMILY targetscan.Hs.egMIRNA
  targetscan.Hs.egTARGETS targetscan.Hs.egTARGETSFULL
  targetscan.Mm.egMIRBASE2FAMILY targetscan.Mm.egMIRNA
  targetscan.Mm.egTARGETS targetscan.Mm.egTARGETSFULL total
* checking Rd files ... OK
* checking Rd metadata ... OK
* checking Rd cross-references ... OK
* checking for missing documentation entries ... OK
* checking for code/documentation mismatches ... OK
* checking Rd \usage sections ... OK
* checking Rd contents ... OK
* checking for unstated dependencies in examples ... OK
* checking contents of ‘data’ directory ... OK
* checking data for non-ASCII characters ... OK
* checking LazyData ... OK
* checking data for ASCII and uncompressed saves ... OK
* checking files in ‘vignettes’ ... OK
* checking examples ... ERROR
Running examples in ‘isomiRs-Ex.R’ failed
The error most likely occurred in:
> base::assign(".ptime", proc.time(), pos = "CheckExEnv")
> ### Name: isoPlot
> ### Title: Plot the amount of isomiRs in different samples
> ### Aliases: isoPlot
> 
> ### ** Examples
> 
> data(mirData)
> isoPlot(mirData)
Using 17048 isomiRs.
Error: <ggplot2::labels> object is invalid:
- every label must be named.
Execution halted
Examples with CPU (user + system) or elapsed time > 5s
              user system elapsed
isoNetwork  36.868  0.132  37.089
isoAnnotate  7.974  0.040   8.032
isoDE        6.458  0.012   6.485
* checking for unstated dependencies in ‘tests’ ... OK
* checking tests ...
  Running ‘testthat.R’
 ERROR
Running the tests in ‘tests/testthat.R’ failed.
Last 13 lines of output:
  - every label must be named.
  Backtrace:
      ▆
   1. ├─testthat::expect_s3_class(...) at test_basic.R:6:5
   2. │ └─testthat::quasi_label(enquo(object), arg = "object")
   3. │   └─rlang::eval_bare(expr, quo_get_env(quo))
   4. └─isomiRs::isoPlot(mirData, type = "iso5", column = "condition")
   5.   └─ggplot2::labs(...)
   6.     └─ggplot2::class_labels(args)
   7.       └─S7::new_object(labels)
   8.         └─S7::validate(object, recursive = !parent_validated)
  
  [ FAIL 1 | WARN 6 | SKIP 0 | PASS 21 ]
  Error: Test failures
  Execution halted
* checking for unstated dependencies in vignettes ... OK
* checking package vignettes ... OK
* checking running R code from vignettes ... SKIPPED
* checking re-building of vignette outputs ... SKIPPED
* checking PDF version of manual ... OK
* DONE
Status: 2 ERRORs, 3 NOTEs
See
  ‘/home/biocbuild/bbs-3.21-bioc/meat/isomiRs.Rcheck/00check.log’
for details.
isomiRs.Rcheck/00install.out
############################################################################## ############################################################################## ### ### Running command: ### ### /home/biocbuild/R/R/bin/R CMD INSTALL isomiRs ### ############################################################################## ############################################################################## * installing to library ‘/home/biocbuild/R/R-devel_2025-02-19/site-library’ * installing *source* package ‘isomiRs’ ... ** this is package ‘isomiRs’ version ‘1.36.1’ ** using staged installation ** R ** data *** moving datasets to lazyload DB Registered S3 method overwritten by 'GGally': method from +.gg ggplot2 ** inst ** byte-compile and prepare package for lazy loading ** help *** installing help indices ** building package indices ** installing vignettes ** testing if installed package can be loaded from temporary location ** testing if installed package can be loaded from final location ** testing if installed package keeps a record of temporary installation path * DONE (isomiRs)
isomiRs.Rcheck/tests/testthat.Rout.fail
R Under development (unstable) (2025-02-19 r87757) -- "Unsuffered Consequences"
Copyright (C) 2025 The R Foundation for Statistical Computing
Platform: aarch64-unknown-linux-gnu
R is free software and comes with ABSOLUTELY NO WARRANTY.
You are welcome to redistribute it under certain conditions.
Type 'license()' or 'licence()' for distribution details.
R is a collaborative project with many contributors.
Type 'contributors()' for more information and
'citation()' on how to cite R or R packages in publications.
Type 'demo()' for some demos, 'help()' for on-line help, or
'help.start()' for an HTML browser interface to help.
Type 'q()' to quit R.
> library(testthat)
> library(isomiRs)
Loading required package: SummarizedExperiment
Loading required package: MatrixGenerics
Loading required package: matrixStats
Attaching package: 'MatrixGenerics'
The following objects are masked from 'package:matrixStats':
    colAlls, colAnyNAs, colAnys, colAvgsPerRowSet, colCollapse,
    colCounts, colCummaxs, colCummins, colCumprods, colCumsums,
    colDiffs, colIQRDiffs, colIQRs, colLogSumExps, colMadDiffs,
    colMads, colMaxs, colMeans2, colMedians, colMins, colOrderStats,
    colProds, colQuantiles, colRanges, colRanks, colSdDiffs, colSds,
    colSums2, colTabulates, colVarDiffs, colVars, colWeightedMads,
    colWeightedMeans, colWeightedMedians, colWeightedSds,
    colWeightedVars, rowAlls, rowAnyNAs, rowAnys, rowAvgsPerColSet,
    rowCollapse, rowCounts, rowCummaxs, rowCummins, rowCumprods,
    rowCumsums, rowDiffs, rowIQRDiffs, rowIQRs, rowLogSumExps,
    rowMadDiffs, rowMads, rowMaxs, rowMeans2, rowMedians, rowMins,
    rowOrderStats, rowProds, rowQuantiles, rowRanges, rowRanks,
    rowSdDiffs, rowSds, rowSums2, rowTabulates, rowVarDiffs, rowVars,
    rowWeightedMads, rowWeightedMeans, rowWeightedMedians,
    rowWeightedSds, rowWeightedVars
Loading required package: GenomicRanges
Loading required package: stats4
Loading required package: BiocGenerics
Loading required package: generics
Attaching package: 'generics'
The following objects are masked from 'package:base':
    as.difftime, as.factor, as.ordered, intersect, is.element, setdiff,
    setequal, union
Attaching package: 'BiocGenerics'
The following objects are masked from 'package:stats':
    IQR, mad, sd, var, xtabs
The following objects are masked from 'package:base':
    Filter, Find, Map, Position, Reduce, anyDuplicated, aperm, append,
    as.data.frame, basename, cbind, colnames, dirname, do.call,
    duplicated, eval, evalq, get, grep, grepl, is.unsorted, lapply,
    mapply, match, mget, order, paste, pmax, pmax.int, pmin, pmin.int,
    rank, rbind, rownames, sapply, saveRDS, table, tapply, unique,
    unsplit, which.max, which.min
Loading required package: S4Vectors
Attaching package: 'S4Vectors'
The following object is masked from 'package:utils':
    findMatches
The following objects are masked from 'package:base':
    I, expand.grid, unname
Loading required package: IRanges
Loading required package: GenomeInfoDb
Loading required package: Biobase
Welcome to Bioconductor
    Vignettes contain introductory material; view with
    'browseVignettes()'. To cite Bioconductor, see
    'citation("Biobase")', and for packages 'citation("pkgname")'.
Attaching package: 'Biobase'
The following object is masked from 'package:MatrixGenerics':
    rowMedians
The following objects are masked from 'package:matrixStats':
    anyMissing, rowMedians
> 
> test_check("isomiRs")
Dimmension of cor matrix: 20 20 
Dimmension of cor matrix: 3 2 
Dimmension of cor matrix: 3 2 
Dimmension of cor matrix: 0 0 
[ FAIL 1 | WARN 6 | SKIP 0 | PASS 21 ]
══ Failed tests ════════════════════════════════════════════════════════════════
── Error ('test_basic.R:6:5'): plots ───────────────────────────────────────────
Error: <ggplot2::labels> object is invalid:
- every label must be named.
Backtrace:
    ▆
 1. ├─testthat::expect_s3_class(...) at test_basic.R:6:5
 2. │ └─testthat::quasi_label(enquo(object), arg = "object")
 3. │   └─rlang::eval_bare(expr, quo_get_env(quo))
 4. └─isomiRs::isoPlot(mirData, type = "iso5", column = "condition")
 5.   └─ggplot2::labs(...)
 6.     └─ggplot2::class_labels(args)
 7.       └─S7::new_object(labels)
 8.         └─S7::validate(object, recursive = !parent_validated)
[ FAIL 1 | WARN 6 | SKIP 0 | PASS 21 ]
Error: Test failures
Execution halted
isomiRs.Rcheck/isomiRs-Ex.timings
| name | user | system | elapsed | |
| IsomirDataSeq | 2.001 | 0.056 | 2.061 | |
| IsomirDataSeqFromFiles | 2.244 | 0.004 | 2.253 | |
| IsomirDataSeqFromMirtop | 1.239 | 0.000 | 1.241 | |
| IsomirDataSeqFromRawData | 2.172 | 0.008 | 2.184 | |
| counts | 0.118 | 0.000 | 0.118 | |
| design | 0.203 | 0.000 | 0.203 | |
| findTargets | 0.192 | 0.004 | 0.197 | |
| isoAnnotate | 7.974 | 0.040 | 8.032 | |
| isoCounts | 0.817 | 0.012 | 0.831 | |
| isoDE | 6.458 | 0.012 | 6.485 | |
| isoNetwork | 36.868 | 0.132 | 37.089 | |
| isoNorm | 2.180 | 0.008 | 2.194 | |