| Back to Build/check report for BioC 3.22: simplified long |
|
This page was generated on 2025-11-13 11:55 -0500 (Thu, 13 Nov 2025).
| Hostname | OS | Arch (*) | R version | Installed pkgs |
|---|---|---|---|---|
| taishan | Linux (openEuler 24.03 LTS) | aarch64 | 4.5.0 (2025-04-11) -- "How About a Twenty-Six" | 4668 |
| Click on any hostname to see more info about the system (e.g. compilers) (*) as reported by 'uname -p', except on Windows and Mac OS X | ||||
| Package 819/2361 | Hostname | OS / Arch | INSTALL | BUILD | CHECK | BUILD BIN | ||||||||
| genefu 2.42.0 (landing page) Benjamin Haibe-Kains
| taishan | Linux (openEuler 24.03 LTS) / aarch64 | OK | OK | WARNINGS | |||||||||
|
To the developers/maintainers of the genefu package: - Allow up to 24 hours (and sometimes 48 hours) for your latest push to git@git.bioconductor.org:packages/genefu.git to reflect on this report. See Troubleshooting Build Report for more information. - Use the following Renviron settings to reproduce errors and warnings. - If 'R CMD check' started to fail recently on the Linux builder(s) over a missing dependency, add the missing dependency to 'Suggests:' in your DESCRIPTION file. See Renviron.bioc for more information. - See Martin Grigorov's blog post for how to debug Linux ARM64 related issues on a x86_64 host. |
| Package: genefu |
| Version: 2.42.0 |
| Command: /home/biocbuild/R/R/bin/R CMD check --install=check:genefu.install-out.txt --library=/home/biocbuild/R/R/site-library --no-vignettes --timings genefu_2.42.0.tar.gz |
| StartedAt: 2025-11-11 09:59:09 -0000 (Tue, 11 Nov 2025) |
| EndedAt: 2025-11-11 10:01:46 -0000 (Tue, 11 Nov 2025) |
| EllapsedTime: 156.1 seconds |
| RetCode: 0 |
| Status: WARNINGS |
| CheckDir: genefu.Rcheck |
| Warnings: 1 |
##############################################################################
##############################################################################
###
### Running command:
###
### /home/biocbuild/R/R/bin/R CMD check --install=check:genefu.install-out.txt --library=/home/biocbuild/R/R/site-library --no-vignettes --timings genefu_2.42.0.tar.gz
###
##############################################################################
##############################################################################
* using log directory ‘/home/biocbuild/bbs-3.22-bioc/meat/genefu.Rcheck’
* using R version 4.5.0 (2025-04-11)
* using platform: aarch64-unknown-linux-gnu
* R was compiled by
aarch64-unknown-linux-gnu-gcc (GCC) 14.2.0
GNU Fortran (GCC) 14.2.0
* running under: openEuler 24.03 (LTS)
* using session charset: UTF-8
* using option ‘--no-vignettes’
* checking for file ‘genefu/DESCRIPTION’ ... OK
* checking extension type ... Package
* this is package ‘genefu’ version ‘2.42.0’
* package encoding: UTF-8
* checking package namespace information ... OK
* checking package dependencies ... OK
* checking if this is a source package ... OK
* checking if there is a namespace ... OK
* checking for hidden files and directories ... OK
* checking for portable file names ... OK
* checking for sufficient/correct file permissions ... OK
* checking whether package ‘genefu’ can be installed ... WARNING
Found the following significant warnings:
Warning: replacing previous import ‘limma::logsumexp’ by ‘mclust::logsumexp’ when loading ‘genefu’
See ‘/home/biocbuild/bbs-3.22-bioc/meat/genefu.Rcheck/00install.out’ for details.
* checking installed package size ... INFO
installed size is 5.2Mb
sub-directories of 1Mb or more:
data 4.0Mb
* checking package directory ... OK
* checking ‘build’ directory ... OK
* checking DESCRIPTION meta-information ... OK
* checking top-level files ... OK
* checking for left-over files ... OK
* checking index information ... OK
* checking package subdirectories ... OK
* checking code files for non-ASCII characters ... OK
* checking R files for syntax errors ... OK
* checking whether the package can be loaded ... OK
* checking whether the package can be loaded with stated dependencies ... OK
* checking whether the package can be unloaded cleanly ... OK
* checking whether the namespace can be loaded with stated dependencies ... OK
* checking whether the namespace can be unloaded cleanly ... OK
* checking loading without being on the library search path ... OK
* checking dependencies in R code ... NOTE
Packages in Depends field not imported from:
‘AIMS’ ‘biomaRt’ ‘iC10’
These packages need to be imported from (in the NAMESPACE file)
for when this namespace is loaded but not attached.
Unexported objects imported by ':::' calls:
‘mclust:::grid1’ ‘mclust:::grid2’
See the note in ?`:::` about the use of this operator.
* checking S3 generic/method consistency ... OK
* checking replacement functions ... OK
* checking foreign function calls ... OK
* checking R code for possible problems ... OK
* checking Rd files ... NOTE
checkRd: (-1) fuzzy.ttest.Rd:41: Lost braces; missing escapes or markup?
41 | in w1 and w2 should lay in [0,1] and \verb{0 <= (w1[i] + w2[i]) <= 1} for i in {0,1,...,n} where
| ^
* checking Rd metadata ... OK
* checking Rd cross-references ... OK
* checking for missing documentation entries ... OK
* checking for code/documentation mismatches ... OK
* checking Rd \usage sections ... OK
* checking Rd contents ... OK
* checking for unstated dependencies in examples ... OK
* checking contents of ‘data’ directory ... OK
* checking data for non-ASCII characters ... OK
* checking data for ASCII and uncompressed saves ... OK
* checking files in ‘vignettes’ ... OK
* checking examples ... OK
* checking for unstated dependencies in vignettes ... OK
* checking package vignettes ... OK
* checking running R code from vignettes ... SKIPPED
* checking re-building of vignette outputs ... SKIPPED
* checking PDF version of manual ... OK
* DONE
Status: 1 WARNING, 2 NOTEs
See
‘/home/biocbuild/bbs-3.22-bioc/meat/genefu.Rcheck/00check.log’
for details.
genefu.Rcheck/00install.out
############################################################################## ############################################################################## ### ### Running command: ### ### /home/biocbuild/R/R/bin/R CMD INSTALL genefu ### ############################################################################## ############################################################################## * installing to library ‘/home/biocbuild/R/R-4.5.0/site-library’ * installing *source* package ‘genefu’ ... ** this is package ‘genefu’ version ‘2.42.0’ ** using staged installation ** R ** data ** inst ** byte-compile and prepare package for lazy loading Warning: replacing previous import ‘limma::logsumexp’ by ‘mclust::logsumexp’ when loading ‘genefu’ ** help *** installing help indices ** building package indices ** installing vignettes ** testing if installed package can be loaded from temporary location Warning: replacing previous import ‘limma::logsumexp’ by ‘mclust::logsumexp’ when loading ‘genefu’ ** testing if installed package can be loaded from final location Warning: replacing previous import ‘limma::logsumexp’ by ‘mclust::logsumexp’ when loading ‘genefu’ ** testing if installed package keeps a record of temporary installation path * DONE (genefu)
genefu.Rcheck/genefu-Ex.timings
| name | user | system | elapsed | |
| bimod | 0.214 | 0.012 | 0.226 | |
| boxplotplus2 | 0.009 | 0.000 | 0.009 | |
| claudinLow | 0.930 | 0.044 | 0.975 | |
| compareProtoCor | 1.456 | 0.012 | 1.470 | |
| compute.pairw.cor.meta | 1.624 | 0.028 | 1.656 | |
| compute.proto.cor.meta | 1.143 | 0.035 | 1.181 | |
| cordiff.dep | 0.106 | 0.000 | 0.107 | |
| endoPredict | 0.110 | 0.000 | 0.111 | |
| fuzzy.ttest | 0.193 | 0.000 | 0.193 | |
| gene70 | 0.266 | 0.004 | 0.271 | |
| gene76 | 0.118 | 0.004 | 0.123 | |
| geneid.map | 0.114 | 0.000 | 0.114 | |
| genius | 0.238 | 0.004 | 0.243 | |
| ggi | 0.108 | 0.004 | 0.113 | |
| ihc4 | 0.097 | 0.002 | 0.099 | |
| intrinsic.cluster | 0.810 | 0.001 | 0.805 | |
| intrinsic.cluster.predict | 0.225 | 0.016 | 0.242 | |
| map.datasets | 1.040 | 0.012 | 1.054 | |
| molecular.subtyping | 2.694 | 0.024 | 2.743 | |
| npi | 0.096 | 0.000 | 0.097 | |
| oncotypedx | 0.142 | 0.000 | 0.142 | |
| ovcAngiogenic | 0.116 | 0.000 | 0.116 | |
| ovcCrijns | 0.111 | 0.000 | 0.110 | |
| ovcTCGA | 0.264 | 0.000 | 0.264 | |
| ovcYoshihara | 0.101 | 0.008 | 0.110 | |
| pik3cags | 0.107 | 0.000 | 0.108 | |
| power.cor | 0 | 0 | 0 | |
| ps.cluster | 0.461 | 0.004 | 0.457 | |
| read.m.file | 0.023 | 0.004 | 0.031 | |
| rename.duplicate | 0.001 | 0.000 | 0.002 | |
| rescale | 0.224 | 0.000 | 0.224 | |
| rorS | 0.199 | 0.000 | 0.199 | |
| setcolclass.df | 0.001 | 0.000 | 0.002 | |
| sig.score | 0.116 | 0.000 | 0.116 | |
| spearmanCI | 0.000 | 0.000 | 0.001 | |
| st.gallen | 0.090 | 0.004 | 0.094 | |
| stab.fs | 0.301 | 0.000 | 0.303 | |
| stab.fs.ranking | 1.746 | 0.048 | 1.798 | |
| strescR | 0.000 | 0.001 | 0.001 | |
| subtype.cluster | 0.643 | 0.018 | 0.662 | |
| subtype.cluster.predict | 0.254 | 0.000 | 0.255 | |
| tamr13 | 0.121 | 0.008 | 0.129 | |
| tbrm | 0.001 | 0.000 | 0.001 | |
| weighted.meanvar | 0.001 | 0.000 | 0.000 | |
| write.m.file | 0.004 | 0.000 | 0.003 | |