| Back to Multiple platform build/check report for BioC 3.21: simplified long |
|
This page was generated on 2025-10-16 11:41 -0400 (Thu, 16 Oct 2025).
| Hostname | OS | Arch (*) | R version | Installed pkgs |
|---|---|---|---|---|
| nebbiolo1 | Linux (Ubuntu 24.04.3 LTS) | x86_64 | 4.5.1 (2025-06-13) -- "Great Square Root" | 4833 |
| merida1 | macOS 12.7.6 Monterey | x86_64 | 4.5.1 RC (2025-06-05 r88288) -- "Great Square Root" | 4614 |
| kjohnson1 | macOS 13.7.5 Ventura | arm64 | 4.5.1 Patched (2025-06-14 r88325) -- "Great Square Root" | 4555 |
| kunpeng2 | Linux (openEuler 24.03 LTS) | aarch64 | R Under development (unstable) (2025-02-19 r87757) -- "Unsuffered Consequences" | 4586 |
| Click on any hostname to see more info about the system (e.g. compilers) (*) as reported by 'uname -p', except on Windows and Mac OS X | ||||
| Package 809/2341 | Hostname | OS / Arch | INSTALL | BUILD | CHECK | BUILD BIN | ||||||||
| genefu 2.40.0 (landing page) Benjamin Haibe-Kains
| nebbiolo1 | Linux (Ubuntu 24.04.3 LTS) / x86_64 | OK | OK | WARNINGS | |||||||||
| merida1 | macOS 12.7.6 Monterey / x86_64 | OK | OK | WARNINGS | OK | |||||||||
| kjohnson1 | macOS 13.7.5 Ventura / arm64 | OK | OK | WARNINGS | OK | |||||||||
| kunpeng2 | Linux (openEuler 24.03 LTS) / aarch64 | OK | OK | WARNINGS | ||||||||||
|
To the developers/maintainers of the genefu package: - Allow up to 24 hours (and sometimes 48 hours) for your latest push to git@git.bioconductor.org:packages/genefu.git to reflect on this report. See Troubleshooting Build Report for more information. - Use the following Renviron settings to reproduce errors and warnings. - If 'R CMD check' started to fail recently on the Linux builder(s) over a missing dependency, add the missing dependency to 'Suggests:' in your DESCRIPTION file. See Renviron.bioc for more information. - See Martin Grigorov's blog post for how to debug Linux ARM64 related issues on a x86_64 host. |
| Package: genefu |
| Version: 2.40.0 |
| Command: /home/biocbuild/R/R/bin/R CMD check --install=check:genefu.install-out.txt --library=/home/biocbuild/R/R/site-library --no-vignettes --timings genefu_2.40.0.tar.gz |
| StartedAt: 2025-10-14 09:24:24 -0000 (Tue, 14 Oct 2025) |
| EndedAt: 2025-10-14 09:27:16 -0000 (Tue, 14 Oct 2025) |
| EllapsedTime: 171.1 seconds |
| RetCode: 0 |
| Status: WARNINGS |
| CheckDir: genefu.Rcheck |
| Warnings: 1 |
##############################################################################
##############################################################################
###
### Running command:
###
### /home/biocbuild/R/R/bin/R CMD check --install=check:genefu.install-out.txt --library=/home/biocbuild/R/R/site-library --no-vignettes --timings genefu_2.40.0.tar.gz
###
##############################################################################
##############################################################################
* using log directory ‘/home/biocbuild/bbs-3.21-bioc/meat/genefu.Rcheck’
* using R Under development (unstable) (2025-02-19 r87757)
* using platform: aarch64-unknown-linux-gnu
* R was compiled by
aarch64-unknown-linux-gnu-gcc (GCC) 14.2.0
GNU Fortran (GCC) 14.2.0
* running under: openEuler 24.03 (LTS-SP1)
* using session charset: UTF-8
* using option ‘--no-vignettes’
* checking for file ‘genefu/DESCRIPTION’ ... OK
* checking extension type ... Package
* this is package ‘genefu’ version ‘2.40.0’
* package encoding: UTF-8
* checking package namespace information ... OK
* checking package dependencies ... OK
* checking if this is a source package ... OK
* checking if there is a namespace ... OK
* checking for hidden files and directories ... OK
* checking for portable file names ... OK
* checking for sufficient/correct file permissions ... OK
* checking whether package ‘genefu’ can be installed ... WARNING
Found the following significant warnings:
Warning: replacing previous import ‘limma::logsumexp’ by ‘mclust::logsumexp’ when loading ‘genefu’
See ‘/home/biocbuild/bbs-3.21-bioc/meat/genefu.Rcheck/00install.out’ for details.
* checking installed package size ... INFO
installed size is 5.2Mb
sub-directories of 1Mb or more:
data 4.0Mb
* checking package directory ... OK
* checking ‘build’ directory ... OK
* checking DESCRIPTION meta-information ... OK
* checking top-level files ... OK
* checking for left-over files ... OK
* checking index information ... OK
* checking package subdirectories ... OK
* checking code files for non-ASCII characters ... OK
* checking R files for syntax errors ... OK
* checking whether the package can be loaded ... OK
* checking whether the package can be loaded with stated dependencies ... OK
* checking whether the package can be unloaded cleanly ... OK
* checking whether the namespace can be loaded with stated dependencies ... OK
* checking whether the namespace can be unloaded cleanly ... OK
* checking loading without being on the library search path ... OK
* checking dependencies in R code ... NOTE
Packages in Depends field not imported from:
‘AIMS’ ‘biomaRt’ ‘iC10’
These packages need to be imported from (in the NAMESPACE file)
for when this namespace is loaded but not attached.
Unexported objects imported by ':::' calls:
‘mclust:::grid1’ ‘mclust:::grid2’
See the note in ?`:::` about the use of this operator.
* checking S3 generic/method consistency ... OK
* checking replacement functions ... OK
* checking foreign function calls ... OK
* checking R code for possible problems ... OK
* checking Rd files ... NOTE
checkRd: (-1) fuzzy.ttest.Rd:41: Lost braces; missing escapes or markup?
41 | in w1 and w2 should lay in [0,1] and \verb{0 <= (w1[i] + w2[i]) <= 1} for i in {0,1,...,n} where
| ^
* checking Rd metadata ... OK
* checking Rd cross-references ... OK
* checking for missing documentation entries ... OK
* checking for code/documentation mismatches ... OK
* checking Rd \usage sections ... OK
* checking Rd contents ... OK
* checking for unstated dependencies in examples ... OK
* checking contents of ‘data’ directory ... OK
* checking data for non-ASCII characters ... OK
* checking data for ASCII and uncompressed saves ... OK
* checking files in ‘vignettes’ ... OK
* checking examples ... OK
* checking for unstated dependencies in vignettes ... OK
* checking package vignettes ... OK
* checking running R code from vignettes ... SKIPPED
* checking re-building of vignette outputs ... SKIPPED
* checking PDF version of manual ... OK
* DONE
Status: 1 WARNING, 2 NOTEs
See
‘/home/biocbuild/bbs-3.21-bioc/meat/genefu.Rcheck/00check.log’
for details.
genefu.Rcheck/00install.out
############################################################################## ############################################################################## ### ### Running command: ### ### /home/biocbuild/R/R/bin/R CMD INSTALL genefu ### ############################################################################## ############################################################################## * installing to library ‘/home/biocbuild/R/R-devel_2025-02-19/site-library’ * installing *source* package ‘genefu’ ... ** this is package ‘genefu’ version ‘2.40.0’ ** using staged installation ** R ** data ** inst ** byte-compile and prepare package for lazy loading Warning: replacing previous import ‘limma::logsumexp’ by ‘mclust::logsumexp’ when loading ‘genefu’ ** help *** installing help indices ** building package indices ** installing vignettes ** testing if installed package can be loaded from temporary location Warning: replacing previous import ‘limma::logsumexp’ by ‘mclust::logsumexp’ when loading ‘genefu’ ** testing if installed package can be loaded from final location Warning: replacing previous import ‘limma::logsumexp’ by ‘mclust::logsumexp’ when loading ‘genefu’ ** testing if installed package keeps a record of temporary installation path * DONE (genefu)
genefu.Rcheck/genefu-Ex.timings
| name | user | system | elapsed | |
| bimod | 0.255 | 0.019 | 0.275 | |
| boxplotplus2 | 0.01 | 0.00 | 0.01 | |
| claudinLow | 1.034 | 0.004 | 1.041 | |
| compareProtoCor | 1.483 | 0.032 | 1.519 | |
| compute.pairw.cor.meta | 1.969 | 0.060 | 2.034 | |
| compute.proto.cor.meta | 1.394 | 0.052 | 1.449 | |
| cordiff.dep | 0.107 | 0.000 | 0.107 | |
| endoPredict | 0.109 | 0.004 | 0.113 | |
| fuzzy.ttest | 0.194 | 0.004 | 0.199 | |
| gene70 | 0.276 | 0.004 | 0.281 | |
| gene76 | 0.125 | 0.000 | 0.125 | |
| geneid.map | 0.117 | 0.004 | 0.122 | |
| genius | 0.263 | 0.020 | 0.284 | |
| ggi | 0.12 | 0.00 | 0.12 | |
| ihc4 | 0.099 | 0.000 | 0.100 | |
| intrinsic.cluster | 0.457 | 0.004 | 0.449 | |
| intrinsic.cluster.predict | 0.218 | 0.004 | 0.223 | |
| map.datasets | 1.353 | 0.008 | 1.365 | |
| molecular.subtyping | 3.088 | 0.060 | 3.172 | |
| npi | 0.095 | 0.004 | 0.099 | |
| oncotypedx | 0.121 | 0.000 | 0.121 | |
| ovcAngiogenic | 0.119 | 0.004 | 0.124 | |
| ovcCrijns | 0.148 | 0.000 | 0.149 | |
| ovcTCGA | 0.297 | 0.000 | 0.298 | |
| ovcYoshihara | 0.123 | 0.000 | 0.123 | |
| pik3cags | 0.117 | 0.004 | 0.121 | |
| power.cor | 0 | 0 | 0 | |
| ps.cluster | 0.522 | 0.003 | 0.512 | |
| read.m.file | 0.028 | 0.003 | 0.034 | |
| rename.duplicate | 0.002 | 0.000 | 0.002 | |
| rescale | 0.222 | 0.012 | 0.235 | |
| rorS | 0.209 | 0.008 | 0.217 | |
| setcolclass.df | 0.002 | 0.000 | 0.002 | |
| sig.score | 0.125 | 0.004 | 0.130 | |
| spearmanCI | 0.001 | 0.000 | 0.000 | |
| st.gallen | 0.097 | 0.004 | 0.101 | |
| stab.fs | 0.363 | 0.039 | 0.403 | |
| stab.fs.ranking | 2.156 | 0.028 | 2.188 | |
| strescR | 0.000 | 0.000 | 0.001 | |
| subtype.cluster | 0.701 | 0.040 | 0.742 | |
| subtype.cluster.predict | 0.285 | 0.008 | 0.293 | |
| tamr13 | 0.145 | 0.000 | 0.146 | |
| tbrm | 0.000 | 0.000 | 0.001 | |
| weighted.meanvar | 0.000 | 0.000 | 0.001 | |
| write.m.file | 0.003 | 0.000 | 0.004 | |