| Back to Build/check report for BioC 3.22: simplified long |
|
This page was generated on 2025-11-13 11:55 -0500 (Thu, 13 Nov 2025).
| Hostname | OS | Arch (*) | R version | Installed pkgs |
|---|---|---|---|---|
| taishan | Linux (openEuler 24.03 LTS) | aarch64 | 4.5.0 (2025-04-11) -- "How About a Twenty-Six" | 4668 |
| Click on any hostname to see more info about the system (e.g. compilers) (*) as reported by 'uname -p', except on Windows and Mac OS X | ||||
| Package 718/2361 | Hostname | OS / Arch | INSTALL | BUILD | CHECK | BUILD BIN | ||||||||
| famat 1.20.0 (landing page) Mathieu Charles
| taishan | Linux (openEuler 24.03 LTS) / aarch64 | OK | ERROR | skipped | |||||||||
|
To the developers/maintainers of the famat package: - Allow up to 24 hours (and sometimes 48 hours) for your latest push to git@git.bioconductor.org:packages/famat.git to reflect on this report. See Troubleshooting Build Report for more information. - Use the following Renviron settings to reproduce errors and warnings. - If 'R CMD check' started to fail recently on the Linux builder(s) over a missing dependency, add the missing dependency to 'Suggests:' in your DESCRIPTION file. See Renviron.bioc for more information. - See Martin Grigorov's blog post for how to debug Linux ARM64 related issues on a x86_64 host. |
| Package: famat |
| Version: 1.20.0 |
| Command: /home/biocbuild/R/R/bin/R CMD build --keep-empty-dirs --no-resave-data famat |
| StartedAt: 2025-11-11 01:38:00 -0000 (Tue, 11 Nov 2025) |
| EndedAt: 2025-11-11 01:39:07 -0000 (Tue, 11 Nov 2025) |
| EllapsedTime: 67.0 seconds |
| RetCode: 1 |
| Status: ERROR |
| PackageFile: None |
| PackageFileSize: NA |
##############################################################################
##############################################################################
###
### Running command:
###
### /home/biocbuild/R/R/bin/R CMD build --keep-empty-dirs --no-resave-data famat
###
##############################################################################
##############################################################################
* checking for file ‘famat/DESCRIPTION’ ... OK
* preparing ‘famat’:
* checking DESCRIPTION meta-information ... OK
* installing the package to build vignettes
* creating vignettes ... ERROR
--- re-building ‘famat.Rmd’ using rmarkdown
Quitting from famat.Rmd:78-84 [interactions]
~~~~~~~~~~~~~~~~~~~~~~~~~~~~~~~~~~~~~~~~~~~~~~~~~~~~~~~~~~~~~~~~~~~~~~~~~~~~~~~~
<error/rlang_error>
Error in `.getUrl()`:
! Bad Request (HTTP 400).
---
Backtrace:
▆
1. └─famat::interactions(listk, listr, listw)
2. └─KEGGREST::keggConv("chebi", "compound")
3. └─base::lapply(groups, .keggConv, target = target)
4. └─KEGGREST (local) FUN(X[[i]], ...)
5. └─KEGGREST:::.getUrl(url, .listParser, nameColumn = 1, valueColumn = 2)
6. └─httr::stop_for_status(response)
~~~~~~~~~~~~~~~~~~~~~~~~~~~~~~~~~~~~~~~~~~~~~~~~~~~~~~~~~~~~~~~~~~~~~~~~~~~~~~~~
Error: processing vignette 'famat.Rmd' failed with diagnostics:
Bad Request (HTTP 400).
--- failed re-building ‘famat.Rmd’
SUMMARY: processing the following file failed:
‘famat.Rmd’
Error: Vignette re-building failed.
Execution halted