Back to Multiple platform build/check report for BioC 3.21:   simplified   long
ABCD[E]FGHIJKLMNOPQRSTUVWXYZ

This page was generated on 2025-10-13 11:39 -0400 (Mon, 13 Oct 2025).

HostnameOSArch (*)R versionInstalled pkgs
nebbiolo1Linux (Ubuntu 24.04.3 LTS)x86_644.5.1 (2025-06-13) -- "Great Square Root" 4833
merida1macOS 12.7.5 Montereyx86_644.5.1 RC (2025-06-05 r88288) -- "Great Square Root" 4614
kjohnson1macOS 13.6.6 Venturaarm644.5.1 Patched (2025-06-14 r88325) -- "Great Square Root" 4555
kunpeng2Linux (openEuler 24.03 LTS)aarch64R Under development (unstable) (2025-02-19 r87757) -- "Unsuffered Consequences" 4586
Click on any hostname to see more info about the system (e.g. compilers)      (*) as reported by 'uname -p', except on Windows and Mac OS X

Package 679/2341HostnameOS / ArchINSTALLBUILDCHECKBUILD BIN
epistasisGA 1.10.0  (landing page)
Michael Nodzenski
Snapshot Date: 2025-10-09 13:40 -0400 (Thu, 09 Oct 2025)
git_url: https://git.bioconductor.org/packages/epistasisGA
git_branch: RELEASE_3_21
git_last_commit: 6b37aae
git_last_commit_date: 2025-04-15 12:57:09 -0400 (Tue, 15 Apr 2025)
nebbiolo1Linux (Ubuntu 24.04.3 LTS) / x86_64  OK    OK    WARNINGS  UNNEEDED, same version is already published
merida1macOS 12.7.5 Monterey / x86_64  OK    OK    WARNINGS    OK  UNNEEDED, same version is already published
kjohnson1macOS 13.6.6 Ventura / arm64  OK    OK    WARNINGS    OK  UNNEEDED, same version is already published
kunpeng2Linux (openEuler 24.03 LTS) / aarch64  OK    OK    OK  


CHECK results for epistasisGA on merida1

To the developers/maintainers of the epistasisGA package:
- Allow up to 24 hours (and sometimes 48 hours) for your latest push to git@git.bioconductor.org:packages/epistasisGA.git to reflect on this report. See Troubleshooting Build Report for more information.
- Use the following Renviron settings to reproduce errors and warnings.
- If 'R CMD check' started to fail recently on the Linux builder(s) over a missing dependency, add the missing dependency to 'Suggests:' in your DESCRIPTION file. See Renviron.bioc for more information.

raw results


Summary

Package: epistasisGA
Version: 1.10.0
Command: /Library/Frameworks/R.framework/Resources/bin/R CMD check --install=check:epistasisGA.install-out.txt --library=/Library/Frameworks/R.framework/Resources/library --no-vignettes --timings epistasisGA_1.10.0.tar.gz
StartedAt: 2025-10-10 03:28:24 -0400 (Fri, 10 Oct 2025)
EndedAt: 2025-10-10 03:33:22 -0400 (Fri, 10 Oct 2025)
EllapsedTime: 298.8 seconds
RetCode: 0
Status:   WARNINGS  
CheckDir: epistasisGA.Rcheck
Warnings: 1

Command output

##############################################################################
##############################################################################
###
### Running command:
###
###   /Library/Frameworks/R.framework/Resources/bin/R CMD check --install=check:epistasisGA.install-out.txt --library=/Library/Frameworks/R.framework/Resources/library --no-vignettes --timings epistasisGA_1.10.0.tar.gz
###
##############################################################################
##############################################################################


* using log directory ‘/Users/biocbuild/bbs-3.21-bioc/meat/epistasisGA.Rcheck’
* using R version 4.5.1 RC (2025-06-05 r88288)
* using platform: x86_64-apple-darwin20
* R was compiled by
    Apple clang version 14.0.0 (clang-1400.0.29.202)
    GNU Fortran (GCC) 14.2.0
* running under: macOS Monterey 12.7.6
* using session charset: UTF-8
* using option ‘--no-vignettes’
* checking for file ‘epistasisGA/DESCRIPTION’ ... OK
* checking extension type ... Package
* this is package ‘epistasisGA’ version ‘1.10.0’
* package encoding: UTF-8
* checking package namespace information ... OK
* checking package dependencies ... OK
* checking if this is a source package ... OK
* checking if there is a namespace ... OK
* checking for hidden files and directories ... OK
* checking for portable file names ... OK
* checking for sufficient/correct file permissions ... OK
* checking whether package ‘epistasisGA’ can be installed ... WARNING
Found the following significant warnings:
  epistasisGA.cpp:970:17: warning: 'is_finite<double>' is deprecated: change arma::is_finite(val) to std::isfinite(val) [-Wdeprecated-declarations]
  epistasisGA.cpp:970:54: warning: 'is_finite<double>' is deprecated: change arma::is_finite(val) to std::isfinite(val) [-Wdeprecated-declarations]
  epistasisGA.cpp:1045:68: warning: 'is_finite<double>' is deprecated: change arma::is_finite(val) to std::isfinite(val) [-Wdeprecated-declarations]
  epistasisGA.cpp:1382:55: warning: 'is_finite<double>' is deprecated: change arma::is_finite(val) to std::isfinite(val) [-Wdeprecated-declarations]
See ‘/Users/biocbuild/bbs-3.21-bioc/meat/epistasisGA.Rcheck/00install.out’ for details.
* used C++ compiler: ‘Apple clang version 14.0.0 (clang-1400.0.29.202)’
* used SDK: ‘MacOSX11.3.sdk’
* checking installed package size ... OK
* checking package directory ... OK
* checking ‘build’ directory ... OK
* checking DESCRIPTION meta-information ... OK
* checking top-level files ... OK
* checking for left-over files ... OK
* checking index information ... OK
* checking package subdirectories ... NOTE
Problems with news in ‘NEWS.md’:
No news entries found.
* checking code files for non-ASCII characters ... OK
* checking R files for syntax errors ... OK
* checking whether the package can be loaded ... OK
* checking whether the package can be loaded with stated dependencies ... OK
* checking whether the package can be unloaded cleanly ... OK
* checking whether the namespace can be loaded with stated dependencies ... OK
* checking whether the namespace can be unloaded cleanly ... OK
* checking dependencies in R code ... OK
* checking S3 generic/method consistency ... OK
* checking replacement functions ... OK
* checking foreign function calls ... OK
* checking R code for possible problems ... OK
* checking Rd files ... NOTE
checkRd: (-1) GADGETS.Rd:158: Lost braces
   158 | the cluster. See code{run.gadgets} for additional details.}
       |                      ^
* checking Rd metadata ... OK
* checking Rd cross-references ... OK
* checking for missing documentation entries ... OK
* checking for code/documentation mismatches ... OK
* checking Rd \usage sections ... OK
* checking Rd contents ... OK
* checking for unstated dependencies in examples ... OK
* checking contents of ‘data’ directory ... OK
* checking data for non-ASCII characters ... OK
* checking data for ASCII and uncompressed saves ... OK
* checking line endings in C/C++/Fortran sources/headers ... OK
* checking line endings in Makefiles ... OK
* checking compilation flags in Makevars ... OK
* checking for GNU extensions in Makefiles ... OK
* checking for portable use of $(BLAS_LIBS) and $(LAPACK_LIBS) ... OK
* checking use of PKG_*FLAGS in Makefiles ... OK
* checking compiled code ... NOTE
Note: information on .o files is not available
* checking files in ‘vignettes’ ... OK
* checking examples ... OK
Examples with CPU (user + system) or elapsed time > 5s
                           user system elapsed
compute.graphical.scores 44.694  3.036  32.569
network.plot             43.252  2.267  31.833
epistasis.test           16.210  1.805  15.734
GxE.test                 14.261  1.383  14.218
global.test              10.628  2.899  10.884
* checking for unstated dependencies in ‘tests’ ... OK
* checking tests ...
  Running ‘testthat.R’
 OK
* checking for unstated dependencies in vignettes ... OK
* checking package vignettes ... OK
* checking running R code from vignettes ... SKIPPED
* checking re-building of vignette outputs ... SKIPPED
* checking PDF version of manual ... OK
* DONE

Status: 1 WARNING, 3 NOTEs
See
  ‘/Users/biocbuild/bbs-3.21-bioc/meat/epistasisGA.Rcheck/00check.log’
for details.


Installation output

epistasisGA.Rcheck/00install.out

##############################################################################
##############################################################################
###
### Running command:
###
###   /Library/Frameworks/R.framework/Resources/bin/R CMD INSTALL epistasisGA
###
##############################################################################
##############################################################################


* installing to library ‘/Library/Frameworks/R.framework/Versions/4.5-x86_64/Resources/library’
* installing *source* package ‘epistasisGA’ ...
** this is package ‘epistasisGA’ version ‘1.10.0’
** using staged installation
** libs
using C++ compiler: ‘Apple clang version 14.0.0 (clang-1400.0.29.202)’
using SDK: ‘MacOSX11.3.sdk’
clang++ -arch x86_64 -std=gnu++17 -I"/Library/Frameworks/R.framework/Resources/include" -DNDEBUG  -I'/Library/Frameworks/R.framework/Versions/4.5-x86_64/Resources/library/Rcpp/include' -I'/Library/Frameworks/R.framework/Versions/4.5-x86_64/Resources/library/RcppArmadillo/include' -I'/Library/Frameworks/R.framework/Versions/4.5-x86_64/Resources/library/BH/include' -I'/Library/Frameworks/R.framework/Versions/4.5-x86_64/Resources/library/bigmemory/include' -I/opt/R/x86_64/include    -fPIC  -falign-functions=64 -Wall -g -O2   -c RcppExports.cpp -o RcppExports.o
clang++ -arch x86_64 -std=gnu++17 -I"/Library/Frameworks/R.framework/Resources/include" -DNDEBUG  -I'/Library/Frameworks/R.framework/Versions/4.5-x86_64/Resources/library/Rcpp/include' -I'/Library/Frameworks/R.framework/Versions/4.5-x86_64/Resources/library/RcppArmadillo/include' -I'/Library/Frameworks/R.framework/Versions/4.5-x86_64/Resources/library/BH/include' -I'/Library/Frameworks/R.framework/Versions/4.5-x86_64/Resources/library/bigmemory/include' -I/opt/R/x86_64/include    -fPIC  -falign-functions=64 -Wall -g -O2   -c epistasisGA.cpp -o epistasisGA.o
epistasisGA.cpp:970:17: warning: 'is_finite<double>' is deprecated: change arma::is_finite(val) to std::isfinite(val) [-Wdeprecated-declarations]
         !arma::is_finite(n_case_high_risk) | !arma::is_finite(n_comp_high_risk)){
                ^
/Library/Frameworks/R.framework/Versions/4.5-x86_64/Resources/library/RcppArmadillo/include/current/armadillo_bits/fn_misc.hpp:164:3: note: 'is_finite<double>' has been explicitly marked deprecated here
[[deprecated("change arma::is_finite(val) to std::isfinite(val)")]]
  ^
epistasisGA.cpp:970:54: warning: 'is_finite<double>' is deprecated: change arma::is_finite(val) to std::isfinite(val) [-Wdeprecated-declarations]
         !arma::is_finite(n_case_high_risk) | !arma::is_finite(n_comp_high_risk)){
                                                     ^
/Library/Frameworks/R.framework/Versions/4.5-x86_64/Resources/library/RcppArmadillo/include/current/armadillo_bits/fn_misc.hpp:164:3: note: 'is_finite<double>' has been explicitly marked deprecated here
[[deprecated("change arma::is_finite(val) to std::isfinite(val)")]]
  ^
epistasisGA.cpp:1045:68: warning: 'is_finite<double>' is deprecated: change arma::is_finite(val) to std::isfinite(val) [-Wdeprecated-declarations]
    if ( (fitness_score <= 0) | R_isnancpp(fitness_score) | !arma::is_finite(fitness_score) ){
                                                                   ^
/Library/Frameworks/R.framework/Versions/4.5-x86_64/Resources/library/RcppArmadillo/include/current/armadillo_bits/fn_misc.hpp:164:3: note: 'is_finite<double>' has been explicitly marked deprecated here
[[deprecated("change arma::is_finite(val) to std::isfinite(val)")]]
  ^
epistasisGA.cpp:1382:55: warning: 'is_finite<double>' is deprecated: change arma::is_finite(val) to std::isfinite(val) [-Wdeprecated-declarations]
            if ( (s <= 0) | (R_isnancpp(s)) | (!arma::is_finite(s)) | any(H_Einv_diag <= 0)){
                                                      ^
/Library/Frameworks/R.framework/Versions/4.5-x86_64/Resources/library/RcppArmadillo/include/current/armadillo_bits/fn_misc.hpp:164:3: note: 'is_finite<double>' has been explicitly marked deprecated here
[[deprecated("change arma::is_finite(val) to std::isfinite(val)")]]
  ^
4 warnings generated.
clang++ -arch x86_64 -std=gnu++17 -dynamiclib -Wl,-headerpad_max_install_names -undefined dynamic_lookup -L/Library/Frameworks/R.framework/Resources/lib -L/opt/R/x86_64/lib -o epistasisGA.so RcppExports.o epistasisGA.o -L/Library/Frameworks/R.framework/Resources/lib -lRlapack -L/Library/Frameworks/R.framework/Resources/lib -lRblas -L/opt/gfortran/lib/gcc/x86_64-apple-darwin20.0/14.2.0 -L/opt/gfortran/lib -lemutls_w -lheapt_w -lgfortran -lquadmath -F/Library/Frameworks/R.framework/.. -framework R
installing to /Library/Frameworks/R.framework/Versions/4.5-x86_64/Resources/library/00LOCK-epistasisGA/00new/epistasisGA/libs
** R
** data
** byte-compile and prepare package for lazy loading
** help
*** installing help indices
** building package indices
** installing vignettes
** testing if installed package can be loaded from temporary location
** checking absolute paths in shared objects and dynamic libraries
** testing if installed package can be loaded from final location
** testing if installed package keeps a record of temporary installation path
* DONE (epistasisGA)

Tests output

epistasisGA.Rcheck/tests/testthat.Rout


R version 4.5.1 RC (2025-06-05 r88288) -- "Great Square Root"
Copyright (C) 2025 The R Foundation for Statistical Computing
Platform: x86_64-apple-darwin20

R is free software and comes with ABSOLUTELY NO WARRANTY.
You are welcome to redistribute it under certain conditions.
Type 'license()' or 'licence()' for distribution details.

R is a collaborative project with many contributors.
Type 'contributors()' for more information and
'citation()' on how to cite R or R packages in publications.

Type 'demo()' for some demos, 'help()' for on-line help, or
'help.start()' for an HTML browser interface to help.
Type 'q()' to quit R.

> library(testthat)
> library(epistasisGA)
> 
> test_check("epistasisGA")
[ FAIL 0 | WARN 0 | SKIP 0 | PASS 1 ]
> 
> proc.time()
   user  system elapsed 
  6.675   0.653   7.763 

Example timings

epistasisGA.Rcheck/epistasisGA-Ex.timings

nameusersystemelapsed
GADGETS4.1460.7104.124
GxE.fitness.score0.0150.0100.029
GxE.test14.261 1.38314.218
chrom.fitness.score0.0210.0080.030
combine.islands2.8870.6772.884
compute.graphical.scores44.694 3.03632.569
epistasis.test16.210 1.80515.734
global.test10.628 2.89910.884
network.plot43.252 2.26731.833
permute.dataset2.7390.7352.890
preprocess.genetic.data2.7380.7222.790
run.gadgets2.8630.6562.868