| Back to Multiple platform build/check report for BioC 3.22: simplified long |
|
This page was generated on 2025-11-12 11:58 -0500 (Wed, 12 Nov 2025).
| Hostname | OS | Arch (*) | R version | Installed pkgs |
|---|---|---|---|---|
| nebbiolo2 | Linux (Ubuntu 24.04.3 LTS) | x86_64 | 4.5.1 Patched (2025-08-23 r88802) -- "Great Square Root" | 4902 |
| taishan | Linux (openEuler 24.03 LTS) | aarch64 | 4.5.0 (2025-04-11) -- "How About a Twenty-Six" | 4668 |
| Click on any hostname to see more info about the system (e.g. compilers) (*) as reported by 'uname -p', except on Windows and Mac OS X | ||||
| Package 428/2361 | Hostname | OS / Arch | INSTALL | BUILD | CHECK | BUILD BIN | ||||||||
| coMethDMR 1.14.0 (landing page) Fernanda Veitzman
| nebbiolo2 | Linux (Ubuntu 24.04.3 LTS) / x86_64 | OK | OK | OK | |||||||||
| taishan | Linux (openEuler 24.03 LTS) / aarch64 | OK | OK | WARNINGS | ||||||||||
|
To the developers/maintainers of the coMethDMR package: - Allow up to 24 hours (and sometimes 48 hours) for your latest push to git@git.bioconductor.org:packages/coMethDMR.git to reflect on this report. See Troubleshooting Build Report for more information. - Use the following Renviron settings to reproduce errors and warnings. - If 'R CMD check' started to fail recently on the Linux builder(s) over a missing dependency, add the missing dependency to 'Suggests:' in your DESCRIPTION file. See Renviron.bioc for more information. - See Martin Grigorov's blog post for how to debug Linux ARM64 related issues on a x86_64 host. |
| Package: coMethDMR |
| Version: 1.14.0 |
| Command: /home/biocbuild/R/R/bin/R CMD check --install=check:coMethDMR.install-out.txt --library=/home/biocbuild/R/R/site-library --no-vignettes --timings coMethDMR_1.14.0.tar.gz |
| StartedAt: 2025-11-11 08:23:18 -0000 (Tue, 11 Nov 2025) |
| EndedAt: 2025-11-11 08:37:05 -0000 (Tue, 11 Nov 2025) |
| EllapsedTime: 826.7 seconds |
| RetCode: 0 |
| Status: WARNINGS |
| CheckDir: coMethDMR.Rcheck |
| Warnings: 1 |
##############################################################################
##############################################################################
###
### Running command:
###
### /home/biocbuild/R/R/bin/R CMD check --install=check:coMethDMR.install-out.txt --library=/home/biocbuild/R/R/site-library --no-vignettes --timings coMethDMR_1.14.0.tar.gz
###
##############################################################################
##############################################################################
* using log directory ‘/home/biocbuild/bbs-3.22-bioc/meat/coMethDMR.Rcheck’
* using R version 4.5.0 (2025-04-11)
* using platform: aarch64-unknown-linux-gnu
* R was compiled by
aarch64-unknown-linux-gnu-gcc (GCC) 14.2.0
GNU Fortran (GCC) 14.2.0
* running under: openEuler 24.03 (LTS)
* using session charset: UTF-8
* using option ‘--no-vignettes’
* checking for file ‘coMethDMR/DESCRIPTION’ ... OK
* this is package ‘coMethDMR’ version ‘1.14.0’
* package encoding: UTF-8
* checking package namespace information ... OK
* checking package dependencies ... OK
* checking if this is a source package ... OK
* checking if there is a namespace ... OK
* checking for hidden files and directories ... OK
* checking for portable file names ... OK
* checking for sufficient/correct file permissions ... OK
* checking whether package ‘coMethDMR’ can be installed ... OK
* checking installed package size ... OK
* checking package directory ... OK
* checking ‘build’ directory ... OK
* checking DESCRIPTION meta-information ... OK
* checking top-level files ... OK
* checking for left-over files ... OK
* checking index information ... OK
* checking package subdirectories ... OK
* checking code files for non-ASCII characters ... OK
* checking R files for syntax errors ... OK
* checking whether the package can be loaded ... OK
* checking whether the package can be loaded with stated dependencies ... OK
* checking whether the package can be unloaded cleanly ... OK
* checking whether the namespace can be loaded with stated dependencies ... OK
* checking whether the namespace can be unloaded cleanly ... OK
* checking loading without being on the library search path ... OK
* checking whether startup messages can be suppressed ... OK
* checking dependencies in R code ... OK
* checking S3 generic/method consistency ... OK
* checking replacement functions ... WARNING
Error: .onLoad failed in loadNamespace() for 'Rsamtools', details:
call: h(simpleError(msg, call))
error: error in evaluating the argument 'x' in selecting a method for function 'levels': unable to find an inherited method for function ‘strand’ for signature ‘x = "genericFunction"’
Call sequence:
15: stop(gettextf("%s failed in %s() for '%s', details:\n call: %s\n error: %s",
hookname, "loadNamespace", pkgname, deparse(conditionCall(res))[1L],
conditionMessage(res)), call. = FALSE, domain = NA)
14: runHook(".onLoad", env, package.lib, package)
13: loadNamespace(j <- i[[1L]], c(lib.loc, .libPaths()), versionCheck = vI[[j]])
12: asNamespace(ns)
11: namespaceImportFrom(ns, loadNamespace(j <- i[[1L]], c(lib.loc,
.libPaths()), versionCheck = vI[[j]]), i[[2L]], from = package)
10: loadNamespace(j <- i[[1L]], c(lib.loc, .libPaths()), versionCheck = vI[[j]])
9: asNamespace(ns)
8: namespaceImportFrom(ns, loadNamespace(j <- i[[1L]], c(lib.loc,
.li
Execution halted
The argument of a replacement function which corresponds to the right
hand side must be named ‘value’.
* checking foreign function calls ... OK
* checking R code for possible problems ... NOTE
File ‘coMethDMR/R/zzz.R’:
.onLoad calls:
packageStartupMessage("Checking for cached SeSAMe data.")
packageStartupMessage("Caching SeSAMe data for 450k/EPIC arrays.")
See section ‘Good practice’ in '?.onAttach'.
* checking Rd files ... NOTE
checkRd: (-1) AnnotateResults.Rd:13: Lost braces in \itemize; meant \describe ?
checkRd: (-1) AnnotateResults.Rd:14: Lost braces in \itemize; meant \describe ?
checkRd: (-1) AnnotateResults.Rd:15: Lost braces in \itemize; meant \describe ?
checkRd: (-1) CoMethSingleRegion.Rd:55-60: Lost braces in \itemize; \value handles \item{}{} directly
checkRd: (-1) CoMethSingleRegion.Rd:61-63: Lost braces in \itemize; \value handles \item{}{} directly
checkRd: (-1) CreateRdrop.Rd:23: Lost braces in \itemize; \value handles \item{}{} directly
checkRd: (-1) CreateRdrop.Rd:24-25: Lost braces in \itemize; \value handles \item{}{} directly
checkRd: (-1) MarkComethylatedCpGs.Rd:44: Lost braces in \itemize; \value handles \item{}{} directly
checkRd: (-1) MarkComethylatedCpGs.Rd:45-46: Lost braces in \itemize; \value handles \item{}{} directly
checkRd: (-1) MarkComethylatedCpGs.Rd:47: Lost braces in \itemize; \value handles \item{}{} directly
checkRd: (-1) MarkComethylatedCpGs.Rd:48-49: Lost braces in \itemize; \value handles \item{}{} directly
checkRd: (-1) MarkMissing.Rd:23-24: Lost braces in \itemize; \value handles \item{}{} directly
checkRd: (-1) MarkMissing.Rd:25-26: Lost braces in \itemize; \value handles \item{}{} directly
checkRd: (-1) MarkMissing.Rd:27-28: Lost braces in \itemize; \value handles \item{}{} directly
checkRd: (-1) MarkMissing.Rd:29-30: Lost braces in \itemize; \value handles \item{}{} directly
* checking Rd metadata ... OK
* checking Rd cross-references ... OK
* checking for missing documentation entries ... OK
* checking for code/documentation mismatches ... OK
* checking Rd \usage sections ... OK
* checking Rd contents ... OK
* checking for unstated dependencies in examples ... OK
* checking contents of ‘data’ directory ... OK
* checking data for non-ASCII characters ... OK
* checking data for ASCII and uncompressed saves ... OK
* checking files in ‘vignettes’ ... OK
* checking examples ... OK
Examples with CPU (user + system) or elapsed time > 5s
user system elapsed
CoMethSingleRegion 34.958 3.042 52.340
lmmTest 28.605 1.570 41.742
SplitCpGDFbyRegion 21.601 1.719 31.983
CpGsInfoOneRegion 19.922 1.435 29.976
lmmTestAllRegions 20.827 0.443 27.151
CoMethAllRegions 15.428 1.065 19.414
GetCpGsInRegion 13.724 0.973 20.493
AnnotateResults 12.419 0.535 12.994
CreateOutputDF 8.119 1.134 12.111
CpGsInfoAllRegions 8.608 0.642 12.123
CloseBySingleRegion 7.472 0.566 11.864
OrderCpGsByLocation 6.917 0.595 10.465
ImportSesameData 6.240 0.937 10.083
* checking for unstated dependencies in ‘tests’ ... OK
* checking tests ...
Running ‘testthat.R’
OK
* checking for unstated dependencies in vignettes ... OK
* checking package vignettes ... OK
* checking running R code from vignettes ... SKIPPED
* checking re-building of vignette outputs ... SKIPPED
* checking PDF version of manual ... OK
* DONE
Status: 1 WARNING, 2 NOTEs
See
‘/home/biocbuild/bbs-3.22-bioc/meat/coMethDMR.Rcheck/00check.log’
for details.
coMethDMR.Rcheck/00install.out
############################################################################## ############################################################################## ### ### Running command: ### ### /home/biocbuild/R/R/bin/R CMD INSTALL coMethDMR ### ############################################################################## ############################################################################## * installing to library ‘/home/biocbuild/R/R-4.5.0/site-library’ * installing *source* package ‘coMethDMR’ ... ** this is package ‘coMethDMR’ version ‘1.14.0’ ** using staged installation ** R ** data ** inst ** byte-compile and prepare package for lazy loading ** help *** installing help indices ** building package indices ** installing vignettes ** testing if installed package can be loaded from temporary location ** testing if installed package can be loaded from final location ** testing if installed package keeps a record of temporary installation path * DONE (coMethDMR)
coMethDMR.Rcheck/tests/testthat.Rout
R version 4.5.0 (2025-04-11) -- "How About a Twenty-Six"
Copyright (C) 2025 The R Foundation for Statistical Computing
Platform: aarch64-unknown-linux-gnu
R is free software and comes with ABSOLUTELY NO WARRANTY.
You are welcome to redistribute it under certain conditions.
Type 'license()' or 'licence()' for distribution details.
R is a collaborative project with many contributors.
Type 'contributors()' for more information and
'citation()' on how to cite R or R packages in publications.
Type 'demo()' for some demos, 'help()' for on-line help, or
'help.start()' for an HTML browser interface to help.
Type 'q()' to quit R.
> library(testthat)
> library(coMethDMR)
Checking for cached SeSAMe data.
>
> test_check("coMethDMR")
[ FAIL 0 | WARN 0 | SKIP 0 | PASS 12 ]
>
> proc.time()
user system elapsed
68.151 2.151 84.311
coMethDMR.Rcheck/coMethDMR-Ex.timings
| name | user | system | elapsed | |
| AnnotateResults | 12.419 | 0.535 | 12.994 | |
| CloseBySingleRegion | 7.472 | 0.566 | 11.864 | |
| CoMethAllRegions | 15.428 | 1.065 | 19.414 | |
| CoMethSingleRegion | 34.958 | 3.042 | 52.340 | |
| CpGsInfoAllRegions | 8.608 | 0.642 | 12.123 | |
| CpGsInfoOneRegion | 19.922 | 1.435 | 29.976 | |
| CreateOutputDF | 8.119 | 1.134 | 12.111 | |
| CreateParallelWorkers | 1.673 | 0.292 | 1.970 | |
| CreateRdrop | 0.000 | 0.004 | 0.004 | |
| FindComethylatedRegions | 0.026 | 0.000 | 0.026 | |
| GetCpGsInRegion | 13.724 | 0.973 | 20.493 | |
| GetResiduals | 0.269 | 0.004 | 0.273 | |
| ImportSesameData | 6.240 | 0.937 | 10.083 | |
| MarkComethylatedCpGs | 0.003 | 0.004 | 0.006 | |
| MarkMissing | 0.005 | 0.000 | 0.006 | |
| NameRegion | 0.001 | 0.000 | 0.001 | |
| OrderCpGsByLocation | 6.917 | 0.595 | 10.465 | |
| RegionsToRanges | 0.010 | 0.009 | 0.019 | |
| SplitCpGDFbyRegion | 21.601 | 1.719 | 31.983 | |
| WriteCloseByAllRegions | 0.065 | 0.000 | 0.066 | |
| lmmTest | 28.605 | 1.570 | 41.742 | |
| lmmTestAllRegions | 20.827 | 0.443 | 27.151 | |