| Back to Multiple platform build/check report for BioC 3.21: simplified long |
|
This page was generated on 2025-04-22 13:17 -0400 (Tue, 22 Apr 2025).
| Hostname | OS | Arch (*) | R version | Installed pkgs |
|---|---|---|---|---|
| nebbiolo1 | Linux (Ubuntu 24.04.1 LTS) | x86_64 | 4.5.0 RC (2025-04-04 r88126) -- "How About a Twenty-Six" | 4831 |
| palomino7 | Windows Server 2022 Datacenter | x64 | 4.5.0 RC (2025-04-04 r88126 ucrt) -- "How About a Twenty-Six" | 4573 |
| lconway | macOS 12.7.1 Monterey | x86_64 | 4.5.0 RC (2025-04-04 r88126) -- "How About a Twenty-Six" | 4599 |
| kjohnson3 | macOS 13.7.1 Ventura | arm64 | 4.5.0 RC (2025-04-04 r88126) -- "How About a Twenty-Six" | 4553 |
| kunpeng2 | Linux (openEuler 24.03 LTS) | aarch64 | R Under development (unstable) (2025-02-19 r87757) -- "Unsuffered Consequences" | 4570 |
| Click on any hostname to see more info about the system (e.g. compilers) (*) as reported by 'uname -p', except on Windows and Mac OS X | ||||
| Package 420/2341 | Hostname | OS / Arch | INSTALL | BUILD | CHECK | BUILD BIN | ||||||||
Tiphaine Martin
| nebbiolo1 | Linux (Ubuntu 24.04.1 LTS) / x86_64 | OK | OK | ERROR | |||||||||
| palomino7 | Windows Server 2022 Datacenter / x64 | OK | OK | ERROR | OK | |||||||||
| lconway | macOS 12.7.1 Monterey / x86_64 | OK | OK | ERROR | OK | |||||||||
| kjohnson3 | macOS 13.7.1 Ventura / arm64 | OK | OK | ERROR | OK | |||||||||
| kunpeng2 | Linux (openEuler 24.03 LTS) / aarch64 | OK | OK | ERROR | ||||||||||
|
To the developers/maintainers of the coMET package: - Allow up to 24 hours (and sometimes 48 hours) for your latest push to git@git.bioconductor.org:packages/coMET.git to reflect on this report. See Troubleshooting Build Report for more information. - Use the following Renviron settings to reproduce errors and warnings. - If 'R CMD check' started to fail recently on the Linux builder(s) over a missing dependency, add the missing dependency to 'Suggests:' in your DESCRIPTION file. See Renviron.bioc for more information. |
| Package: coMET |
| Version: 1.40.0 |
| Command: /Library/Frameworks/R.framework/Resources/bin/R CMD check --install=check:coMET.install-out.txt --library=/Library/Frameworks/R.framework/Resources/library --no-vignettes --timings coMET_1.40.0.tar.gz |
| StartedAt: 2025-04-21 18:45:03 -0400 (Mon, 21 Apr 2025) |
| EndedAt: 2025-04-21 18:48:37 -0400 (Mon, 21 Apr 2025) |
| EllapsedTime: 213.6 seconds |
| RetCode: 1 |
| Status: ERROR |
| CheckDir: coMET.Rcheck |
| Warnings: NA |
##############################################################################
##############################################################################
###
### Running command:
###
### /Library/Frameworks/R.framework/Resources/bin/R CMD check --install=check:coMET.install-out.txt --library=/Library/Frameworks/R.framework/Resources/library --no-vignettes --timings coMET_1.40.0.tar.gz
###
##############################################################################
##############################################################################
* using log directory ‘/Users/biocbuild/bbs-3.21-bioc/meat/coMET.Rcheck’
* using R version 4.5.0 RC (2025-04-04 r88126)
* using platform: aarch64-apple-darwin20
* R was compiled by
Apple clang version 14.0.0 (clang-1400.0.29.202)
GNU Fortran (GCC) 14.2.0
* running under: macOS Ventura 13.7.1
* using session charset: UTF-8
* using option ‘--no-vignettes’
* checking for file ‘coMET/DESCRIPTION’ ... OK
* checking extension type ... Package
* this is package ‘coMET’ version ‘1.40.0’
* checking package namespace information ... OK
* checking package dependencies ... OK
* checking if this is a source package ... OK
* checking if there is a namespace ... OK
* checking for hidden files and directories ... OK
* checking for portable file names ... OK
* checking for sufficient/correct file permissions ... OK
* checking whether package ‘coMET’ can be installed ... WARNING
Found the following significant warnings:
Warning: replacing previous import 'utils::findMatches' by 'S4Vectors::findMatches' when loading 'coMET'
See ‘/Users/biocbuild/bbs-3.21-bioc/meat/coMET.Rcheck/00install.out’ for details.
* checking installed package size ... INFO
installed size is 18.9Mb
sub-directories of 1Mb or more:
data 7.6Mb
extdata 10.7Mb
* checking package directory ... OK
* checking ‘build’ directory ... OK
* checking DESCRIPTION meta-information ... OK
* checking top-level files ... NOTE
File
LICENSE
is not mentioned in the DESCRIPTION file.
* checking for left-over files ... OK
* checking index information ... OK
* checking package subdirectories ... OK
* checking code files for non-ASCII characters ... OK
* checking R files for syntax errors ... OK
* checking whether the package can be loaded ... OK
* checking whether the package can be loaded with stated dependencies ... OK
* checking whether the package can be unloaded cleanly ... OK
* checking whether the namespace can be loaded with stated dependencies ... OK
* checking whether the namespace can be unloaded cleanly ... OK
* checking whether startup messages can be suppressed ... OK
* checking dependencies in R code ... OK
* checking S3 generic/method consistency ... OK
* checking replacement functions ... OK
* checking foreign function calls ... OK
* checking R code for possible problems ... NOTE
draw.plot.annotation : <anonymous>: no visible global function
definition for 'ggplotGrob'
draw.plot.annotation: no visible global function definition for
'viewTracks'
draw.plot.annotation: no visible global function definition for
'trackList'
eQTL: no visible binding for global variable 'chromosome_stop'
eQTL: no visible binding for global variable 'chromosome_start'
eQTL: no visible binding for global variable 'chromosome_name'
eQTL_GTEx: no visible binding for global variable 'snp_pos'
eQTL_GTEx: no visible binding for global variable 'snp_chrom'
eQTL_GTEx: no visible binding for global variable 'gene_start'
eQTL_GTEx: no visible binding for global variable 'gene_stop'
eQTL_GTEx: no visible binding for global variable 'gene_chr'
geneExpression_GTEx: no visible global function definition for 'as'
metQTL: no visible binding for global variable 'chromosome_stop'
metQTL: no visible binding for global variable 'chromosome_start'
metQTL: no visible binding for global variable 'chromosome_name'
pizza: no visible global function definition for 'par'
pizza: no visible global function definition for 'plot.new'
pizza: no visible global function definition for 'plot.window'
pizza: no visible global function definition for 'polygon'
pizza: no visible global function definition for 'lines'
pizza: no visible global function definition for 'text'
psiQTL_GTEx: no visible binding for global variable 'pos_snp'
psiQTL_GTEx: no visible binding for global variable 'chr_snp'
psiQTL_GTEx: no visible binding for global variable 'pos_middle_exon'
psiQTL_GTEx: no visible binding for global variable 'chr_exon'
Undefined global functions or variables:
as chr_exon chr_snp chromosome_name chromosome_start chromosome_stop
gene_chr gene_start gene_stop ggplotGrob lines par plot.new
plot.window polygon pos_middle_exon pos_snp snp_chrom snp_pos text
trackList viewTracks
Consider adding
importFrom("graphics", "lines", "par", "plot.new", "plot.window",
"polygon", "text")
importFrom("methods", "as")
to your NAMESPACE file (and ensure that your DESCRIPTION Imports field
contains 'methods').
* checking Rd files ... NOTE
checkRd: (-1) ChIPTF_ENCODE.Rd:36: Escaped LaTeX specials: \#
* checking Rd metadata ... OK
* checking Rd cross-references ... OK
* checking for missing documentation entries ... OK
* checking for code/documentation mismatches ... OK
* checking Rd \usage sections ... NOTE
Objects in \usage without \alias in Rd file 'check.configVar.cometlist.Rd':
‘check.configVar.cometlist’
Functions with \usage entries need to have the appropriate \alias
entries, and all their arguments documented.
The \usage entries must correspond to syntactically valid R code.
See chapter ‘Writing R documentation files’ in the ‘Writing R
Extensions’ manual.
* checking Rd contents ... OK
* checking for unstated dependencies in examples ... OK
* checking contents of ‘data’ directory ... OK
* checking data for non-ASCII characters ... OK
* checking data for ASCII and uncompressed saves ... OK
* checking sizes of PDF files under ‘inst/doc’ ... OK
* checking files in ‘vignettes’ ... OK
* checking examples ... ERROR
Running examples in ‘coMET-Ex.R’ failed
The error most likely occurred in:
> base::assign(".ptime", proc.time(), pos = "CheckExEnv")
> ### Name: imprintedGenes_GTEx
> ### Title: Creates a imprinted genes track from GTEx
> ### Aliases: imprintedGenes_GTEx
> ### Keywords: hplot
>
> ### ** Examples
>
> library("Gviz")
> gen<-"hg19"
> chr<- "chr6"
> start <- 144251437
> end <- 144330541
>
> if(interactive()){
+ allIGtrack <- imprintedGenes_GTEx(gen,chr,start, end,
+ tissues="all", classification="imprinted",showId=TRUE)
+ allimprintedIGtrack <- imprintedGenes_GTEx(gen,chr,start, end,
+ tissues="all", classification="imprinted",showId=TRUE)
+ StomachIGtrack <-imprintedGenes_GTEx(gen,chr,start, end,
+ tissues="Stomach", classification="all",showId=TRUE)
+ PancreasIGtrack <- imprintedGenes_GTEx(gen,chr,start, end,
+ tissues="Pancreas", classification="all",showId=TRUE)
+ PancreasimprintedIGtrack <- imprintedGenes_GTEx(gen,chr,start, end,
+ tissues="Pancreas", classification="biallelic",showId=TRUE)
+
+ imprintinglist <- list(allIGtrack,allimprintedIGtrack,
+ StomachIGtrack,PancreasIGtrack,PancreasimprintedIGtrack)
+
+ plotTracks(imprintinglist, from = start, to = end,
+ fontfamily="sans",fontfamily.title="sans")
+
+ } else {
+
+ data(allIGtrack)
+ data(allimprintedIGtrack)
+ data(StomachIGtrack)
+ data(PancreasIGtrack)
+ data(PancreasimprintedIGtrack)
+
+ imprintinglist <- list(allIGtrack,allimprintedIGtrack,
+ StomachIGtrack,PancreasIGtrack,PancreasimprintedIGtrack)
+
+ plotTracks(imprintinglist, from = start, to = end,
+ fontfamily="sans",fontfamily.title="sans")
+ }
Error in do.call(c, obj@http_config) :
no slot of name "http_config" for this object of class "Mart"
Calls: plotTracks ... list2 -> martHTTPConfig -> martHTTPConfig -> do.call
Execution halted
Examples with CPU (user + system) or elapsed time > 5s
user system elapsed
comet.web 2.628 0.100 17.538
coMET-package 2.419 0.076 13.775
* checking for unstated dependencies in ‘tests’ ... OK
* checking tests ...
Running ‘runTests.R’
OK
* checking for unstated dependencies in vignettes ... OK
* checking package vignettes ... OK
* checking running R code from vignettes ... SKIPPED
* checking re-building of vignette outputs ... SKIPPED
* checking PDF version of manual ... OK
* DONE
Status: 1 ERROR, 1 WARNING, 4 NOTEs
See
‘/Users/biocbuild/bbs-3.21-bioc/meat/coMET.Rcheck/00check.log’
for details.
coMET.Rcheck/00install.out
############################################################################## ############################################################################## ### ### Running command: ### ### /Library/Frameworks/R.framework/Resources/bin/R CMD INSTALL coMET ### ############################################################################## ############################################################################## * installing to library ‘/Library/Frameworks/R.framework/Versions/4.5-arm64/Resources/library’ * installing *source* package ‘coMET’ ... ** this is package ‘coMET’ version ‘1.40.0’ ** using staged installation ** R ** data ** inst ** byte-compile and prepare package for lazy loading Warning: replacing previous import 'utils::findMatches' by 'S4Vectors::findMatches' when loading 'coMET' ** help *** installing help indices ** building package indices ** installing vignettes ** testing if installed package can be loaded from temporary location Warning: replacing previous import 'utils::findMatches' by 'S4Vectors::findMatches' when loading 'coMET' Warning in fun(libname, pkgname) : Package 'coMET' is deprecated and will be removed from Bioconductor version 3.22 ** testing if installed package can be loaded from final location Warning: replacing previous import 'utils::findMatches' by 'S4Vectors::findMatches' when loading 'coMET' Warning in fun(libname, pkgname) : Package 'coMET' is deprecated and will be removed from Bioconductor version 3.22 ** testing if installed package keeps a record of temporary installation path * DONE (coMET)
coMET.Rcheck/tests/runTests.Rout
R version 4.5.0 RC (2025-04-04 r88126) -- "How About a Twenty-Six"
Copyright (C) 2025 The R Foundation for Statistical Computing
Platform: aarch64-apple-darwin20
R is free software and comes with ABSOLUTELY NO WARRANTY.
You are welcome to redistribute it under certain conditions.
Type 'license()' or 'licence()' for distribution details.
R is a collaborative project with many contributors.
Type 'contributors()' for more information and
'citation()' on how to cite R or R packages in publications.
Type 'demo()' for some demos, 'help()' for on-line help, or
'help.start()' for an HTML browser interface to help.
Type 'q()' to quit R.
> require("coMET") || stop("unable to load Package:coMET")
Loading required package: coMET
Loading required package: grid
Loading required package: biomaRt
Loading required package: Gviz
Loading required package: S4Vectors
Loading required package: stats4
Loading required package: BiocGenerics
Loading required package: generics
Attaching package: 'generics'
The following objects are masked from 'package:base':
as.difftime, as.factor, as.ordered, intersect, is.element, setdiff,
setequal, union
Attaching package: 'BiocGenerics'
The following objects are masked from 'package:stats':
IQR, mad, sd, var, xtabs
The following objects are masked from 'package:base':
Filter, Find, Map, Position, Reduce, anyDuplicated, aperm, append,
as.data.frame, basename, cbind, colnames, dirname, do.call,
duplicated, eval, evalq, get, grep, grepl, is.unsorted, lapply,
mapply, match, mget, order, paste, pmax, pmax.int, pmin, pmin.int,
rank, rbind, rownames, sapply, saveRDS, table, tapply, unique,
unsplit, which.max, which.min
Attaching package: 'S4Vectors'
The following object is masked from 'package:utils':
findMatches
The following objects are masked from 'package:base':
I, expand.grid, unname
Loading required package: IRanges
Loading required package: GenomicRanges
Loading required package: GenomeInfoDb
Loading required package: psych
Attaching package: 'psych'
The following object is masked from 'package:GenomicRanges':
distance
The following objects are masked from 'package:IRanges':
distance, reflect
[1] TRUE
Warning messages:
1: replacing previous import 'utils::findMatches' by 'S4Vectors::findMatches' when loading 'coMET'
2: In fun(libname, pkgname) :
Package 'coMET' is deprecated and will be removed from Bioconductor
version 3.22
> BiocGenerics:::testPackage("coMET")
RUNIT TEST PROTOCOL -- Mon Apr 21 18:48:32 2025
***********************************************
Number of test functions: 1
Number of errors: 0
Number of failures: 0
1 Test Suite :
coMET RUnit Tests - 1 test function, 0 errors, 0 failures
Number of test functions: 1
Number of errors: 0
Number of failures: 0
>
> proc.time()
user system elapsed
6.355 0.252 6.629
coMET.Rcheck/coMET-Ex.timings
| name | user | system | elapsed | |
| COSMIC_UCSC | 0.821 | 0.038 | 0.859 | |
| ChIPTF_ENCODE | 0.233 | 0.009 | 0.242 | |
| ClinVarCnv_UCSC | 0.128 | 0.005 | 0.133 | |
| ClinVarMain_UCSC | 0.129 | 0.002 | 0.131 | |
| CoreillCNV_UCSC | 0.136 | 0.002 | 0.138 | |
| DNAse_UCSC | 0 | 0 | 0 | |
| DNaseI_FANTOM | 0.229 | 0.002 | 0.233 | |
| DNaseI_RoadMap | 0.070 | 0.003 | 0.073 | |
| GAD_UCSC | 0.139 | 0.002 | 0.141 | |
| GWAScatalog_UCSC | 0.108 | 0.002 | 0.125 | |
| GeneReviews_UCSC | 0.177 | 0.002 | 0.189 | |
| HiCdata2matrix | 0.012 | 0.002 | 0.015 | |
| HistoneAll_UCSC | 1.263 | 0.005 | 1.280 | |
| HistoneOne_UCSC | 0.117 | 0.003 | 0.120 | |
| ISCA_UCSC | 0.145 | 0.002 | 0.156 | |
| TFBS_FANTOM | 0.139 | 0.002 | 0.146 | |
| bindingMotifsBiomart_ENSEMBL | 0.055 | 0.005 | 0.059 | |
| chrUCSC2ENSEMBL | 0 | 0 | 0 | |
| chromHMM_RoadMap | 0.209 | 0.005 | 0.215 | |
| chromatinHMMAll_UCSC | 1.321 | 0.005 | 1.341 | |
| chromatinHMMOne_UCSC | 0.160 | 0.003 | 0.162 | |
| coMET-package | 2.419 | 0.076 | 13.775 | |
| col2HSV | 0.001 | 0.000 | 0.000 | |
| comet | 0.892 | 0.022 | 0.924 | |
| comet.list | 0.207 | 0.005 | 0.213 | |
| comet.web | 2.628 | 0.100 | 17.538 | |
| complementary | 0.009 | 0.001 | 0.009 | |
| cpgIslands_UCSC | 0.042 | 0.002 | 0.044 | |
| dgfootprints_RoadMap | 0.455 | 0.006 | 0.460 | |
| eQTL | 0.529 | 0.011 | 0.540 | |
| eQTL_GTEx | 0.410 | 0.013 | 0.422 | |
| gcContent_UCSC | 0.747 | 0.004 | 0.750 | |
| genesName_ENSEMBL | 0.001 | 0.001 | 0.002 | |
| genes_ENSEMBL | 0.247 | 0.002 | 0.249 | |