Back to Multiple platform build/check report for BioC 3.21:   simplified   long
AB[C]DEFGHIJKLMNOPQRSTUVWXYZ

This page was generated on 2025-10-16 11:40 -0400 (Thu, 16 Oct 2025).

HostnameOSArch (*)R versionInstalled pkgs
nebbiolo1Linux (Ubuntu 24.04.3 LTS)x86_644.5.1 (2025-06-13) -- "Great Square Root" 4833
merida1macOS 12.7.6 Montereyx86_644.5.1 RC (2025-06-05 r88288) -- "Great Square Root" 4614
kjohnson1macOS 13.7.5 Venturaarm644.5.1 Patched (2025-06-14 r88325) -- "Great Square Root" 4555
kunpeng2Linux (openEuler 24.03 LTS)aarch64R Under development (unstable) (2025-02-19 r87757) -- "Unsuffered Consequences" 4586
Click on any hostname to see more info about the system (e.g. compilers)      (*) as reported by 'uname -p', except on Windows and Mac OS X

Package 420/2341HostnameOS / ArchINSTALLBUILDCHECKBUILD BIN
coMET 1.40.0  (landing page)
Tiphaine Martin
Snapshot Date: 2025-10-13 13:40 -0400 (Mon, 13 Oct 2025)
git_url: https://git.bioconductor.org/packages/coMET
git_branch: RELEASE_3_21
git_last_commit: 4cc3c35
git_last_commit_date: 2025-04-15 12:59:28 -0400 (Tue, 15 Apr 2025)
nebbiolo1Linux (Ubuntu 24.04.3 LTS) / x86_64  OK    OK    ERROR  
merida1macOS 12.7.6 Monterey / x86_64  OK    OK    WARNINGS    OK  UNNEEDED, same version is already published
kjohnson1macOS 13.7.5 Ventura / arm64  OK    OK    WARNINGS    OK  UNNEEDED, same version is already published
kunpeng2Linux (openEuler 24.03 LTS) / aarch64  OK    OK    ERROR  


CHECK results for coMET on kjohnson1

To the developers/maintainers of the coMET package:
- Allow up to 24 hours (and sometimes 48 hours) for your latest push to git@git.bioconductor.org:packages/coMET.git to reflect on this report. See Troubleshooting Build Report for more information.
- Use the following Renviron settings to reproduce errors and warnings.
- If 'R CMD check' started to fail recently on the Linux builder(s) over a missing dependency, add the missing dependency to 'Suggests:' in your DESCRIPTION file. See Renviron.bioc for more information.

raw results


Summary

Package: coMET
Version: 1.40.0
Command: /Library/Frameworks/R.framework/Resources/bin/R CMD check --install=check:coMET.install-out.txt --library=/Library/Frameworks/R.framework/Resources/library --no-vignettes --timings coMET_1.40.0.tar.gz
StartedAt: 2025-10-14 16:52:58 -0400 (Tue, 14 Oct 2025)
EndedAt: 2025-10-14 17:03:05 -0400 (Tue, 14 Oct 2025)
EllapsedTime: 607.4 seconds
RetCode: 0
Status:   WARNINGS  
CheckDir: coMET.Rcheck
Warnings: 1

Command output

##############################################################################
##############################################################################
###
### Running command:
###
###   /Library/Frameworks/R.framework/Resources/bin/R CMD check --install=check:coMET.install-out.txt --library=/Library/Frameworks/R.framework/Resources/library --no-vignettes --timings coMET_1.40.0.tar.gz
###
##############################################################################
##############################################################################


* using log directory ‘/Users/biocbuild/bbs-3.21-bioc/meat/coMET.Rcheck’
* using R version 4.5.1 Patched (2025-06-14 r88325)
* using platform: aarch64-apple-darwin20
* R was compiled by
    Apple clang version 16.0.0 (clang-1600.0.26.6)
    GNU Fortran (GCC) 14.2.0
* running under: macOS Ventura 13.7.5
* using session charset: UTF-8
* using option ‘--no-vignettes’
* checking for file ‘coMET/DESCRIPTION’ ... OK
* checking extension type ... Package
* this is package ‘coMET’ version ‘1.40.0’
* checking package namespace information ... OK
* checking package dependencies ... OK
* checking if this is a source package ... OK
* checking if there is a namespace ... OK
* checking for hidden files and directories ... OK
* checking for portable file names ... OK
* checking for sufficient/correct file permissions ... OK
* checking whether package ‘coMET’ can be installed ... WARNING
Found the following significant warnings:
  Warning: replacing previous import 'utils::findMatches' by 'S4Vectors::findMatches' when loading 'coMET'
See ‘/Users/biocbuild/bbs-3.21-bioc/meat/coMET.Rcheck/00install.out’ for details.
* checking installed package size ... INFO
  installed size is 18.9Mb
  sub-directories of 1Mb or more:
    data      7.6Mb
    extdata  10.7Mb
* checking package directory ... OK
* checking ‘build’ directory ... OK
* checking DESCRIPTION meta-information ... OK
* checking top-level files ... NOTE
File
  LICENSE
is not mentioned in the DESCRIPTION file.
* checking for left-over files ... OK
* checking index information ... OK
* checking package subdirectories ... OK
* checking code files for non-ASCII characters ... OK
* checking R files for syntax errors ... OK
* checking whether the package can be loaded ... OK
* checking whether the package can be loaded with stated dependencies ... OK
* checking whether the package can be unloaded cleanly ... OK
* checking whether the namespace can be loaded with stated dependencies ... OK
* checking whether the namespace can be unloaded cleanly ... OK
* checking whether startup messages can be suppressed ... OK
* checking dependencies in R code ... OK
* checking S3 generic/method consistency ... OK
* checking replacement functions ... OK
* checking foreign function calls ... OK
* checking R code for possible problems ... NOTE
draw.plot.annotation : <anonymous>: no visible global function
  definition for 'ggplotGrob'
draw.plot.annotation: no visible global function definition for
  'viewTracks'
draw.plot.annotation: no visible global function definition for
  'trackList'
eQTL: no visible binding for global variable 'chromosome_stop'
eQTL: no visible binding for global variable 'chromosome_start'
eQTL: no visible binding for global variable 'chromosome_name'
eQTL_GTEx: no visible binding for global variable 'snp_pos'
eQTL_GTEx: no visible binding for global variable 'snp_chrom'
eQTL_GTEx: no visible binding for global variable 'gene_start'
eQTL_GTEx: no visible binding for global variable 'gene_stop'
eQTL_GTEx: no visible binding for global variable 'gene_chr'
geneExpression_GTEx: no visible global function definition for 'as'
metQTL: no visible binding for global variable 'chromosome_stop'
metQTL: no visible binding for global variable 'chromosome_start'
metQTL: no visible binding for global variable 'chromosome_name'
pizza: no visible global function definition for 'par'
pizza: no visible global function definition for 'plot.new'
pizza: no visible global function definition for 'plot.window'
pizza: no visible global function definition for 'polygon'
pizza: no visible global function definition for 'lines'
pizza: no visible global function definition for 'text'
psiQTL_GTEx: no visible binding for global variable 'pos_snp'
psiQTL_GTEx: no visible binding for global variable 'chr_snp'
psiQTL_GTEx: no visible binding for global variable 'pos_middle_exon'
psiQTL_GTEx: no visible binding for global variable 'chr_exon'
Undefined global functions or variables:
  as chr_exon chr_snp chromosome_name chromosome_start chromosome_stop
  gene_chr gene_start gene_stop ggplotGrob lines par plot.new
  plot.window polygon pos_middle_exon pos_snp snp_chrom snp_pos text
  trackList viewTracks
Consider adding
  importFrom("graphics", "lines", "par", "plot.new", "plot.window",
             "polygon", "text")
  importFrom("methods", "as")
to your NAMESPACE file (and ensure that your DESCRIPTION Imports field
contains 'methods').
* checking Rd files ... NOTE
checkRd: (-1) ChIPTF_ENCODE.Rd:36: Escaped LaTeX specials: \#
* checking Rd metadata ... OK
* checking Rd cross-references ... OK
* checking for missing documentation entries ... OK
* checking for code/documentation mismatches ... OK
* checking Rd \usage sections ... NOTE
Objects in \usage without \alias in Rd file 'check.configVar.cometlist.Rd':
  ‘check.configVar.cometlist’

Functions with \usage entries need to have the appropriate \alias
entries, and all their arguments documented.
The \usage entries must correspond to syntactically valid R code.
See chapter ‘Writing R documentation files’ in the ‘Writing R
Extensions’ manual.
* checking Rd contents ... OK
* checking for unstated dependencies in examples ... OK
* checking contents of ‘data’ directory ... OK
* checking data for non-ASCII characters ... OK
* checking data for ASCII and uncompressed saves ... OK
* checking sizes of PDF files under ‘inst/doc’ ... OK
* checking files in ‘vignettes’ ... OK
* checking examples ... OK
Examples with CPU (user + system) or elapsed time > 5s
               user system elapsed
comet.web     8.164  0.214  14.346
coMET-package 7.433  0.209  12.968
* checking for unstated dependencies in ‘tests’ ... OK
* checking tests ...
  Running ‘runTests.R’
 OK
* checking for unstated dependencies in vignettes ... OK
* checking package vignettes ... OK
* checking running R code from vignettes ... SKIPPED
* checking re-building of vignette outputs ... SKIPPED
* checking PDF version of manual ... OK
* DONE

Status: 1 WARNING, 4 NOTEs
See
  ‘/Users/biocbuild/bbs-3.21-bioc/meat/coMET.Rcheck/00check.log’
for details.


Installation output

coMET.Rcheck/00install.out

##############################################################################
##############################################################################
###
### Running command:
###
###   /Library/Frameworks/R.framework/Resources/bin/R CMD INSTALL coMET
###
##############################################################################
##############################################################################


* installing to library ‘/Library/Frameworks/R.framework/Versions/4.5-arm64/Resources/library’
* installing *source* package ‘coMET’ ...
** this is package ‘coMET’ version ‘1.40.0’
** using staged installation
** R
** data
** inst
** byte-compile and prepare package for lazy loading
Warning: replacing previous import 'utils::findMatches' by 'S4Vectors::findMatches' when loading 'coMET'
** help
*** installing help indices
** building package indices
** installing vignettes
** testing if installed package can be loaded from temporary location
Warning: replacing previous import 'utils::findMatches' by 'S4Vectors::findMatches' when loading 'coMET'
Warning in fun(libname, pkgname) :
  Package 'coMET' is deprecated and will be removed from Bioconductor
  version 3.22
** testing if installed package can be loaded from final location
Warning: replacing previous import 'utils::findMatches' by 'S4Vectors::findMatches' when loading 'coMET'
Warning in fun(libname, pkgname) :
  Package 'coMET' is deprecated and will be removed from Bioconductor
  version 3.22
** testing if installed package keeps a record of temporary installation path
* DONE (coMET)

Tests output

coMET.Rcheck/tests/runTests.Rout


R version 4.5.1 Patched (2025-06-14 r88325) -- "Great Square Root"
Copyright (C) 2025 The R Foundation for Statistical Computing
Platform: aarch64-apple-darwin20

R is free software and comes with ABSOLUTELY NO WARRANTY.
You are welcome to redistribute it under certain conditions.
Type 'license()' or 'licence()' for distribution details.

R is a collaborative project with many contributors.
Type 'contributors()' for more information and
'citation()' on how to cite R or R packages in publications.

Type 'demo()' for some demos, 'help()' for on-line help, or
'help.start()' for an HTML browser interface to help.
Type 'q()' to quit R.

> require("coMET") || stop("unable to load Package:coMET")
Loading required package: coMET
Loading required package: grid
Loading required package: biomaRt
Loading required package: Gviz
Loading required package: S4Vectors
Loading required package: stats4
Loading required package: BiocGenerics
Loading required package: generics

Attaching package: 'generics'

The following objects are masked from 'package:base':

    as.difftime, as.factor, as.ordered, intersect, is.element, setdiff,
    setequal, union


Attaching package: 'BiocGenerics'

The following objects are masked from 'package:stats':

    IQR, mad, sd, var, xtabs

The following objects are masked from 'package:base':

    Filter, Find, Map, Position, Reduce, anyDuplicated, aperm, append,
    as.data.frame, basename, cbind, colnames, dirname, do.call,
    duplicated, eval, evalq, get, grep, grepl, is.unsorted, lapply,
    mapply, match, mget, order, paste, pmax, pmax.int, pmin, pmin.int,
    rank, rbind, rownames, sapply, saveRDS, table, tapply, unique,
    unsplit, which.max, which.min


Attaching package: 'S4Vectors'

The following object is masked from 'package:utils':

    findMatches

The following objects are masked from 'package:base':

    I, expand.grid, unname

Loading required package: IRanges
Loading required package: GenomicRanges
Loading required package: GenomeInfoDb
Loading required package: psych

Attaching package: 'psych'

The following object is masked from 'package:GenomicRanges':

    distance

The following objects are masked from 'package:IRanges':

    distance, reflect

[1] TRUE
Warning messages:
1: replacing previous import 'utils::findMatches' by 'S4Vectors::findMatches' when loading 'coMET' 
2: In fun(libname, pkgname) :
  Package 'coMET' is deprecated and will be removed from Bioconductor
  version 3.22
> BiocGenerics:::testPackage("coMET")


RUNIT TEST PROTOCOL -- Tue Oct 14 17:02:51 2025 
*********************************************** 
Number of test functions: 1 
Number of errors: 0 
Number of failures: 0 

 
1 Test Suite : 
coMET RUnit Tests - 1 test function, 0 errors, 0 failures
Number of test functions: 1 
Number of errors: 0 
Number of failures: 0 
> 
> proc.time()
   user  system elapsed 
 19.221   1.141  20.623 

Example timings

coMET.Rcheck/coMET-Ex.timings

nameusersystemelapsed
COSMIC_UCSC2.5010.0512.570
ChIPTF_ENCODE0.8180.0350.864
ClinVarCnv_UCSC0.4230.0060.434
ClinVarMain_UCSC0.4600.0110.473
CoreillCNV_UCSC0.4660.0100.483
DNAse_UCSC000
DNaseI_FANTOM0.7670.0120.787
DNaseI_RoadMap0.2350.0080.246
GAD_UCSC0.4750.0080.488
GWAScatalog_UCSC0.3730.0060.381
GeneReviews_UCSC0.6140.0080.623
HiCdata2matrix0.0360.0060.042
HistoneAll_UCSC4.5810.0244.650
HistoneOne_UCSC0.3980.0080.413
ISCA_UCSC0.4890.0070.501
TFBS_FANTOM0.4530.0060.462
bindingMotifsBiomart_ENSEMBL0.1580.0140.174
chrUCSC2ENSEMBL000
chromHMM_RoadMap0.7510.0180.779
chromatinHMMAll_UCSC4.7550.0284.835
chromatinHMMOne_UCSC0.4570.0070.466
coMET-package 7.433 0.20912.968
col2HSV0.0010.0000.001
comet3.1020.0673.224
comet.list0.7040.0090.721
comet.web 8.164 0.21414.346
complementary0.0250.0010.026
cpgIslands_UCSC0.1430.0050.150
dgfootprints_RoadMap1.3570.0201.391
eQTL1.7440.0231.783
eQTL_GTEx1.4550.0171.492
gcContent_UCSC1.8490.0131.871
genesName_ENSEMBL0.0030.0030.005
genes_ENSEMBL0.9070.0100.923
imprintedGenes_GTEx4.0180.0574.103
interestGenes_ENSEMBL0.8080.0070.823
interestTranscript_ENSEMBL0.8730.0080.892
knownGenes_UCSC0.9790.0100.997
metQTL1.3950.0201.424
miRNATargetRegionsBiomart_ENSEMBL0.0480.0060.054
otherRegulatoryRegionsBiomart_ENSEMBL0.1020.0120.114
pizza0.0060.0020.008
psiQTL_GTEx1.1750.0141.192
refGenes_UCSC0.9910.0101.011
regulationBiomart_ENSEMBL0.4070.0070.416
regulatoryEvidenceBiomart_ENSEMBL0.1540.0160.172
regulatoryFeaturesBiomart_ENSEMBL0.1560.0160.172
regulatorySegmentsBiomart_ENSEMBL0.1560.0150.174
repeatMasker_UCSC0.6150.0080.623
segmentalDups_UCSC0.4450.0060.453
setColors0.0010.0000.000
snpBiomart_ENSEMBL0.5190.0070.528
snpLocations_UCSC1.1310.0091.152
structureBiomart_ENSEMBL0.4520.0060.462
transcript_ENSEMBL1.3910.0111.417
xenorefGenes_UCSC0.6610.0080.675