| Back to Multiple platform build/check report for BioC 3.22: simplified long | 
  | 
This page was generated on 2025-08-15 12:06 -0400 (Fri, 15 Aug 2025).
| Hostname | OS | Arch (*) | R version | Installed pkgs | 
|---|---|---|---|---|
| nebbiolo2 | Linux (Ubuntu 24.04.3 LTS) | x86_64 | 4.5.1 (2025-06-13) -- "Great Square Root" | 4818 | 
| palomino8 | Windows Server 2022 Datacenter | x64 | 4.5.1 (2025-06-13 ucrt) -- "Great Square Root" | 4554 | 
| lconway | macOS 12.7.1 Monterey | x86_64 | 4.5.1 (2025-06-13) -- "Great Square Root" | 4595 | 
| kjohnson3 | macOS 13.7.7 Ventura | arm64 | 4.5.1 Patched (2025-06-14 r88325) -- "Great Square Root" | 4537 | 
| taishan | Linux (openEuler 24.03 LTS) | aarch64 | 4.5.0 (2025-04-11) -- "How About a Twenty-Six" | 4535 | 
| Click on any hostname to see more info about the system (e.g. compilers) (*) as reported by 'uname -p', except on Windows and Mac OS X | ||||
| Package 206/2317 | Hostname | OS / Arch | INSTALL | BUILD | CHECK | BUILD BIN | ||||||||
Pierrick Roger 
  | nebbiolo2 | Linux (Ubuntu 24.04.3 LTS) / x86_64 | OK | ERROR | skipped | |||||||||
| palomino8 | Windows Server 2022 Datacenter / x64 | OK | ERROR | skipped | skipped | |||||||||
| lconway | macOS 12.7.1 Monterey / x86_64 | OK | ERROR | skipped | skipped | |||||||||
| kjohnson3 | macOS 13.7.7 Ventura / arm64 | OK | ERROR | skipped | skipped | |||||||||
| taishan | Linux (openEuler 24.03 LTS) / aarch64 | OK | ERROR | skipped | ||||||||||
| 
To the developers/maintainers of the biodbHmdb package: - Allow up to 24 hours (and sometimes 48 hours) for your latest push to git@git.bioconductor.org:packages/biodbHmdb.git to reflect on this report. See Troubleshooting Build Report for more information. - Use the following Renviron settings to reproduce errors and warnings. - If 'R CMD check' started to fail recently on the Linux builder(s) over a missing dependency, add the missing dependency to 'Suggests:' in your DESCRIPTION file. See Renviron.bioc for more information.  | 
| Package: biodbHmdb | 
| Version: 1.15.1 | 
| Command: chmod a+r biodbHmdb -R && F:\biocbuild\bbs-3.22-bioc\R\bin\R.exe CMD build --keep-empty-dirs --no-resave-data biodbHmdb | 
| StartedAt: 2025-08-14 18:46:17 -0400 (Thu, 14 Aug 2025) | 
| EndedAt: 2025-08-14 18:48:27 -0400 (Thu, 14 Aug 2025) | 
| EllapsedTime: 129.1 seconds | 
| RetCode: 1 | 
| Status: ERROR | 
| PackageFile: None | 
| PackageFileSize: NA | 
##############################################################################
##############################################################################
###
### Running command:
###
###   chmod a+r biodbHmdb -R && F:\biocbuild\bbs-3.22-bioc\R\bin\R.exe CMD build --keep-empty-dirs --no-resave-data biodbHmdb
###
##############################################################################
##############################################################################
* checking for file 'biodbHmdb/DESCRIPTION' ... OK
* preparing 'biodbHmdb':
* checking DESCRIPTION meta-information ... OK
* cleaning src
* installing the package to build vignettes
* creating vignettes ... ERROR
--- re-building 'biodbHmdb.Rmd' using rmarkdown
INFO  [18:47:34.025] Loading definitions from package biodb version 1.17.1.
INFO  [18:48:25.346] Loading definitions from package biodbChebi version 1.15.1.
INFO  [18:48:25.414] Loading definitions from package biodbHmdb version 1.15.1.
INFO  [18:48:25.483] Loading definitions from package biodbNcbi version 1.13.1.
INFO  [18:48:25.602] Loading definitions from package biodbNci version 1.13.1.
INFO  [18:48:25.630] Loading definitions from package biodbUniprot version 1.15.1.
INFO  [18:48:26.072] Extract whole database of hmdb.metabolites.
INFO  [18:48:26.075] Extracting content of downloaded',
                    ' HMDB metabolite database...
Quitting from biodbHmdb.Rmd:76-78 [unnamed-chunk-5]
~~~~~~~~~~~~~~~~~~~~~~~~~~~~~~~~~~~~~~~~~~~~~~~~~~~~~~~~~~~~~~~~~~~~~~~~~~~~~~~~
<error/rlang_error>
Error in `private$doExtractDownload()`:
! attempt to apply non-function
---
Backtrace:
    ▆
 1. └─conn$getNbEntries()
 2.   └─private$doGetNbEntries(count = count)
 3.     └─self$getEntryIds()
 4.       └─private$doGetEntryIds(max.results = max.results, ...)
 5.         └─self$download()
 6.           └─private$doExtractDownload()
~~~~~~~~~~~~~~~~~~~~~~~~~~~~~~~~~~~~~~~~~~~~~~~~~~~~~~~~~~~~~~~~~~~~~~~~~~~~~~~~
Error: processing vignette 'biodbHmdb.Rmd' failed with diagnostics:
attempt to apply non-function
--- failed re-building 'biodbHmdb.Rmd'
SUMMARY: processing the following file failed:
  'biodbHmdb.Rmd'
Error: Vignette re-building failed.
Execution halted