| Back to Multiple platform build/check report for BioC 3.21: simplified long | 
 | 
This page was generated on 2025-10-16 11:37 -0400 (Thu, 16 Oct 2025).
| Hostname | OS | Arch (*) | R version | Installed pkgs | 
|---|---|---|---|---|
| nebbiolo1 | Linux (Ubuntu 24.04.3 LTS) | x86_64 | 4.5.1 (2025-06-13) -- "Great Square Root" | 4833 | 
| merida1 | macOS 12.7.6 Monterey | x86_64 | 4.5.1 RC (2025-06-05 r88288) -- "Great Square Root" | 4614 | 
| kjohnson1 | macOS 13.7.5 Ventura | arm64 | 4.5.1 Patched (2025-06-14 r88325) -- "Great Square Root" | 4555 | 
| kunpeng2 | Linux (openEuler 24.03 LTS) | aarch64 | R Under development (unstable) (2025-02-19 r87757) -- "Unsuffered Consequences" | 4586 | 
| Click on any hostname to see more info about the system (e.g. compilers) (*) as reported by 'uname -p', except on Windows and Mac OS X | ||||
| Package 80/2341 | Hostname | OS / Arch | INSTALL | BUILD | CHECK | BUILD BIN | ||||||||
| anota2seq 1.30.0  (landing page) Christian Oertlin 
 | nebbiolo1 | Linux (Ubuntu 24.04.3 LTS) / x86_64 | OK | OK | WARNINGS |  | ||||||||
| merida1 | macOS 12.7.6 Monterey / x86_64 | OK | OK | OK | OK |  | ||||||||
| kjohnson1 | macOS 13.7.5 Ventura / arm64 | OK | OK | OK | OK |  | ||||||||
| kunpeng2 | Linux (openEuler 24.03 LTS) / aarch64 | OK | OK | OK | ||||||||||
| To the developers/maintainers of the anota2seq package: - Allow up to 24 hours (and sometimes 48 hours) for your latest push to git@git.bioconductor.org:packages/anota2seq.git to reflect on this report. See Troubleshooting Build Report for more information. - Use the following Renviron settings to reproduce errors and warnings. - If 'R CMD check' started to fail recently on the Linux builder(s) over a missing dependency, add the missing dependency to 'Suggests:' in your DESCRIPTION file. See Renviron.bioc for more information. | 
| Package: anota2seq | 
| Version: 1.30.0 | 
| Command: /home/biocbuild/bbs-3.21-bioc/R/bin/R CMD check --install=check:anota2seq.install-out.txt --library=/home/biocbuild/bbs-3.21-bioc/R/site-library --timings anota2seq_1.30.0.tar.gz | 
| StartedAt: 2025-10-15 20:47:56 -0400 (Wed, 15 Oct 2025) | 
| EndedAt: 2025-10-15 20:53:57 -0400 (Wed, 15 Oct 2025) | 
| EllapsedTime: 360.8 seconds | 
| RetCode: 0 | 
| Status: WARNINGS | 
| CheckDir: anota2seq.Rcheck | 
| Warnings: 1 | 
##############################################################################
##############################################################################
###
### Running command:
###
###   /home/biocbuild/bbs-3.21-bioc/R/bin/R CMD check --install=check:anota2seq.install-out.txt --library=/home/biocbuild/bbs-3.21-bioc/R/site-library --timings anota2seq_1.30.0.tar.gz
###
##############################################################################
##############################################################################
* using log directory ‘/home/biocbuild/bbs-3.21-bioc/meat/anota2seq.Rcheck’
* using R version 4.5.1 (2025-06-13)
* using platform: x86_64-pc-linux-gnu
* R was compiled by
    gcc (Ubuntu 13.3.0-6ubuntu2~24.04) 13.3.0
    GNU Fortran (Ubuntu 13.3.0-6ubuntu2~24.04) 13.3.0
* running under: Ubuntu 24.04.3 LTS
* using session charset: UTF-8
* checking for file ‘anota2seq/DESCRIPTION’ ... OK
* this is package ‘anota2seq’ version ‘1.30.0’
* checking package namespace information ... OK
* checking package dependencies ... OK
* checking if this is a source package ... OK
* checking if there is a namespace ... OK
* checking for hidden files and directories ... OK
* checking for portable file names ... OK
* checking for sufficient/correct file permissions ... OK
* checking whether package ‘anota2seq’ can be installed ... OK
* checking installed package size ... OK
* checking package directory ... OK
* checking ‘build’ directory ... OK
* checking DESCRIPTION meta-information ... OK
* checking top-level files ... OK
* checking for left-over files ... OK
* checking index information ... OK
* checking package subdirectories ... OK
* checking code files for non-ASCII characters ... OK
* checking R files for syntax errors ... OK
* checking whether the package can be loaded ... OK
* checking whether the package can be loaded with stated dependencies ... OK
* checking whether the package can be unloaded cleanly ... OK
* checking whether the namespace can be loaded with stated dependencies ... OK
* checking whether the namespace can be unloaded cleanly ... OK
* checking loading without being on the library search path ... OK
* checking dependencies in R code ... OK
* checking S3 generic/method consistency ... OK
* checking replacement functions ... OK
* checking foreign function calls ... OK
* checking R code for possible problems ... OK
* checking Rd files ... OK
* checking Rd metadata ... OK
* checking Rd cross-references ... OK
* checking for missing documentation entries ... OK
* checking for code/documentation mismatches ... OK
* checking Rd \usage sections ... OK
* checking Rd contents ... OK
* checking for unstated dependencies in examples ... OK
* checking contents of ‘data’ directory ... OK
* checking data for non-ASCII characters ... OK
* checking LazyData ... OK
* checking data for ASCII and uncompressed saves ... OK
* checking files in ‘vignettes’ ... OK
* checking examples ... OK
Examples with CPU (user + system) or elapsed time > 5s
                               user system elapsed
anota2seqGetResidOutlierTest 31.147  0.156  31.311
anota2seqGetQualityControl   30.480  0.218  30.700
* checking for unstated dependencies in vignettes ... OK
* checking package vignettes ... OK
* checking re-building of vignette outputs ... WARNING
Error(s) in re-building vignettes:
  ...
--- re-building ‘anota2seq.Rnw’ using knitr
Error: processing vignette 'anota2seq.Rnw' failed with diagnostics:
Running 'texi2dvi' on 'anota2seq.tex' failed.
LaTeX errors:
! Package pdftex.def Error: File `figure/badSim.pdf' not found: using draft set
ting.
See the pdftex.def package documentation for explanation.
Type  H <return>  for immediate help.
! Emergency stop.
 ...                                              
                                                  
l.301 \includegraphics[]{figure/badSim.pdf}
                                           
!  ==> Fatal error occurred, no output PDF file produced!
--- failed re-building ‘anota2seq.Rnw’
SUMMARY: processing the following file failed:
  ‘anota2seq.Rnw’
Error: Vignette re-building failed.
Execution halted
* checking PDF version of manual ... OK
* DONE
Status: 1 WARNING
See
  ‘/home/biocbuild/bbs-3.21-bioc/meat/anota2seq.Rcheck/00check.log’
for details.
anota2seq.Rcheck/00install.out
############################################################################## ############################################################################## ### ### Running command: ### ### /home/biocbuild/bbs-3.21-bioc/R/bin/R CMD INSTALL anota2seq ### ############################################################################## ############################################################################## * installing to library ‘/home/biocbuild/bbs-3.21-bioc/R/site-library’ * installing *source* package ‘anota2seq’ ... ** this is package ‘anota2seq’ version ‘1.30.0’ ** using staged installation ** R ** data *** moving datasets to lazyload DB ** inst ** byte-compile and prepare package for lazy loading ** help *** installing help indices ** building package indices ** installing vignettes ** testing if installed package can be loaded from temporary location ** testing if installed package can be loaded from final location ** testing if installed package keeps a record of temporary installation path * DONE (anota2seq)
anota2seq.Rcheck/anota2seq-Ex.timings
| name | user | system | elapsed | |
| anota2seq-plots | 0 | 0 | 0 | |
| anota2seqAnalyze | 0.781 | 0.015 | 0.788 | |
| anota2seqDataSetFromMatrix | 0.131 | 0.001 | 0.131 | |
| anota2seqGetContrasts | 0.446 | 0.007 | 0.446 | |
| anota2seqGetCovariates | 1.057 | 0.017 | 1.073 | |
| anota2seqGetDeltaData | 0.423 | 0.029 | 0.452 | |
| anota2seqGetNormalizedData | 0.026 | 0.000 | 0.026 | |
| anota2seqGetOutput | 0.406 | 0.004 | 0.410 | |
| anota2seqGetQualityControl | 30.480 | 0.218 | 30.700 | |
| anota2seqGetResidOutlierTest | 31.147 | 0.156 | 31.311 | |
| anota2seqGetThresholds | 0.415 | 0.006 | 0.421 | |
| anota2seqPerformQC | 0 | 0 | 0 | |
| anota2seqRegModes | 1.185 | 0.006 | 1.191 | |
| anota2seqResidOutlierTest | 0.001 | 0.000 | 0.000 | |
| anota2seqRun | 1.138 | 0.002 | 1.140 | |
| anota2seqSelSigGenes | 0.431 | 0.003 | 0.434 | |
| anota2seq_data | 0.009 | 0.001 | 0.010 | |
| show-Anota2seqDataSet-method | 0.079 | 0.006 | 0.085 | |