| Back to Multiple platform build/check report for BioC 3.21: simplified long |
|
This page was generated on 2025-02-20 11:40 -0500 (Thu, 20 Feb 2025).
| Hostname | OS | Arch (*) | R version | Installed pkgs |
|---|---|---|---|---|
| nebbiolo1 | Linux (Ubuntu 24.04.1 LTS) | x86_64 | R Under development (unstable) (2025-01-20 r87609) -- "Unsuffered Consequences" | 4730 |
| palomino7 | Windows Server 2022 Datacenter | x64 | R Under development (unstable) (2025-01-21 r87610 ucrt) -- "Unsuffered Consequences" | 4491 |
| lconway | macOS 12.7.1 Monterey | x86_64 | R Under development (unstable) (2025-01-22 r87618) -- "Unsuffered Consequences" | 4503 |
| kjohnson3 | macOS 13.7.1 Ventura | arm64 | R Under development (unstable) (2025-01-20 r87609) -- "Unsuffered Consequences" | 4457 |
| Click on any hostname to see more info about the system (e.g. compilers) (*) as reported by 'uname -p', except on Windows and Mac OS X | ||||
| Package 2291/2302 | Hostname | OS / Arch | INSTALL | BUILD | CHECK | BUILD BIN | ||||||||
| XNAString 1.15.0 (landing page) Marianna Plucinska
| nebbiolo1 | Linux (Ubuntu 24.04.1 LTS) / x86_64 | OK | OK | WARNINGS | |||||||||
| palomino7 | Windows Server 2022 Datacenter / x64 | OK | OK | OK | OK | |||||||||
| lconway | macOS 12.7.1 Monterey / x86_64 | OK | OK | WARNINGS | OK | |||||||||
| kjohnson3 | macOS 13.7.1 Ventura / arm64 | OK | OK | WARNINGS | OK | |||||||||
|
To the developers/maintainers of the XNAString package: - Allow up to 24 hours (and sometimes 48 hours) for your latest push to git@git.bioconductor.org:packages/XNAString.git to reflect on this report. See Troubleshooting Build Report for more information. - Use the following Renviron settings to reproduce errors and warnings. - If 'R CMD check' started to fail recently on the Linux builder(s) over a missing dependency, add the missing dependency to 'Suggests:' in your DESCRIPTION file. See Renviron.bioc for more information. |
| Package: XNAString |
| Version: 1.15.0 |
| Command: /home/biocbuild/bbs-3.21-bioc/R/bin/R CMD check --install=check:XNAString.install-out.txt --library=/home/biocbuild/bbs-3.21-bioc/R/site-library --timings XNAString_1.15.0.tar.gz |
| StartedAt: 2025-02-20 03:39:13 -0500 (Thu, 20 Feb 2025) |
| EndedAt: 2025-02-20 03:44:58 -0500 (Thu, 20 Feb 2025) |
| EllapsedTime: 344.9 seconds |
| RetCode: 0 |
| Status: WARNINGS |
| CheckDir: XNAString.Rcheck |
| Warnings: 1 |
##############################################################################
##############################################################################
###
### Running command:
###
### /home/biocbuild/bbs-3.21-bioc/R/bin/R CMD check --install=check:XNAString.install-out.txt --library=/home/biocbuild/bbs-3.21-bioc/R/site-library --timings XNAString_1.15.0.tar.gz
###
##############################################################################
##############################################################################
* using log directory ‘/home/biocbuild/bbs-3.21-bioc/meat/XNAString.Rcheck’
* using R Under development (unstable) (2025-01-20 r87609)
* using platform: x86_64-pc-linux-gnu
* R was compiled by
gcc (Ubuntu 13.3.0-6ubuntu2~24.04) 13.3.0
GNU Fortran (Ubuntu 13.3.0-6ubuntu2~24.04) 13.3.0
* running under: Ubuntu 24.04.2 LTS
* using session charset: UTF-8
* checking for file ‘XNAString/DESCRIPTION’ ... OK
* this is package ‘XNAString’ version ‘1.15.0’
* package encoding: UTF-8
* checking package namespace information ... OK
* checking package dependencies ... OK
* checking if this is a source package ... OK
* checking if there is a namespace ... OK
* checking for hidden files and directories ... OK
* checking for portable file names ... OK
* checking for sufficient/correct file permissions ... OK
* checking whether package ‘XNAString’ can be installed ... OK
* used C++ compiler: ‘g++ (Ubuntu 13.3.0-6ubuntu2~24.04) 13.3.0’
* checking C++ specification ... NOTE
Specified C++11: please drop specification unless essential
* checking installed package size ... OK
* checking package directory ... OK
* checking ‘build’ directory ... OK
* checking DESCRIPTION meta-information ... OK
* checking top-level files ... NOTE
File
LICENSE
is not mentioned in the DESCRIPTION file.
* checking for left-over files ... OK
* checking index information ... OK
* checking package subdirectories ... OK
* checking code files for non-ASCII characters ... OK
* checking R files for syntax errors ... OK
* checking whether the package can be loaded ... OK
* checking whether the package can be loaded with stated dependencies ... OK
* checking whether the package can be unloaded cleanly ... OK
* checking whether the namespace can be loaded with stated dependencies ... OK
* checking whether the namespace can be unloaded cleanly ... OK
* checking loading without being on the library search path ... OK
* checking dependencies in R code ... OK
* checking S3 generic/method consistency ... OK
* checking replacement functions ... OK
* checking foreign function calls ... OK
* checking R code for possible problems ... OK
* checking Rd files ... OK
* checking Rd metadata ... OK
* checking Rd cross-references ... NOTE
Found the following Rd file(s) with Rd \link{} targets missing package
anchors:
XNAMatchPDict.Rd: MIndex
XNAMatchPattern.Rd: XStringViews
XNAPairwiseAlignment.Rd: PairwiseAlignments
XNAVmatchPattern.Rd: MIndex
Please provide package anchors for all Rd \link{} targets not in the
package itself and the base packages.
* checking for missing documentation entries ... OK
* checking for code/documentation mismatches ... OK
* checking Rd \usage sections ... OK
* checking Rd contents ... OK
* checking for unstated dependencies in examples ... OK
* checking contents of ‘data’ directory ... OK
* checking data for non-ASCII characters ... OK
* checking LazyData ... OK
* checking data for ASCII and uncompressed saves ... OK
* checking line endings in C/C++/Fortran sources/headers ... OK
* checking line endings in Makefiles ... OK
* checking compilation flags in Makevars ... OK
* checking for GNU extensions in Makefiles ... OK
* checking for portable use of $(BLAS_LIBS) and $(LAPACK_LIBS) ... OK
* checking use of PKG_*FLAGS in Makefiles ... OK
* checking include directives in Makefiles ... OK
* checking compiled code ... WARNING
Note: information on .o files is not available
File ‘/home/biocbuild/bbs-3.21-bioc/R/site-library/XNAString/libs/XNAString.so’:
Found ‘__sprintf_chk’, possibly from ‘sprintf’ (C)
Found ‘rand’, possibly from ‘rand’ (C)
Found ‘srand’, possibly from ‘srand’ (C)
Compiled code should not call entry points which might terminate R nor
write to stdout/stderr instead of to the console, nor use Fortran I/O
nor system RNGs nor [v]sprintf. The detected symbols are linked into
the code but might come from libraries and not actually be called.
See ‘Writing portable packages’ in the ‘Writing R Extensions’ manual.
* checking files in ‘vignettes’ ... OK
* checking examples ... OK
* checking for unstated dependencies in ‘tests’ ... OK
* checking tests ...
Running ‘testthat.R’
OK
* checking for unstated dependencies in vignettes ... OK
* checking package vignettes ... OK
* checking re-building of vignette outputs ... OK
* checking PDF version of manual ... OK
* DONE
Status: 1 WARNING, 3 NOTEs
See
‘/home/biocbuild/bbs-3.21-bioc/meat/XNAString.Rcheck/00check.log’
for details.
XNAString.Rcheck/00install.out
##############################################################################
##############################################################################
###
### Running command:
###
### /home/biocbuild/bbs-3.21-bioc/R/bin/R CMD INSTALL XNAString
###
##############################################################################
##############################################################################
* installing to library ‘/home/biocbuild/bbs-3.21-bioc/R/site-library’
* installing *source* package ‘XNAString’ ...
** this is package ‘XNAString’ version ‘1.15.0’
** using staged installation
** libs
using C++ compiler: ‘g++ (Ubuntu 13.3.0-6ubuntu2~24.04) 13.3.0’
using C++11
gcc -I"/home/biocbuild/bbs-3.21-bioc/R/include" -DNDEBUG -Dlibcaf_core_shared_EXPORTS -I../src -I../src -I'/home/biocbuild/bbs-3.21-bioc/R/site-library/Rcpp/include' -I/usr/local/include -fpic -g -O2 -c ViennaRNA/utils/cpu.c -o ViennaRNA/utils/cpu.o
gcc -I"/home/biocbuild/bbs-3.21-bioc/R/include" -DNDEBUG -Dlibcaf_core_shared_EXPORTS -I../src -I../src -I'/home/biocbuild/bbs-3.21-bioc/R/site-library/Rcpp/include' -I/usr/local/include -fpic -g -O2 -c ViennaRNA/utils/msa_utils.c -o ViennaRNA/utils/msa_utils.o
gcc -I"/home/biocbuild/bbs-3.21-bioc/R/include" -DNDEBUG -Dlibcaf_core_shared_EXPORTS -I../src -I../src -I'/home/biocbuild/bbs-3.21-bioc/R/site-library/Rcpp/include' -I/usr/local/include -fpic -g -O2 -c ViennaRNA/utils/structure_tree.c -o ViennaRNA/utils/structure_tree.o
gcc -I"/home/biocbuild/bbs-3.21-bioc/R/include" -DNDEBUG -Dlibcaf_core_shared_EXPORTS -I../src -I../src -I'/home/biocbuild/bbs-3.21-bioc/R/site-library/Rcpp/include' -I/usr/local/include -fpic -g -O2 -c ViennaRNA/utils/higher_order_functions.c -o ViennaRNA/utils/higher_order_functions.o
gcc -I"/home/biocbuild/bbs-3.21-bioc/R/include" -DNDEBUG -Dlibcaf_core_shared_EXPORTS -I../src -I../src -I'/home/biocbuild/bbs-3.21-bioc/R/site-library/Rcpp/include' -I/usr/local/include -fpic -g -O2 -c ViennaRNA/utils/string_utils.c -o ViennaRNA/utils/string_utils.o
gcc -I"/home/biocbuild/bbs-3.21-bioc/R/include" -DNDEBUG -Dlibcaf_core_shared_EXPORTS -I../src -I../src -I'/home/biocbuild/bbs-3.21-bioc/R/site-library/Rcpp/include' -I/usr/local/include -fpic -g -O2 -c ViennaRNA/utils/structure_utils.c -o ViennaRNA/utils/structure_utils.o
gcc -I"/home/biocbuild/bbs-3.21-bioc/R/include" -DNDEBUG -Dlibcaf_core_shared_EXPORTS -I../src -I../src -I'/home/biocbuild/bbs-3.21-bioc/R/site-library/Rcpp/include' -I/usr/local/include -fpic -g -O2 -c ViennaRNA/utils/utils.c -o ViennaRNA/utils/utils.o
gcc -I"/home/biocbuild/bbs-3.21-bioc/R/include" -DNDEBUG -Dlibcaf_core_shared_EXPORTS -I../src -I../src -I'/home/biocbuild/bbs-3.21-bioc/R/site-library/Rcpp/include' -I/usr/local/include -fpic -g -O2 -c ViennaRNA/constraints/SHAPE.c -o ViennaRNA/constraints/SHAPE.o
ViennaRNA/constraints/SHAPE.c: In function ‘vrna_constraints_add_SHAPE’:
ViennaRNA/constraints/SHAPE.c:202:10: warning: assignment discards ‘const’ qualifier from pointer target type [-Wdiscarded-qualifiers]
202 | method = shape_method;
| ^
ViennaRNA/constraints/SHAPE.c:206:51: warning: comparison between pointer and integer
206 | vrna_file_SHAPE_read(shape_file, length, method == 'W' ? 0 : -1, sequence, values);
| ^~
ViennaRNA/constraints/SHAPE.c:208:14: warning: comparison between pointer and integer
208 | if (method == 'D') {
| ^~
ViennaRNA/constraints/SHAPE.c:210:21: warning: comparison between pointer and integer
210 | } else if (method == 'Z') {
| ^~
gcc -I"/home/biocbuild/bbs-3.21-bioc/R/include" -DNDEBUG -Dlibcaf_core_shared_EXPORTS -I../src -I../src -I'/home/biocbuild/bbs-3.21-bioc/R/site-library/Rcpp/include' -I/usr/local/include -fpic -g -O2 -c ViennaRNA/constraints/constraints.c -o ViennaRNA/constraints/constraints.o
gcc -I"/home/biocbuild/bbs-3.21-bioc/R/include" -DNDEBUG -Dlibcaf_core_shared_EXPORTS -I../src -I../src -I'/home/biocbuild/bbs-3.21-bioc/R/site-library/Rcpp/include' -I/usr/local/include -fpic -g -O2 -c ViennaRNA/constraints/soft.c -o ViennaRNA/constraints/soft.o
gcc -I"/home/biocbuild/bbs-3.21-bioc/R/include" -DNDEBUG -Dlibcaf_core_shared_EXPORTS -I../src -I../src -I'/home/biocbuild/bbs-3.21-bioc/R/site-library/Rcpp/include' -I/usr/local/include -fpic -g -O2 -c ViennaRNA/constraints/hard.c -o ViennaRNA/constraints/hard.o
gcc -I"/home/biocbuild/bbs-3.21-bioc/R/include" -DNDEBUG -Dlibcaf_core_shared_EXPORTS -I../src -I../src -I'/home/biocbuild/bbs-3.21-bioc/R/site-library/Rcpp/include' -I/usr/local/include -fpic -g -O2 -c ViennaRNA/constraints/ligand.c -o ViennaRNA/constraints/ligand.o
gcc -I"/home/biocbuild/bbs-3.21-bioc/R/include" -DNDEBUG -Dlibcaf_core_shared_EXPORTS -I../src -I../src -I'/home/biocbuild/bbs-3.21-bioc/R/site-library/Rcpp/include' -I/usr/local/include -fpic -g -O2 -c ViennaRNA/datastructures/basic_datastructures.c -o ViennaRNA/datastructures/basic_datastructures.o
gcc -I"/home/biocbuild/bbs-3.21-bioc/R/include" -DNDEBUG -Dlibcaf_core_shared_EXPORTS -I../src -I../src -I'/home/biocbuild/bbs-3.21-bioc/R/site-library/Rcpp/include' -I/usr/local/include -fpic -g -O2 -c ViennaRNA/datastructures/lists.c -o ViennaRNA/datastructures/lists.o
gcc -I"/home/biocbuild/bbs-3.21-bioc/R/include" -DNDEBUG -Dlibcaf_core_shared_EXPORTS -I../src -I../src -I'/home/biocbuild/bbs-3.21-bioc/R/site-library/Rcpp/include' -I/usr/local/include -fpic -g -O2 -c ViennaRNA/datastructures/char_stream.c -o ViennaRNA/datastructures/char_stream.o
gcc -I"/home/biocbuild/bbs-3.21-bioc/R/include" -DNDEBUG -Dlibcaf_core_shared_EXPORTS -I../src -I../src -I'/home/biocbuild/bbs-3.21-bioc/R/site-library/Rcpp/include' -I/usr/local/include -fpic -g -O2 -c ViennaRNA/datastructures/heap.c -o ViennaRNA/datastructures/heap.o
gcc -I"/home/biocbuild/bbs-3.21-bioc/R/include" -DNDEBUG -Dlibcaf_core_shared_EXPORTS -I../src -I../src -I'/home/biocbuild/bbs-3.21-bioc/R/site-library/Rcpp/include' -I/usr/local/include -fpic -g -O2 -c ViennaRNA/datastructures/stream_output.c -o ViennaRNA/datastructures/stream_output.o
gcc -I"/home/biocbuild/bbs-3.21-bioc/R/include" -DNDEBUG -Dlibcaf_core_shared_EXPORTS -I../src -I../src -I'/home/biocbuild/bbs-3.21-bioc/R/site-library/Rcpp/include' -I/usr/local/include -fpic -g -O2 -c ViennaRNA/io/file_formats.c -o ViennaRNA/io/file_formats.o
gcc -I"/home/biocbuild/bbs-3.21-bioc/R/include" -DNDEBUG -Dlibcaf_core_shared_EXPORTS -I../src -I../src -I'/home/biocbuild/bbs-3.21-bioc/R/site-library/Rcpp/include' -I/usr/local/include -fpic -g -O2 -c ViennaRNA/landscape/findpath.c -o ViennaRNA/landscape/findpath.o
gcc -I"/home/biocbuild/bbs-3.21-bioc/R/include" -DNDEBUG -Dlibcaf_core_shared_EXPORTS -I../src -I../src -I'/home/biocbuild/bbs-3.21-bioc/R/site-library/Rcpp/include' -I/usr/local/include -fpic -g -O2 -c ViennaRNA/landscape/move.c -o ViennaRNA/landscape/move.o
gcc -I"/home/biocbuild/bbs-3.21-bioc/R/include" -DNDEBUG -Dlibcaf_core_shared_EXPORTS -I../src -I../src -I'/home/biocbuild/bbs-3.21-bioc/R/site-library/Rcpp/include' -I/usr/local/include -fpic -g -O2 -c ViennaRNA/landscape/neighbor.c -o ViennaRNA/landscape/neighbor.o
gcc -I"/home/biocbuild/bbs-3.21-bioc/R/include" -DNDEBUG -Dlibcaf_core_shared_EXPORTS -I../src -I../src -I'/home/biocbuild/bbs-3.21-bioc/R/site-library/Rcpp/include' -I/usr/local/include -fpic -g -O2 -c ViennaRNA/io/io_utils.c -o ViennaRNA/io/io_utils.o
gcc -I"/home/biocbuild/bbs-3.21-bioc/R/include" -DNDEBUG -Dlibcaf_core_shared_EXPORTS -I../src -I../src -I'/home/biocbuild/bbs-3.21-bioc/R/site-library/Rcpp/include' -I/usr/local/include -fpic -g -O2 -c ViennaRNA/loops/external.c -o ViennaRNA/loops/external.o
gcc -I"/home/biocbuild/bbs-3.21-bioc/R/include" -DNDEBUG -Dlibcaf_core_shared_EXPORTS -I../src -I../src -I'/home/biocbuild/bbs-3.21-bioc/R/site-library/Rcpp/include' -I/usr/local/include -fpic -g -O2 -c ViennaRNA/loops/internal.c -o ViennaRNA/loops/internal.o
gcc -I"/home/biocbuild/bbs-3.21-bioc/R/include" -DNDEBUG -Dlibcaf_core_shared_EXPORTS -I../src -I../src -I'/home/biocbuild/bbs-3.21-bioc/R/site-library/Rcpp/include' -I/usr/local/include -fpic -g -O2 -c ViennaRNA/loops/external_bt.c -o ViennaRNA/loops/external_bt.o
gcc -I"/home/biocbuild/bbs-3.21-bioc/R/include" -DNDEBUG -Dlibcaf_core_shared_EXPORTS -I../src -I../src -I'/home/biocbuild/bbs-3.21-bioc/R/site-library/Rcpp/include' -I/usr/local/include -fpic -g -O2 -c ViennaRNA/loops/hairpin_pf.c -o ViennaRNA/loops/hairpin_pf.o
gcc -I"/home/biocbuild/bbs-3.21-bioc/R/include" -DNDEBUG -Dlibcaf_core_shared_EXPORTS -I../src -I../src -I'/home/biocbuild/bbs-3.21-bioc/R/site-library/Rcpp/include' -I/usr/local/include -fpic -g -O2 -c ViennaRNA/loops/internal_bt.c -o ViennaRNA/loops/internal_bt.o
gcc -I"/home/biocbuild/bbs-3.21-bioc/R/include" -DNDEBUG -Dlibcaf_core_shared_EXPORTS -I../src -I../src -I'/home/biocbuild/bbs-3.21-bioc/R/site-library/Rcpp/include' -I/usr/local/include -fpic -g -O2 -c ViennaRNA/loops/multibranch_pf.c -o ViennaRNA/loops/multibranch_pf.o
gcc -I"/home/biocbuild/bbs-3.21-bioc/R/include" -DNDEBUG -Dlibcaf_core_shared_EXPORTS -I../src -I../src -I'/home/biocbuild/bbs-3.21-bioc/R/site-library/Rcpp/include' -I/usr/local/include -fpic -g -O2 -c ViennaRNA/loops/hairpin.c -o ViennaRNA/loops/hairpin.o
gcc -I"/home/biocbuild/bbs-3.21-bioc/R/include" -DNDEBUG -Dlibcaf_core_shared_EXPORTS -I../src -I../src -I'/home/biocbuild/bbs-3.21-bioc/R/site-library/Rcpp/include' -I/usr/local/include -fpic -g -O2 -c ViennaRNA/loops/multibranch.c -o ViennaRNA/loops/multibranch.o
gcc -I"/home/biocbuild/bbs-3.21-bioc/R/include" -DNDEBUG -Dlibcaf_core_shared_EXPORTS -I../src -I../src -I'/home/biocbuild/bbs-3.21-bioc/R/site-library/Rcpp/include' -I/usr/local/include -fpic -g -O2 -c ViennaRNA/loops/external_pf.c -o ViennaRNA/loops/external_pf.o
gcc -I"/home/biocbuild/bbs-3.21-bioc/R/include" -DNDEBUG -Dlibcaf_core_shared_EXPORTS -I../src -I../src -I'/home/biocbuild/bbs-3.21-bioc/R/site-library/Rcpp/include' -I/usr/local/include -fpic -g -O2 -c ViennaRNA/loops/hairpin_bt.c -o ViennaRNA/loops/hairpin_bt.o
gcc -I"/home/biocbuild/bbs-3.21-bioc/R/include" -DNDEBUG -Dlibcaf_core_shared_EXPORTS -I../src -I../src -I'/home/biocbuild/bbs-3.21-bioc/R/site-library/Rcpp/include' -I/usr/local/include -fpic -g -O2 -c ViennaRNA/loops/internal_pf.c -o ViennaRNA/loops/internal_pf.o
gcc -I"/home/biocbuild/bbs-3.21-bioc/R/include" -DNDEBUG -Dlibcaf_core_shared_EXPORTS -I../src -I../src -I'/home/biocbuild/bbs-3.21-bioc/R/site-library/Rcpp/include' -I/usr/local/include -fpic -g -O2 -c ViennaRNA/loops/multibranch_bt.c -o ViennaRNA/loops/multibranch_bt.o
gcc -I"/home/biocbuild/bbs-3.21-bioc/R/include" -DNDEBUG -Dlibcaf_core_shared_EXPORTS -I../src -I../src -I'/home/biocbuild/bbs-3.21-bioc/R/site-library/Rcpp/include' -I/usr/local/include -fpic -g -O2 -c ViennaRNA/params/default.c -o ViennaRNA/params/default.o
gcc -I"/home/biocbuild/bbs-3.21-bioc/R/include" -DNDEBUG -Dlibcaf_core_shared_EXPORTS -I../src -I../src -I'/home/biocbuild/bbs-3.21-bioc/R/site-library/Rcpp/include' -I/usr/local/include -fpic -g -O2 -c ViennaRNA/params/io.c -o ViennaRNA/params/io.o
gcc -I"/home/biocbuild/bbs-3.21-bioc/R/include" -DNDEBUG -Dlibcaf_core_shared_EXPORTS -I../src -I../src -I'/home/biocbuild/bbs-3.21-bioc/R/site-library/Rcpp/include' -I/usr/local/include -fpic -g -O2 -c ViennaRNA/params/params.c -o ViennaRNA/params/params.o
gcc -I"/home/biocbuild/bbs-3.21-bioc/R/include" -DNDEBUG -Dlibcaf_core_shared_EXPORTS -I../src -I../src -I'/home/biocbuild/bbs-3.21-bioc/R/site-library/Rcpp/include' -I/usr/local/include -fpic -g -O2 -c ViennaRNA/search/BoyerMoore.c -o ViennaRNA/search/BoyerMoore.o
gcc -I"/home/biocbuild/bbs-3.21-bioc/R/include" -DNDEBUG -Dlibcaf_core_shared_EXPORTS -I../src -I../src -I'/home/biocbuild/bbs-3.21-bioc/R/site-library/Rcpp/include' -I/usr/local/include -fpic -g -O2 -c ViennaRNA/2Dfold.c -o ViennaRNA/2Dfold.o
gcc -I"/home/biocbuild/bbs-3.21-bioc/R/include" -DNDEBUG -Dlibcaf_core_shared_EXPORTS -I../src -I../src -I'/home/biocbuild/bbs-3.21-bioc/R/site-library/Rcpp/include' -I/usr/local/include -fpic -g -O2 -c ViennaRNA/concentrations.c -o ViennaRNA/concentrations.o
gcc -I"/home/biocbuild/bbs-3.21-bioc/R/include" -DNDEBUG -Dlibcaf_core_shared_EXPORTS -I../src -I../src -I'/home/biocbuild/bbs-3.21-bioc/R/site-library/Rcpp/include' -I/usr/local/include -fpic -g -O2 -c ViennaRNA/gquad.c -o ViennaRNA/gquad.o
gcc -I"/home/biocbuild/bbs-3.21-bioc/R/include" -DNDEBUG -Dlibcaf_core_shared_EXPORTS -I../src -I../src -I'/home/biocbuild/bbs-3.21-bioc/R/site-library/Rcpp/include' -I/usr/local/include -fpic -g -O2 -c ViennaRNA/part_func.c -o ViennaRNA/part_func.o
gcc -I"/home/biocbuild/bbs-3.21-bioc/R/include" -DNDEBUG -Dlibcaf_core_shared_EXPORTS -I../src -I../src -I'/home/biocbuild/bbs-3.21-bioc/R/site-library/Rcpp/include' -I/usr/local/include -fpic -g -O2 -c ViennaRNA/snofold.c -o ViennaRNA/snofold.o
gcc -I"/home/biocbuild/bbs-3.21-bioc/R/include" -DNDEBUG -Dlibcaf_core_shared_EXPORTS -I../src -I../src -I'/home/biocbuild/bbs-3.21-bioc/R/site-library/Rcpp/include' -I/usr/local/include -fpic -g -O2 -c ViennaRNA/2Dpfold.c -o ViennaRNA/2Dpfold.o
gcc -I"/home/biocbuild/bbs-3.21-bioc/R/include" -DNDEBUG -Dlibcaf_core_shared_EXPORTS -I../src -I../src -I'/home/biocbuild/bbs-3.21-bioc/R/site-library/Rcpp/include' -I/usr/local/include -fpic -g -O2 -c ViennaRNA/alphabet.c -o ViennaRNA/alphabet.o
gcc -I"/home/biocbuild/bbs-3.21-bioc/R/include" -DNDEBUG -Dlibcaf_core_shared_EXPORTS -I../src -I../src -I'/home/biocbuild/bbs-3.21-bioc/R/site-library/Rcpp/include' -I/usr/local/include -fpic -g -O2 -c ViennaRNA/grammar.c -o ViennaRNA/grammar.o
gcc -I"/home/biocbuild/bbs-3.21-bioc/R/include" -DNDEBUG -Dlibcaf_core_shared_EXPORTS -I../src -I../src -I'/home/biocbuild/bbs-3.21-bioc/R/site-library/Rcpp/include' -I/usr/local/include -fpic -g -O2 -c ViennaRNA/boltzmann_sampling.c -o ViennaRNA/boltzmann_sampling.o
gcc -I"/home/biocbuild/bbs-3.21-bioc/R/include" -DNDEBUG -Dlibcaf_core_shared_EXPORTS -I../src -I../src -I'/home/biocbuild/bbs-3.21-bioc/R/site-library/Rcpp/include' -I/usr/local/include -fpic -g -O2 -c ViennaRNA/dist_vars.c -o ViennaRNA/dist_vars.o
gcc -I"/home/biocbuild/bbs-3.21-bioc/R/include" -DNDEBUG -Dlibcaf_core_shared_EXPORTS -I../src -I../src -I'/home/biocbuild/bbs-3.21-bioc/R/site-library/Rcpp/include' -I/usr/local/include -fpic -g -O2 -c ViennaRNA/part_func_up.c -o ViennaRNA/part_func_up.o
gcc -I"/home/biocbuild/bbs-3.21-bioc/R/include" -DNDEBUG -Dlibcaf_core_shared_EXPORTS -I../src -I../src -I'/home/biocbuild/bbs-3.21-bioc/R/site-library/Rcpp/include' -I/usr/local/include -fpic -g -O2 -c ViennaRNA/special_const.c -o ViennaRNA/special_const.o
gcc -I"/home/biocbuild/bbs-3.21-bioc/R/include" -DNDEBUG -Dlibcaf_core_shared_EXPORTS -I../src -I../src -I'/home/biocbuild/bbs-3.21-bioc/R/site-library/Rcpp/include' -I/usr/local/include -fpic -g -O2 -c ViennaRNA/Lfold.c -o ViennaRNA/Lfold.o
gcc -I"/home/biocbuild/bbs-3.21-bioc/R/include" -DNDEBUG -Dlibcaf_core_shared_EXPORTS -I../src -I../src -I'/home/biocbuild/bbs-3.21-bioc/R/site-library/Rcpp/include' -I/usr/local/include -fpic -g -O2 -c ViennaRNA/bs_wrappers.c -o ViennaRNA/bs_wrappers.o
gcc -I"/home/biocbuild/bbs-3.21-bioc/R/include" -DNDEBUG -Dlibcaf_core_shared_EXPORTS -I../src -I../src -I'/home/biocbuild/bbs-3.21-bioc/R/site-library/Rcpp/include' -I/usr/local/include -fpic -g -O2 -c ViennaRNA/dp_matrices.c -o ViennaRNA/dp_matrices.o
gcc -I"/home/biocbuild/bbs-3.21-bioc/R/include" -DNDEBUG -Dlibcaf_core_shared_EXPORTS -I../src -I../src -I'/home/biocbuild/bbs-3.21-bioc/R/site-library/Rcpp/include' -I/usr/local/include -fpic -g -O2 -c ViennaRNA/mfe.c -o ViennaRNA/mfe.o
gcc -I"/home/biocbuild/bbs-3.21-bioc/R/include" -DNDEBUG -Dlibcaf_core_shared_EXPORTS -I../src -I../src -I'/home/biocbuild/bbs-3.21-bioc/R/site-library/Rcpp/include' -I/usr/local/include -fpic -g -O2 -c ViennaRNA/MEA.c -o ViennaRNA/MEA.o
gcc -I"/home/biocbuild/bbs-3.21-bioc/R/include" -DNDEBUG -Dlibcaf_core_shared_EXPORTS -I../src -I../src -I'/home/biocbuild/bbs-3.21-bioc/R/site-library/Rcpp/include' -I/usr/local/include -fpic -g -O2 -c ViennaRNA/c_plex.c -o ViennaRNA/c_plex.o
gcc -I"/home/biocbuild/bbs-3.21-bioc/R/include" -DNDEBUG -Dlibcaf_core_shared_EXPORTS -I../src -I../src -I'/home/biocbuild/bbs-3.21-bioc/R/site-library/Rcpp/include' -I/usr/local/include -fpic -g -O2 -c ViennaRNA/duplex.c -o ViennaRNA/duplex.o
gcc -I"/home/biocbuild/bbs-3.21-bioc/R/include" -DNDEBUG -Dlibcaf_core_shared_EXPORTS -I../src -I../src -I'/home/biocbuild/bbs-3.21-bioc/R/site-library/Rcpp/include' -I/usr/local/include -fpic -g -O2 -c ViennaRNA/mfe_window.c -o ViennaRNA/mfe_window.o
gcc -I"/home/biocbuild/bbs-3.21-bioc/R/include" -DNDEBUG -Dlibcaf_core_shared_EXPORTS -I../src -I../src -I'/home/biocbuild/bbs-3.21-bioc/R/site-library/Rcpp/include' -I/usr/local/include -fpic -g -O2 -c ViennaRNA/perturbation_fold.c -o ViennaRNA/perturbation_fold.o
gcc -I"/home/biocbuild/bbs-3.21-bioc/R/include" -DNDEBUG -Dlibcaf_core_shared_EXPORTS -I../src -I../src -I'/home/biocbuild/bbs-3.21-bioc/R/site-library/Rcpp/include' -I/usr/local/include -fpic -g -O2 -c ViennaRNA/subopt.c -o ViennaRNA/subopt.o
gcc -I"/home/biocbuild/bbs-3.21-bioc/R/include" -DNDEBUG -Dlibcaf_core_shared_EXPORTS -I../src -I../src -I'/home/biocbuild/bbs-3.21-bioc/R/site-library/Rcpp/include' -I/usr/local/include -fpic -g -O2 -c ViennaRNA/ProfileAln.c -o ViennaRNA/ProfileAln.o
gcc -I"/home/biocbuild/bbs-3.21-bioc/R/include" -DNDEBUG -Dlibcaf_core_shared_EXPORTS -I../src -I../src -I'/home/biocbuild/bbs-3.21-bioc/R/site-library/Rcpp/include' -I/usr/local/include -fpic -g -O2 -c ViennaRNA/centroid.c -o ViennaRNA/centroid.o
gcc -I"/home/biocbuild/bbs-3.21-bioc/R/include" -DNDEBUG -Dlibcaf_core_shared_EXPORTS -I../src -I../src -I'/home/biocbuild/bbs-3.21-bioc/R/site-library/Rcpp/include' -I/usr/local/include -fpic -g -O2 -c ViennaRNA/equilibrium_probs.c -o ViennaRNA/equilibrium_probs.o
gcc -I"/home/biocbuild/bbs-3.21-bioc/R/include" -DNDEBUG -Dlibcaf_core_shared_EXPORTS -I../src -I../src -I'/home/biocbuild/bbs-3.21-bioc/R/site-library/Rcpp/include' -I/usr/local/include -fpic -g -O2 -c ViennaRNA/mfe_window_wrappers.c -o ViennaRNA/mfe_window_wrappers.o
gcc -I"/home/biocbuild/bbs-3.21-bioc/R/include" -DNDEBUG -Dlibcaf_core_shared_EXPORTS -I../src -I../src -I'/home/biocbuild/bbs-3.21-bioc/R/site-library/Rcpp/include' -I/usr/local/include -fpic -g -O2 -c ViennaRNA/pf_fold.c -o ViennaRNA/pf_fold.o
gcc -I"/home/biocbuild/bbs-3.21-bioc/R/include" -DNDEBUG -Dlibcaf_core_shared_EXPORTS -I../src -I../src -I'/home/biocbuild/bbs-3.21-bioc/R/site-library/Rcpp/include' -I/usr/local/include -fpic -g -O2 -c ViennaRNA/cofold.c -o ViennaRNA/cofold.o
gcc -I"/home/biocbuild/bbs-3.21-bioc/R/include" -DNDEBUG -Dlibcaf_core_shared_EXPORTS -I../src -I../src -I'/home/biocbuild/bbs-3.21-bioc/R/site-library/Rcpp/include' -I/usr/local/include -fpic -g -O2 -c ViennaRNA/eval.c -o ViennaRNA/eval.o
gcc -I"/home/biocbuild/bbs-3.21-bioc/R/include" -DNDEBUG -Dlibcaf_core_shared_EXPORTS -I../src -I../src -I'/home/biocbuild/bbs-3.21-bioc/R/site-library/Rcpp/include' -I/usr/local/include -fpic -g -O2 -c ViennaRNA/mfe_wrappers.c -o ViennaRNA/mfe_wrappers.o
gcc -I"/home/biocbuild/bbs-3.21-bioc/R/include" -DNDEBUG -Dlibcaf_core_shared_EXPORTS -I../src -I../src -I'/home/biocbuild/bbs-3.21-bioc/R/site-library/Rcpp/include' -I/usr/local/include -fpic -g -O2 -c ViennaRNA/plex.c -o ViennaRNA/plex.o
gcc -I"/home/biocbuild/bbs-3.21-bioc/R/include" -DNDEBUG -Dlibcaf_core_shared_EXPORTS -I../src -I../src -I'/home/biocbuild/bbs-3.21-bioc/R/site-library/Rcpp/include' -I/usr/local/include -fpic -g -O2 -c ViennaRNA/RNAstruct.c -o ViennaRNA/RNAstruct.o
gcc -I"/home/biocbuild/bbs-3.21-bioc/R/include" -DNDEBUG -Dlibcaf_core_shared_EXPORTS -I../src -I../src -I'/home/biocbuild/bbs-3.21-bioc/R/site-library/Rcpp/include' -I/usr/local/include -fpic -g -O2 -c ViennaRNA/eval_wrappers.c -o ViennaRNA/eval_wrappers.o
gcc -I"/home/biocbuild/bbs-3.21-bioc/R/include" -DNDEBUG -Dlibcaf_core_shared_EXPORTS -I../src -I../src -I'/home/biocbuild/bbs-3.21-bioc/R/site-library/Rcpp/include' -I/usr/local/include -fpic -g -O2 -c ViennaRNA/mm.c -o ViennaRNA/mm.o
gcc -I"/home/biocbuild/bbs-3.21-bioc/R/include" -DNDEBUG -Dlibcaf_core_shared_EXPORTS -I../src -I../src -I'/home/biocbuild/bbs-3.21-bioc/R/site-library/Rcpp/include' -I/usr/local/include -fpic -g -O2 -c ViennaRNA/plex_functions.c -o ViennaRNA/plex_functions.o
gcc -I"/home/biocbuild/bbs-3.21-bioc/R/include" -DNDEBUG -Dlibcaf_core_shared_EXPORTS -I../src -I../src -I'/home/biocbuild/bbs-3.21-bioc/R/site-library/Rcpp/include' -I/usr/local/include -fpic -g -O2 -c ViennaRNA/units.c -o ViennaRNA/units.o
gcc -I"/home/biocbuild/bbs-3.21-bioc/R/include" -DNDEBUG -Dlibcaf_core_shared_EXPORTS -I../src -I../src -I'/home/biocbuild/bbs-3.21-bioc/R/site-library/Rcpp/include' -I/usr/local/include -fpic -g -O2 -c ViennaRNA/ali_plex.c -o ViennaRNA/ali_plex.o
gcc -I"/home/biocbuild/bbs-3.21-bioc/R/include" -DNDEBUG -Dlibcaf_core_shared_EXPORTS -I../src -I../src -I'/home/biocbuild/bbs-3.21-bioc/R/site-library/Rcpp/include' -I/usr/local/include -fpic -g -O2 -c ViennaRNA/combinatorics.c -o ViennaRNA/combinatorics.o
gcc -I"/home/biocbuild/bbs-3.21-bioc/R/include" -DNDEBUG -Dlibcaf_core_shared_EXPORTS -I../src -I../src -I'/home/biocbuild/bbs-3.21-bioc/R/site-library/Rcpp/include' -I/usr/local/include -fpic -g -O2 -c ViennaRNA/fold.c -o ViennaRNA/fold.o
gcc -I"/home/biocbuild/bbs-3.21-bioc/R/include" -DNDEBUG -Dlibcaf_core_shared_EXPORTS -I../src -I../src -I'/home/biocbuild/bbs-3.21-bioc/R/site-library/Rcpp/include' -I/usr/local/include -fpic -g -O2 -c ViennaRNA/model.c -o ViennaRNA/model.o
gcc -I"/home/biocbuild/bbs-3.21-bioc/R/include" -DNDEBUG -Dlibcaf_core_shared_EXPORTS -I../src -I../src -I'/home/biocbuild/bbs-3.21-bioc/R/site-library/Rcpp/include' -I/usr/local/include -fpic -g -O2 -c ViennaRNA/ribo.c -o ViennaRNA/ribo.o
gcc -I"/home/biocbuild/bbs-3.21-bioc/R/include" -DNDEBUG -Dlibcaf_core_shared_EXPORTS -I../src -I../src -I'/home/biocbuild/bbs-3.21-bioc/R/site-library/Rcpp/include' -I/usr/local/include -fpic -g -O2 -c ViennaRNA/commands.c -o ViennaRNA/commands.o
gcc -I"/home/biocbuild/bbs-3.21-bioc/R/include" -DNDEBUG -Dlibcaf_core_shared_EXPORTS -I../src -I../src -I'/home/biocbuild/bbs-3.21-bioc/R/site-library/Rcpp/include' -I/usr/local/include -fpic -g -O2 -c ViennaRNA/fold_compound.c -o ViennaRNA/fold_compound.o
gcc -I"/home/biocbuild/bbs-3.21-bioc/R/include" -DNDEBUG -Dlibcaf_core_shared_EXPORTS -I../src -I../src -I'/home/biocbuild/bbs-3.21-bioc/R/site-library/Rcpp/include' -I/usr/local/include -fpic -g -O2 -c ViennaRNA/sequence.c -o ViennaRNA/sequence.o
gcc -I"/home/biocbuild/bbs-3.21-bioc/R/include" -DNDEBUG -Dlibcaf_core_shared_EXPORTS -I../src -I../src -I'/home/biocbuild/bbs-3.21-bioc/R/site-library/Rcpp/include' -I/usr/local/include -fpic -g -O2 -c ViennaRNA/unstructured_domains.c -o ViennaRNA/unstructured_domains.o
g++ -std=gnu++11 -I"/home/biocbuild/bbs-3.21-bioc/R/include" -DNDEBUG -Dlibcaf_core_shared_EXPORTS -I../src -I../src -I'/home/biocbuild/bbs-3.21-bioc/R/site-library/Rcpp/include' -I/usr/local/include -fpic -g -O2 -DR_NO_REMAP -c predict_mfe.cpp -o predict_mfe.o
g++ -std=gnu++11 -I"/home/biocbuild/bbs-3.21-bioc/R/include" -DNDEBUG -Dlibcaf_core_shared_EXPORTS -I../src -I../src -I'/home/biocbuild/bbs-3.21-bioc/R/site-library/Rcpp/include' -I/usr/local/include -fpic -g -O2 -DR_NO_REMAP -c RcppExports.cpp -o RcppExports.o
g++ -std=gnu++11 -shared -L/home/biocbuild/bbs-3.21-bioc/R/lib -L/usr/local/lib -o XNAString.so ./ViennaRNA/utils/cpu.o ./ViennaRNA/utils/msa_utils.o ./ViennaRNA/utils/structure_tree.o ./ViennaRNA/utils/higher_order_functions.o ./ViennaRNA/utils/string_utils.o ./ViennaRNA/utils/structure_utils.o ./ViennaRNA/utils/utils.o ./ViennaRNA/constraints/SHAPE.o ./ViennaRNA/constraints/constraints.o ./ViennaRNA/constraints/soft.o ./ViennaRNA/constraints/hard.o ./ViennaRNA/constraints/ligand.o ./ViennaRNA/datastructures/basic_datastructures.o ./ViennaRNA/datastructures/lists.o ./ViennaRNA/datastructures/char_stream.o ./ViennaRNA/datastructures/heap.o ./ViennaRNA/datastructures/stream_output.o ./ViennaRNA/io/file_formats.o ./ViennaRNA/landscape/findpath.o ./ViennaRNA/landscape/move.o ./ViennaRNA/landscape/neighbor.o ./ViennaRNA/io/io_utils.o ./ViennaRNA/loops/external.o ./ViennaRNA/loops/internal.o ./ViennaRNA/loops/external_bt.o ./ViennaRNA/loops/hairpin_pf.o ./ViennaRNA/loops/internal_bt.o ./ViennaRNA/loops/multibranch_pf.o ./ViennaRNA/loops/hairpin.o ./ViennaRNA/loops/multibranch.o ./ViennaRNA/loops/external_pf.o ./ViennaRNA/loops/hairpin_bt.o ./ViennaRNA/loops/internal_pf.o ./ViennaRNA/loops/multibranch_bt.o ./ViennaRNA/params/default.o ./ViennaRNA/params/io.o ./ViennaRNA/params/params.o ./ViennaRNA/search/BoyerMoore.o ./ViennaRNA/2Dfold.o ./ViennaRNA/concentrations.o ./ViennaRNA/gquad.o ./ViennaRNA/part_func.o ./ViennaRNA/snofold.o ./ViennaRNA/2Dpfold.o ./ViennaRNA/alphabet.o ./ViennaRNA/grammar.o ./ViennaRNA/boltzmann_sampling.o ./ViennaRNA/dist_vars.o ./ViennaRNA/part_func_up.o ./ViennaRNA/special_const.o ./ViennaRNA/Lfold.o ./ViennaRNA/bs_wrappers.o ./ViennaRNA/dp_matrices.o ./ViennaRNA/mfe.o ./ViennaRNA/MEA.o ./ViennaRNA/c_plex.o ./ViennaRNA/duplex.o ./ViennaRNA/mfe_window.o ./ViennaRNA/perturbation_fold.o ./ViennaRNA/subopt.o ./ViennaRNA/ProfileAln.o ./ViennaRNA/centroid.o ./ViennaRNA/equilibrium_probs.o ./ViennaRNA/mfe_window_wrappers.o ./ViennaRNA/pf_fold.o ./ViennaRNA/cofold.o ./ViennaRNA/eval.o ./ViennaRNA/mfe_wrappers.o ./ViennaRNA/plex.o ./ViennaRNA/RNAstruct.o ./ViennaRNA/eval_wrappers.o ./ViennaRNA/mm.o ./ViennaRNA/plex_functions.o ./ViennaRNA/units.o ./ViennaRNA/ali_plex.o ./ViennaRNA/combinatorics.o ./ViennaRNA/fold.o ./ViennaRNA/model.o ./ViennaRNA/ribo.o ./ViennaRNA/commands.o ./ViennaRNA/fold_compound.o ./ViennaRNA/sequence.o ./ViennaRNA/unstructured_domains.o predict_mfe.o RcppExports.o -L../src -L/home/biocbuild/bbs-3.21-bioc/R/lib -lR
installing to /home/biocbuild/bbs-3.21-bioc/R/site-library/00LOCK-XNAString/00new/XNAString/libs
** R
** data
*** moving datasets to lazyload DB
** byte-compile and prepare package for lazy loading
in method for ‘name’ with signature ‘"XNAString"’: no definition for class “XNAString”
in method for ‘name<-’ with signature ‘"XNAString"’: no definition for class “XNAString”
in method for ‘base’ with signature ‘"XNAString"’: no definition for class “XNAString”
in method for ‘base<-’ with signature ‘"XNAString"’: no definition for class “XNAString”
in method for ‘sugar’ with signature ‘"XNAString"’: no definition for class “XNAString”
in method for ‘sugar<-’ with signature ‘"XNAString"’: no definition for class “XNAString”
in method for ‘backbone’ with signature ‘"XNAString"’: no definition for class “XNAString”
in method for ‘backbone<-’ with signature ‘"XNAString"’: no definition for class “XNAString”
in method for ‘target’ with signature ‘"XNAString"’: no definition for class “XNAString”
in method for ‘target<-’ with signature ‘"XNAString"’: no definition for class “XNAString”
in method for ‘conjugate5’ with signature ‘"XNAString"’: no definition for class “XNAString”
in method for ‘conjugate5<-’ with signature ‘"XNAString"’: no definition for class “XNAString”
in method for ‘conjugate3’ with signature ‘"XNAString"’: no definition for class “XNAString”
in method for ‘conjugate3<-’ with signature ‘"XNAString"’: no definition for class “XNAString”
in method for ‘dictionary’ with signature ‘"XNAString"’: no definition for class “XNAString”
in method for ‘dictionary<-’ with signature ‘"XNAString"’: no definition for class “XNAString”
in method for ‘secondary_structure’ with signature ‘"XNAString"’: no definition for class “XNAString”
in method for ‘secondary_structure<-’ with signature ‘"XNAString"’: no definition for class “XNAString”
in method for ‘compl_dictionary’ with signature ‘"XNAString"’: no definition for class “XNAString”
in method for ‘compl_dictionary<-’ with signature ‘"XNAString"’: no definition for class “XNAString”
in method for ‘duplex_structure’ with signature ‘"XNAString"’: no definition for class “XNAString”
in method for ‘duplex_structure<-’ with signature ‘"XNAString"’: no definition for class “XNAString”
in method for ‘default_sugar’ with signature ‘"XNAString"’: no definition for class “XNAString”
in method for ‘default_sugar<-’ with signature ‘"XNAString"’: no definition for class “XNAString”
in method for ‘default_backbone’ with signature ‘"XNAString"’: no definition for class “XNAString”
in method for ‘default_backbone<-’ with signature ‘"XNAString"’: no definition for class “XNAString”
Creating a new generic function for ‘objects’ in package ‘XNAString’
** help
*** installing help indices
** building package indices
** installing vignettes
** testing if installed package can be loaded from temporary location
** checking absolute paths in shared objects and dynamic libraries
** testing if installed package can be loaded from final location
** testing if installed package keeps a record of temporary installation path
* DONE (XNAString)
XNAString.Rcheck/tests/testthat.Rout
R Under development (unstable) (2025-01-20 r87609) -- "Unsuffered Consequences"
Copyright (C) 2025 The R Foundation for Statistical Computing
Platform: x86_64-pc-linux-gnu
R is free software and comes with ABSOLUTELY NO WARRANTY.
You are welcome to redistribute it under certain conditions.
Type 'license()' or 'licence()' for distribution details.
R is a collaborative project with many contributors.
Type 'contributors()' for more information and
'citation()' on how to cite R or R packages in publications.
Type 'demo()' for some demos, 'help()' for on-line help, or
'help.start()' for an HTML browser interface to help.
Type 'q()' to quit R.
> library(testthat)
> library(XNAString)
Attaching package: 'XNAString'
The following object is masked from 'package:base':
objects
>
> test_check("XNAString")
[ FAIL 0 | WARN 11 | SKIP 0 | PASS 158 ]
[ FAIL 0 | WARN 11 | SKIP 0 | PASS 158 ]
>
> proc.time()
user system elapsed
71.233 11.021 82.259
XNAString.Rcheck/XNAString-Ex.timings
| name | user | system | elapsed | |
| XNAMatchPDict | 1.601 | 0.010 | 1.617 | |
| XNAMatchPattern | 0.139 | 0.001 | 0.140 | |
| XNAPairwiseAlignment | 0.140 | 0.002 | 0.142 | |
| XNAStringFromHelm | 0.181 | 0.009 | 0.190 | |
| XNAStringToHelm | 0.015 | 0.004 | 0.018 | |
| XNAVmatchPattern | 2.479 | 0.347 | 2.826 | |
| alphabetFrequency | 0.120 | 0.001 | 0.122 | |
| backbone | 0.015 | 0.001 | 0.016 | |
| base | 0.015 | 0.000 | 0.015 | |
| compl_dictionary | 0.014 | 0.003 | 0.016 | |
| concatDict | 0.002 | 0.001 | 0.003 | |
| conjugate3 | 0.015 | 0.000 | 0.016 | |
| conjugate5 | 0.015 | 0.001 | 0.015 | |
| default_backbone | 0.014 | 0.001 | 0.015 | |
| default_sugar | 0.015 | 0.000 | 0.015 | |
| dictionary | 0.016 | 0.001 | 0.016 | |
| dinucleotideFrequency | 0.052 | 0.007 | 0.059 | |
| dt2Set | 0.049 | 0.002 | 0.051 | |
| duplexStructure | 0.015 | 0.001 | 0.016 | |
| duplex_structure | 0.015 | 0.001 | 0.016 | |
| helm2String | 0.004 | 0.001 | 0.005 | |
| instanceOf | 0 | 0 | 0 | |
| listOflists2Dt | 0.001 | 0.000 | 0.002 | |
| mfeStructure | 0.015 | 0.002 | 0.016 | |
| mimir2XnaDict | 0.003 | 0.001 | 0.004 | |
| name | 0.121 | 0.009 | 0.131 | |
| objects | 0.034 | 0.004 | 0.038 | |
| parseRnaHelmComponent | 0.005 | 0.000 | 0.004 | |
| reverseComplement | 0.017 | 0.001 | 0.017 | |
| secondary_structure | 0.016 | 0.000 | 0.016 | |
| seqAlphabetFrequency | 0 | 0 | 0 | |
| seqDinucleotideFrequency | 0.000 | 0.000 | 0.001 | |
| seqVectorAlphabetFrequency | 0.001 | 0.000 | 0.001 | |
| seqVectorDinucleotideFrequency | 0.001 | 0.000 | 0.001 | |
| set2Dt | 0.077 | 0.007 | 0.084 | |
| set2List | 0.053 | 0.012 | 0.066 | |
| siRNA_HELM | 0.040 | 0.006 | 0.046 | |
| sugar | 0.014 | 0.004 | 0.019 | |
| target | 0.013 | 0.004 | 0.018 | |
| typedListCheck | 0.037 | 0.010 | 0.047 | |
| uniqueChars | 0 | 0 | 0 | |
| xnastringClass | 0.145 | 0.026 | 0.170 | |
| xnastringElementsNumber | 0.012 | 0.005 | 0.017 | |
| xnastringSetClass | 0.054 | 0.008 | 0.062 | |