Back to Multiple platform build/check report for BioC 3.22:   simplified   long
ABCDEFGHIJKLMNOPQRS[T]UVWXYZ

This page was generated on 2025-11-12 11:58 -0500 (Wed, 12 Nov 2025).

HostnameOSArch (*)R versionInstalled pkgs
nebbiolo2Linux (Ubuntu 24.04.3 LTS)x86_644.5.1 Patched (2025-08-23 r88802) -- "Great Square Root" 4902
taishanLinux (openEuler 24.03 LTS)aarch644.5.0 (2025-04-11) -- "How About a Twenty-Six" 4668
Click on any hostname to see more info about the system (e.g. compilers)      (*) as reported by 'uname -p', except on Windows and Mac OS X

Package 2190/2361HostnameOS / ArchINSTALLBUILDCHECKBUILD BIN
TCGAbiolinks 2.38.0  (landing page)
Tiago Chedraoui Silva
Snapshot Date: 2025-11-11 13:45 -0500 (Tue, 11 Nov 2025)
git_url: https://git.bioconductor.org/packages/TCGAbiolinks
git_branch: RELEASE_3_22
git_last_commit: 29c7106
git_last_commit_date: 2025-10-29 10:27:16 -0500 (Wed, 29 Oct 2025)
nebbiolo2Linux (Ubuntu 24.04.3 LTS) / x86_64  OK    OK    WARNINGS  UNNEEDED, same version is already published
taishanLinux (openEuler 24.03 LTS) / aarch64  OK    OK    WARNINGS  


CHECK results for TCGAbiolinks on taishan

To the developers/maintainers of the TCGAbiolinks package:
- Allow up to 24 hours (and sometimes 48 hours) for your latest push to git@git.bioconductor.org:packages/TCGAbiolinks.git to reflect on this report. See Troubleshooting Build Report for more information.
- Use the following Renviron settings to reproduce errors and warnings.
- If 'R CMD check' started to fail recently on the Linux builder(s) over a missing dependency, add the missing dependency to 'Suggests:' in your DESCRIPTION file. See Renviron.bioc for more information.
- See Martin Grigorov's blog post for how to debug Linux ARM64 related issues on a x86_64 host.

raw results


Summary

Package: TCGAbiolinks
Version: 2.38.0
Command: /home/biocbuild/R/R/bin/R CMD check --install=check:TCGAbiolinks.install-out.txt --library=/home/biocbuild/R/R/site-library --no-vignettes --timings TCGAbiolinks_2.38.0.tar.gz
StartedAt: 2025-11-11 15:44:58 -0000 (Tue, 11 Nov 2025)
EndedAt: 2025-11-11 15:59:00 -0000 (Tue, 11 Nov 2025)
EllapsedTime: 842.4 seconds
RetCode: 0
Status:   WARNINGS  
CheckDir: TCGAbiolinks.Rcheck
Warnings: 2

Command output

##############################################################################
##############################################################################
###
### Running command:
###
###   /home/biocbuild/R/R/bin/R CMD check --install=check:TCGAbiolinks.install-out.txt --library=/home/biocbuild/R/R/site-library --no-vignettes --timings TCGAbiolinks_2.38.0.tar.gz
###
##############################################################################
##############################################################################


* using log directory ‘/home/biocbuild/bbs-3.22-bioc/meat/TCGAbiolinks.Rcheck’
* using R version 4.5.0 (2025-04-11)
* using platform: aarch64-unknown-linux-gnu
* R was compiled by
    aarch64-unknown-linux-gnu-gcc (GCC) 14.2.0
    GNU Fortran (GCC) 14.2.0
* running under: openEuler 24.03 (LTS)
* using session charset: UTF-8
* using option ‘--no-vignettes’
* checking for file ‘TCGAbiolinks/DESCRIPTION’ ... OK
* checking extension type ... Package
* this is package ‘TCGAbiolinks’ version ‘2.38.0’
* package encoding: UTF-8
* checking package namespace information ... OK
* checking package dependencies ... INFO
Imports includes 23 non-default packages.
Importing from so many packages makes the package vulnerable to any of
them becoming unavailable.  Move as many as possible to Suggests and
use conditionally.
* checking if this is a source package ... OK
* checking if there is a namespace ... OK
* checking for hidden files and directories ... OK
* checking for portable file names ... OK
* checking for sufficient/correct file permissions ... OK
* checking whether package ‘TCGAbiolinks’ can be installed ... OK
* checking installed package size ... INFO
  installed size is  6.4Mb
  sub-directories of 1Mb or more:
    R      1.6Mb
    data   4.5Mb
* checking package directory ... OK
* checking ‘build’ directory ... OK
* checking DESCRIPTION meta-information ... OK
* checking top-level files ... OK
* checking for left-over files ... OK
* checking index information ... OK
* checking package subdirectories ... OK
* checking code files for non-ASCII characters ... OK
* checking R files for syntax errors ... OK
* checking whether the package can be loaded ... OK
* checking whether the package can be loaded with stated dependencies ... OK
* checking whether the package can be unloaded cleanly ... OK
* checking whether the namespace can be loaded with stated dependencies ... OK
* checking whether the namespace can be unloaded cleanly ... OK
* checking loading without being on the library search path ... OK
* checking whether startup messages can be suppressed ... OK
* checking dependencies in R code ... WARNING
'::' or ':::' import not declared from: ‘dnet’
* checking S3 generic/method consistency ... WARNING
print:
  function(x, ...)
print.header:
  function(text, type)
See section ‘Generic functions and methods’ in the ‘Writing R
Extensions’ manual.
* checking replacement functions ... OK
* checking foreign function calls ... OK
* checking R code for possible problems ... NOTE
GDCprepare_clinic: no visible binding for global variable
  ‘bcr_patient_barcode’
GDCprepare_clinic: no visible binding for global variable
  ‘days_to_last_followup’
GDCprepare_clinic: no visible binding for global variable
  ‘vital_status’
GDCquery : <anonymous>: no visible binding for global variable
  ‘submitter_id’
GDCquery : <anonymous>: no visible binding for global variable
  ‘is_ffpe’
GDCquery_clinic: no visible binding for global variable ‘submitter_id’
GDCquery_clinic: no visible binding for global variable
  ‘days_to_follow_up’
GDCquery_clinic: no visible binding for global variable
  ‘disease_response’
GDCquery_clinic: no visible global function definition for ‘across’
GDCquery_clinic: no visible global function definition for ‘everything’
GDCquery_clinic : <anonymous>: no visible binding for global variable
  ‘submitter_id’
GDCquery_clinic : <anonymous>: no visible global function definition
  for ‘across’
GDCquery_clinic : <anonymous>: no visible global function definition
  for ‘everything’
TCGAanalyze_DEA: no visible binding for global variable ‘barcode’
TCGAanalyze_DEA: no visible binding for global variable ‘clinical’
TCGAquery_recount2: no visible binding for global variable ‘rse_gene’
TCGAtumor_purity: no visible binding for global variable ‘Tumor.purity’
TCGAvisualize_SurvivalCoxNET: no visible global function definition for
  ‘colorRampPalette’
TCGAvisualize_SurvivalCoxNET: no visible global function definition for
  ‘adjustcolor’
TCGAvisualize_oncoprint: no visible binding for global variable ‘value’
TCGAvisualize_starburst: no visible binding for global variable
  ‘gene_name’
TCGAvisualize_starburst: no visible binding for global variable
  ‘geFDR2’
TCGAvisualize_starburst: no visible binding for global variable ‘logFC’
TCGAvisualize_starburst: no visible binding for global variable
  ‘meFDR2’
TCGAvisualize_starburst: no visible binding for global variable
  ‘threshold.starburst’
TCGAvisualize_starburst: no visible binding for global variable
  ‘starburst.status’
colDataPrepare: no visible binding for global variable
  ‘sample_submitter_id’
colDataPrepare: no visible binding for global variable ‘submitter_id’
getBarcodeInfo: no visible binding for global variable
  ‘days_to_follow_up’
getBarcodeInfo: no visible binding for global variable
  ‘disease_response’
readExonQuantification: no visible binding for global variable ‘exon’
readExonQuantification: no visible binding for global variable
  ‘coordinates’
readSingleCellAnalysis : <anonymous>: no visible global function
  definition for ‘Read10X’
read_gene_expression_quantification : <anonymous>: no visible binding
  for '<<-' assignment to ‘assay.list’
read_gene_expression_quantification: no visible binding for global
  variable ‘assay.list’
Undefined global functions or variables:
  Read10X Tumor.purity across adjustcolor assay.list barcode
  bcr_patient_barcode clinical colorRampPalette coordinates
  days_to_follow_up days_to_last_followup disease_response everything
  exon geFDR2 gene_name is_ffpe logFC meFDR2 rse_gene
  sample_submitter_id starburst.status submitter_id threshold.starburst
  value vital_status
Consider adding
  importFrom("grDevices", "adjustcolor", "colorRampPalette")
to your NAMESPACE file.
* checking Rd files ... OK
* checking Rd metadata ... OK
* checking Rd cross-references ... OK
* checking for missing documentation entries ... OK
* checking for code/documentation mismatches ... OK
* checking Rd \usage sections ... OK
* checking Rd contents ... OK
* checking for unstated dependencies in examples ... OK
* checking contents of ‘data’ directory ... OK
* checking data for non-ASCII characters ... OK
* checking LazyData ... OK
* checking data for ASCII and uncompressed saves ... OK
* checking R/sysdata.rda ... OK
* checking files in ‘vignettes’ ... OK
* checking examples ... OK
Examples with CPU (user + system) or elapsed time > 5s
                                user system elapsed
TCGAanalyze_DEA               12.978  0.698  13.718
getManifest                   10.961  0.184 154.263
TCGAvisualize_meanMethylation  6.448  0.031   6.496
TCGAanalyze_LevelTab           5.765  0.060   5.835
TCGAanalyze_survival           5.432  0.132   5.612
getDataCategorySummary         2.144  0.025  14.669
getResults                     1.513  0.138  44.686
GDCprepare_clinic              1.352  0.144  61.057
matchedMetExp                  1.333  0.098  48.293
GDCquery_clinic                1.208  0.101  23.624
GDCquery                       1.143  0.049  26.962
getSampleFilesSummary          0.657  0.055  11.572
GDCquery_ATAC_seq              0.473  0.031   5.836
* checking for unstated dependencies in ‘tests’ ... OK
* checking tests ...
  Running ‘testthat.R’
 OK
* checking for unstated dependencies in vignettes ... OK
* checking package vignettes ... OK
* checking running R code from vignettes ... SKIPPED
* checking re-building of vignette outputs ... SKIPPED
* checking PDF version of manual ... OK
* DONE

Status: 2 WARNINGs, 1 NOTE
See
  ‘/home/biocbuild/bbs-3.22-bioc/meat/TCGAbiolinks.Rcheck/00check.log’
for details.


Installation output

TCGAbiolinks.Rcheck/00install.out

##############################################################################
##############################################################################
###
### Running command:
###
###   /home/biocbuild/R/R/bin/R CMD INSTALL TCGAbiolinks
###
##############################################################################
##############################################################################


* installing to library ‘/home/biocbuild/R/R-4.5.0/site-library’
* installing *source* package ‘TCGAbiolinks’ ...
** this is package ‘TCGAbiolinks’ version ‘2.38.0’
** using staged installation
** R
** data
*** moving datasets to lazyload DB
** inst
** byte-compile and prepare package for lazy loading
** help
*** installing help indices
** building package indices
** installing vignettes
** testing if installed package can be loaded from temporary location
** testing if installed package can be loaded from final location
** testing if installed package keeps a record of temporary installation path
* DONE (TCGAbiolinks)

Tests output

TCGAbiolinks.Rcheck/tests/testthat.Rout


R version 4.5.0 (2025-04-11) -- "How About a Twenty-Six"
Copyright (C) 2025 The R Foundation for Statistical Computing
Platform: aarch64-unknown-linux-gnu

R is free software and comes with ABSOLUTELY NO WARRANTY.
You are welcome to redistribute it under certain conditions.
Type 'license()' or 'licence()' for distribution details.

R is a collaborative project with many contributors.
Type 'contributors()' for more information and
'citation()' on how to cite R or R packages in publications.

Type 'demo()' for some demos, 'help()' for on-line help, or
'help.start()' for an HTML browser interface to help.
Type 'q()' to quit R.

> library(testthat)
> library(TCGAbiolinks)
> 
> test_check("TCGAbiolinks")

|                                                    |  0%                      
|==========================                          | 50% ~0 s remaining       
|====================================================|100% ~0 s remaining       
|====================================================|100%                      Completed after 0 s 

|                                                    |  0%                      
|==========================                          | 50% ~0 s remaining       
|====================================================|100% ~0 s remaining       
|====================================================|100%                      Completed after 0 s 
[1] "I need about  1 minute to finish complete  Enrichment analysis GO[BP,MF,CC] and Pathways... "
[1] "GO Enrichment Analysis BP completed....done"
[1] "GO Enrichment Analysis MF completed....done"
[1] "GO Enrichment Analysis CC completed....done"
[1] "Pathway Enrichment Analysis completed....done"
[ FAIL 0 | WARN 0 | SKIP 24 | PASS 31 ]

══ Skipped tests (24) ══════════════════════════════════════════════════════════
• On Bioconductor (24): 'test-prepare-download.R:4:5',
  'test-prepare-download.R:49:5', 'test-prepare-download.R:92:5',
  'test-prepare-download.R:102:5', 'test-prepare-download.R:124:5',
  'test-prepare-download.R:145:5', 'test-prepare-download.R:164:5',
  'test-prepare-download.R:183:5', 'test-prepare-download.R:199:5',
  'test-prepare-download.R:209:5', 'test-prepare-download.R:221:5',
  'test-prepare-download.R:246:5', 'test-prepare-download.R:286:5',
  'test-prepare-download.R:316:5', 'test-prepare-download.R:347:5',
  'test-prepare-download.R:381:5', 'test-query-clinical.R:13:5',
  'test-query-clinical.R:69:5', 'test-query.R:5:5', 'test-query.R:15:5',
  'test-query.R:44:5', 'test-query.R:86:5', 'test-query.R:127:5',
  'test-query.R:147:5'

[ FAIL 0 | WARN 0 | SKIP 24 | PASS 31 ]
> 
> proc.time()
   user  system elapsed 
 54.331   1.268  55.745 

Example timings

TCGAbiolinks.Rcheck/TCGAbiolinks-Ex.timings

nameusersystemelapsed
GDCdownload000
GDCprepare000
GDCprepare_clinic 1.352 0.14461.057
GDCquery 1.143 0.04926.962
GDCquery_ATAC_seq0.4730.0315.836
GDCquery_clinic 1.208 0.10123.624
PanCancerAtlas_subtypes0.0150.0000.016
TCGAVisualize_volcano0.6690.0310.712
TCGA_MolecularSubtype0.5130.0240.539
TCGAanalyze_DEA12.978 0.69813.718
TCGAanalyze_DEA_Affy000
TCGAanalyze_DMC1.8220.1001.926
TCGAanalyze_EA000
TCGAanalyze_EAcomplete2.9220.1593.090
TCGAanalyze_Filtering3.4770.0523.537
TCGAanalyze_LevelTab5.7650.0605.835
TCGAanalyze_Normalization2.3610.1522.517
TCGAanalyze_Pathview000
TCGAanalyze_Stemness1.7600.0081.773
TCGAanalyze_SurvivalKM0.1830.0200.203
TCGAanalyze_survival5.4320.1325.612
TCGAprepare_Affy0.0010.0000.001
TCGAquery_MatchedCoupledSampleTypes0.0030.0000.003
TCGAquery_SampleTypes0.0010.0000.001
TCGAquery_recount2000
TCGAquery_subtype0.0070.0000.008
TCGAtumor_purity0.0660.0040.070
TCGAvisualize_EAbarplot2.9120.0672.987
TCGAvisualize_Heatmap2.6880.1082.802
TCGAvisualize_PCA2.1310.0282.163
TCGAvisualize_meanMethylation6.4480.0316.496
TCGAvisualize_oncoprint000
TCGAvisualize_starburst0.0010.0000.000
UseRaw_afterFilter000
colDataPrepare0.2160.0123.249
dmc.non.parametric0.1440.0040.149
dmc.non.parametric.se0.2350.0160.252
gaiaCNVplot0.0390.0000.039
geneInfoHT000
getAdjacencyBiogrid0.0000.0020.001
getDataCategorySummary 2.144 0.02514.669
getGDCInfo0.0270.0002.589
getGDCprojects0.0240.0042.441
getLinkedOmicsData0.0000.0000.001
getMC3MAF000
getManifest 10.961 0.184154.263
getNbCases000
getNbFiles000
getProjectSummary0.0570.0002.230
getResults 1.513 0.13844.686
getSampleFilesSummary 0.657 0.05511.572
getTSS000
gliomaClassifier000
isServeOK0.0240.0041.287
matchedMetExp 1.333 0.09848.293