Back to Multiple platform build/check report for BioC 3.22:   simplified   long
ABCDEFGHIJKLMNOPQRS[T]UVWXYZ

This page was generated on 2025-11-04 12:04 -0500 (Tue, 04 Nov 2025).

HostnameOSArch (*)R versionInstalled pkgs
nebbiolo2Linux (Ubuntu 24.04.3 LTS)x86_644.5.1 Patched (2025-08-23 r88802) -- "Great Square Root" 4902
lconwaymacOS 12.7.6 Montereyx86_644.5.1 Patched (2025-09-10 r88807) -- "Great Square Root" 4692
kjohnson3macOS 13.7.7 Venturaarm644.5.1 Patched (2025-09-10 r88807) -- "Great Square Root" 4638
Click on any hostname to see more info about the system (e.g. compilers)      (*) as reported by 'uname -p', except on Windows and Mac OS X

Package 2190/2361HostnameOS / ArchINSTALLBUILDCHECKBUILD BIN
TCGAbiolinks 2.38.0  (landing page)
Tiago Chedraoui Silva
Snapshot Date: 2025-11-03 13:45 -0500 (Mon, 03 Nov 2025)
git_url: https://git.bioconductor.org/packages/TCGAbiolinks
git_branch: RELEASE_3_22
git_last_commit: 29c7106
git_last_commit_date: 2025-10-29 10:27:16 -0500 (Wed, 29 Oct 2025)
nebbiolo2Linux (Ubuntu 24.04.3 LTS) / x86_64  OK    OK    WARNINGS  UNNEEDED, same version is already published
lconwaymacOS 12.7.6 Monterey / x86_64  OK    OK    WARNINGS    OK  UNNEEDED, same version is already published
kjohnson3macOS 13.7.7 Ventura / arm64  OK    OK    WARNINGS    OK  UNNEEDED, same version is already published


CHECK results for TCGAbiolinks on lconway

To the developers/maintainers of the TCGAbiolinks package:
- Allow up to 24 hours (and sometimes 48 hours) for your latest push to git@git.bioconductor.org:packages/TCGAbiolinks.git to reflect on this report. See Troubleshooting Build Report for more information.
- Use the following Renviron settings to reproduce errors and warnings.
- If 'R CMD check' started to fail recently on the Linux builder(s) over a missing dependency, add the missing dependency to 'Suggests:' in your DESCRIPTION file. See Renviron.bioc for more information.

raw results


Summary

Package: TCGAbiolinks
Version: 2.38.0
Command: /Library/Frameworks/R.framework/Resources/bin/R CMD check --install=check:TCGAbiolinks.install-out.txt --library=/Library/Frameworks/R.framework/Resources/library --no-vignettes --timings TCGAbiolinks_2.38.0.tar.gz
StartedAt: 2025-11-04 00:47:02 -0500 (Tue, 04 Nov 2025)
EndedAt: 2025-11-04 00:57:14 -0500 (Tue, 04 Nov 2025)
EllapsedTime: 611.9 seconds
RetCode: 0
Status:   WARNINGS  
CheckDir: TCGAbiolinks.Rcheck
Warnings: 2

Command output

##############################################################################
##############################################################################
###
### Running command:
###
###   /Library/Frameworks/R.framework/Resources/bin/R CMD check --install=check:TCGAbiolinks.install-out.txt --library=/Library/Frameworks/R.framework/Resources/library --no-vignettes --timings TCGAbiolinks_2.38.0.tar.gz
###
##############################################################################
##############################################################################


* using log directory ‘/Users/biocbuild/bbs-3.22-bioc/meat/TCGAbiolinks.Rcheck’
* using R version 4.5.1 Patched (2025-09-10 r88807)
* using platform: x86_64-apple-darwin20
* R was compiled by
    Apple clang version 14.0.0 (clang-1400.0.29.202)
    GNU Fortran (GCC) 14.2.0
* running under: macOS Monterey 12.7.6
* using session charset: UTF-8
* using option ‘--no-vignettes’
* checking for file ‘TCGAbiolinks/DESCRIPTION’ ... OK
* checking extension type ... Package
* this is package ‘TCGAbiolinks’ version ‘2.38.0’
* package encoding: UTF-8
* checking package namespace information ... OK
* checking package dependencies ... INFO
Imports includes 23 non-default packages.
Importing from so many packages makes the package vulnerable to any of
them becoming unavailable.  Move as many as possible to Suggests and
use conditionally.
* checking if this is a source package ... OK
* checking if there is a namespace ... OK
* checking for hidden files and directories ... OK
* checking for portable file names ... OK
* checking for sufficient/correct file permissions ... OK
* checking whether package ‘TCGAbiolinks’ can be installed ... OK
* checking installed package size ... INFO
  installed size is  6.2Mb
  sub-directories of 1Mb or more:
    R      1.6Mb
    data   4.3Mb
* checking package directory ... OK
* checking ‘build’ directory ... OK
* checking DESCRIPTION meta-information ... OK
* checking top-level files ... OK
* checking for left-over files ... OK
* checking index information ... OK
* checking package subdirectories ... OK
* checking code files for non-ASCII characters ... OK
* checking R files for syntax errors ... OK
* checking whether the package can be loaded ... OK
* checking whether the package can be loaded with stated dependencies ... OK
* checking whether the package can be unloaded cleanly ... OK
* checking whether the namespace can be loaded with stated dependencies ... OK
* checking whether the namespace can be unloaded cleanly ... OK
* checking whether startup messages can be suppressed ... OK
* checking dependencies in R code ... WARNING
'::' or ':::' import not declared from: ‘dnet’
* checking S3 generic/method consistency ... WARNING
print:
  function(x, ...)
print.header:
  function(text, type)
See section ‘Generic functions and methods’ in the ‘Writing R
Extensions’ manual.
* checking replacement functions ... OK
* checking foreign function calls ... OK
* checking R code for possible problems ... NOTE
GDCprepare_clinic: no visible binding for global variable
  ‘bcr_patient_barcode’
GDCprepare_clinic: no visible binding for global variable
  ‘days_to_last_followup’
GDCprepare_clinic: no visible binding for global variable
  ‘vital_status’
GDCquery : <anonymous>: no visible binding for global variable
  ‘submitter_id’
GDCquery : <anonymous>: no visible binding for global variable
  ‘is_ffpe’
GDCquery_clinic: no visible binding for global variable ‘submitter_id’
GDCquery_clinic: no visible binding for global variable
  ‘days_to_follow_up’
GDCquery_clinic: no visible binding for global variable
  ‘disease_response’
GDCquery_clinic: no visible global function definition for ‘across’
GDCquery_clinic: no visible global function definition for ‘everything’
GDCquery_clinic : <anonymous>: no visible binding for global variable
  ‘submitter_id’
GDCquery_clinic : <anonymous>: no visible global function definition
  for ‘across’
GDCquery_clinic : <anonymous>: no visible global function definition
  for ‘everything’
TCGAanalyze_DEA: no visible binding for global variable ‘barcode’
TCGAanalyze_DEA: no visible binding for global variable ‘clinical’
TCGAquery_recount2: no visible binding for global variable ‘rse_gene’
TCGAtumor_purity: no visible binding for global variable ‘Tumor.purity’
TCGAvisualize_SurvivalCoxNET: no visible global function definition for
  ‘colorRampPalette’
TCGAvisualize_SurvivalCoxNET: no visible global function definition for
  ‘adjustcolor’
TCGAvisualize_oncoprint: no visible binding for global variable ‘value’
TCGAvisualize_starburst: no visible binding for global variable
  ‘gene_name’
TCGAvisualize_starburst: no visible binding for global variable
  ‘geFDR2’
TCGAvisualize_starburst: no visible binding for global variable ‘logFC’
TCGAvisualize_starburst: no visible binding for global variable
  ‘meFDR2’
TCGAvisualize_starburst: no visible binding for global variable
  ‘threshold.starburst’
TCGAvisualize_starburst: no visible binding for global variable
  ‘starburst.status’
colDataPrepare: no visible binding for global variable
  ‘sample_submitter_id’
colDataPrepare: no visible binding for global variable ‘submitter_id’
getBarcodeInfo: no visible binding for global variable
  ‘days_to_follow_up’
getBarcodeInfo: no visible binding for global variable
  ‘disease_response’
readExonQuantification: no visible binding for global variable ‘exon’
readExonQuantification: no visible binding for global variable
  ‘coordinates’
readSingleCellAnalysis : <anonymous>: no visible global function
  definition for ‘Read10X’
read_gene_expression_quantification : <anonymous>: no visible binding
  for '<<-' assignment to ‘assay.list’
read_gene_expression_quantification: no visible binding for global
  variable ‘assay.list’
Undefined global functions or variables:
  Read10X Tumor.purity across adjustcolor assay.list barcode
  bcr_patient_barcode clinical colorRampPalette coordinates
  days_to_follow_up days_to_last_followup disease_response everything
  exon geFDR2 gene_name is_ffpe logFC meFDR2 rse_gene
  sample_submitter_id starburst.status submitter_id threshold.starburst
  value vital_status
Consider adding
  importFrom("grDevices", "adjustcolor", "colorRampPalette")
to your NAMESPACE file.
* checking Rd files ... OK
* checking Rd metadata ... OK
* checking Rd cross-references ... OK
* checking for missing documentation entries ... OK
* checking for code/documentation mismatches ... OK
* checking Rd \usage sections ... OK
* checking Rd contents ... OK
* checking for unstated dependencies in examples ... OK
* checking contents of ‘data’ directory ... OK
* checking data for non-ASCII characters ... OK
* checking LazyData ... OK
* checking data for ASCII and uncompressed saves ... OK
* checking R/sysdata.rda ... OK
* checking files in ‘vignettes’ ... OK
* checking examples ... OK
Examples with CPU (user + system) or elapsed time > 5s
                                user system elapsed
TCGAanalyze_DEA               11.294  0.582  11.935
getManifest                    7.943  0.244 125.360
TCGAvisualize_meanMethylation  5.029  0.063   5.152
getDataCategorySummary         1.736  0.041   5.074
GDCprepare_clinic              1.140  0.176  39.143
getResults                     1.197  0.036  16.721
matchedMetExp                  0.950  0.033  12.961
GDCquery                       0.859  0.027  11.027
* checking for unstated dependencies in ‘tests’ ... OK
* checking tests ...
  Running ‘testthat.R’
 OK
* checking for unstated dependencies in vignettes ... OK
* checking package vignettes ... OK
* checking running R code from vignettes ... SKIPPED
* checking re-building of vignette outputs ... SKIPPED
* checking PDF version of manual ... OK
* DONE

Status: 2 WARNINGs, 1 NOTE
See
  ‘/Users/biocbuild/bbs-3.22-bioc/meat/TCGAbiolinks.Rcheck/00check.log’
for details.


Installation output

TCGAbiolinks.Rcheck/00install.out

##############################################################################
##############################################################################
###
### Running command:
###
###   /Library/Frameworks/R.framework/Resources/bin/R CMD INSTALL TCGAbiolinks
###
##############################################################################
##############################################################################


* installing to library ‘/Library/Frameworks/R.framework/Versions/4.5-x86_64/Resources/library’
* installing *source* package ‘TCGAbiolinks’ ...
** this is package ‘TCGAbiolinks’ version ‘2.38.0’
** using staged installation
** R
** data
*** moving datasets to lazyload DB
** inst
** byte-compile and prepare package for lazy loading
** help
*** installing help indices
** building package indices
** installing vignettes
** testing if installed package can be loaded from temporary location
** testing if installed package can be loaded from final location
** testing if installed package keeps a record of temporary installation path
* DONE (TCGAbiolinks)

Tests output

TCGAbiolinks.Rcheck/tests/testthat.Rout


R version 4.5.1 Patched (2025-09-10 r88807) -- "Great Square Root"
Copyright (C) 2025 The R Foundation for Statistical Computing
Platform: x86_64-apple-darwin20

R is free software and comes with ABSOLUTELY NO WARRANTY.
You are welcome to redistribute it under certain conditions.
Type 'license()' or 'licence()' for distribution details.

R is a collaborative project with many contributors.
Type 'contributors()' for more information and
'citation()' on how to cite R or R packages in publications.

Type 'demo()' for some demos, 'help()' for on-line help, or
'help.start()' for an HTML browser interface to help.
Type 'q()' to quit R.

> library(testthat)
> library(TCGAbiolinks)
> 
> test_check("TCGAbiolinks")

|                                                    |  0%                      
|==========================                          | 50% ~0 s remaining       
|====================================================|100% ~0 s remaining       
|====================================================|100%                      Completed after 0 s 

|                                                    |  0%                      
|==========================                          | 50% ~0 s remaining       
|====================================================|100% ~0 s remaining       
|====================================================|100%                      Completed after 0 s 
[1] "I need about  1 minute to finish complete  Enrichment analysis GO[BP,MF,CC] and Pathways... "
[1] "GO Enrichment Analysis BP completed....done"
[1] "GO Enrichment Analysis MF completed....done"
[1] "GO Enrichment Analysis CC completed....done"
[1] "Pathway Enrichment Analysis completed....done"
[ FAIL 0 | WARN 0 | SKIP 24 | PASS 31 ]

══ Skipped tests (24) ══════════════════════════════════════════════════════════
• On Bioconductor (24): 'test-prepare-download.R:4:5',
  'test-prepare-download.R:49:5', 'test-prepare-download.R:92:5',
  'test-prepare-download.R:102:5', 'test-prepare-download.R:124:5',
  'test-prepare-download.R:145:5', 'test-prepare-download.R:164:5',
  'test-prepare-download.R:183:5', 'test-prepare-download.R:199:5',
  'test-prepare-download.R:209:5', 'test-prepare-download.R:221:5',
  'test-prepare-download.R:246:5', 'test-prepare-download.R:286:5',
  'test-prepare-download.R:316:5', 'test-prepare-download.R:347:5',
  'test-prepare-download.R:381:5', 'test-query-clinical.R:13:5',
  'test-query-clinical.R:69:5', 'test-query.R:5:5', 'test-query.R:15:5',
  'test-query.R:44:5', 'test-query.R:86:5', 'test-query.R:127:5',
  'test-query.R:147:5'

[ FAIL 0 | WARN 0 | SKIP 24 | PASS 31 ]
> 
> proc.time()
   user  system elapsed 
 48.377   2.169  50.845 

Example timings

TCGAbiolinks.Rcheck/TCGAbiolinks-Ex.timings

nameusersystemelapsed
GDCdownload0.0000.0010.001
GDCprepare000
GDCprepare_clinic 1.140 0.17639.143
GDCquery 0.859 0.02711.027
GDCquery_ATAC_seq0.3370.0301.757
GDCquery_clinic0.9360.0344.759
PanCancerAtlas_subtypes0.0110.0020.012
TCGAVisualize_volcano0.5080.0150.528
TCGA_MolecularSubtype0.3430.0040.348
TCGAanalyze_DEA11.294 0.58211.935
TCGAanalyze_DEA_Affy000
TCGAanalyze_DMC1.4480.1451.603
TCGAanalyze_EA000
TCGAanalyze_EAcomplete2.1870.0722.273
TCGAanalyze_Filtering3.2140.0643.292
TCGAanalyze_LevelTab4.4670.1644.654
TCGAanalyze_Normalization1.6300.0301.665
TCGAanalyze_Pathview000
TCGAanalyze_Stemness2.8640.0652.941
TCGAanalyze_SurvivalKM0.1420.0090.151
TCGAanalyze_survival4.1650.1174.308
TCGAprepare_Affy000
TCGAquery_MatchedCoupledSampleTypes0.0020.0010.003
TCGAquery_SampleTypes0.0020.0010.002
TCGAquery_recount20.0010.0000.001
TCGAquery_subtype0.0050.0000.004
TCGAtumor_purity0.0600.0010.061
TCGAvisualize_EAbarplot2.2260.0662.308
TCGAvisualize_Heatmap2.2320.1102.358
TCGAvisualize_PCA2.2260.0292.268
TCGAvisualize_meanMethylation5.0290.0635.152
TCGAvisualize_oncoprint0.0000.0010.000
TCGAvisualize_starburst0.0000.0000.001
UseRaw_afterFilter000
colDataPrepare0.1750.0070.945
dmc.non.parametric0.1140.0260.142
dmc.non.parametric.se0.1850.0120.199
gaiaCNVplot0.0340.0020.037
geneInfoHT0.0000.0000.001
getAdjacencyBiogrid0.0010.0000.002
getDataCategorySummary1.7360.0415.074
getGDCInfo0.0170.0010.228
getGDCprojects0.0190.0010.263
getLinkedOmicsData000
getMC3MAF000
getManifest 7.943 0.244125.360
getNbCases0.0000.0000.001
getNbFiles0.0000.0010.000
getProjectSummary0.0320.0030.487
getResults 1.197 0.03616.721
getSampleFilesSummary0.4800.0272.669
getTSS000
gliomaClassifier0.0000.0010.000
isServeOK0.0190.0020.239
matchedMetExp 0.950 0.03312.961