Back to Multiple platform build/check report for BioC 3.22:   simplified   long
ABCDEFGHIJKLMNOPQ[R]STUVWXYZ

This page was generated on 2025-11-04 12:04 -0500 (Tue, 04 Nov 2025).

HostnameOSArch (*)R versionInstalled pkgs
nebbiolo2Linux (Ubuntu 24.04.3 LTS)x86_644.5.1 Patched (2025-08-23 r88802) -- "Great Square Root" 4902
lconwaymacOS 12.7.6 Montereyx86_644.5.1 Patched (2025-09-10 r88807) -- "Great Square Root" 4692
kjohnson3macOS 13.7.7 Venturaarm644.5.1 Patched (2025-09-10 r88807) -- "Great Square Root" 4638
Click on any hostname to see more info about the system (e.g. compilers)      (*) as reported by 'uname -p', except on Windows and Mac OS X

Package 1739/2361HostnameOS / ArchINSTALLBUILDCHECKBUILD BIN
RCyjs 2.32.0  (landing page)
Paul Shannon
Snapshot Date: 2025-11-03 13:45 -0500 (Mon, 03 Nov 2025)
git_url: https://git.bioconductor.org/packages/RCyjs
git_branch: RELEASE_3_22
git_last_commit: abd521e
git_last_commit_date: 2025-10-29 10:25:28 -0500 (Wed, 29 Oct 2025)
nebbiolo2Linux (Ubuntu 24.04.3 LTS) / x86_64  OK    OK    WARNINGS  UNNEEDED, same version is already published
lconwaymacOS 12.7.6 Monterey / x86_64  OK    OK    WARNINGS    OK  UNNEEDED, same version is already published
kjohnson3macOS 13.7.7 Ventura / arm64  OK    OK    WARNINGS    OK  UNNEEDED, same version is already published


CHECK results for RCyjs on lconway

To the developers/maintainers of the RCyjs package:
- Allow up to 24 hours (and sometimes 48 hours) for your latest push to git@git.bioconductor.org:packages/RCyjs.git to reflect on this report. See Troubleshooting Build Report for more information.
- Use the following Renviron settings to reproduce errors and warnings.
- If 'R CMD check' started to fail recently on the Linux builder(s) over a missing dependency, add the missing dependency to 'Suggests:' in your DESCRIPTION file. See Renviron.bioc for more information.

raw results


Summary

Package: RCyjs
Version: 2.32.0
Command: /Library/Frameworks/R.framework/Resources/bin/R CMD check --install=check:RCyjs.install-out.txt --library=/Library/Frameworks/R.framework/Resources/library --no-vignettes --timings RCyjs_2.32.0.tar.gz
StartedAt: 2025-11-03 23:39:05 -0500 (Mon, 03 Nov 2025)
EndedAt: 2025-11-03 23:40:02 -0500 (Mon, 03 Nov 2025)
EllapsedTime: 56.8 seconds
RetCode: 0
Status:   WARNINGS  
CheckDir: RCyjs.Rcheck
Warnings: 1

Command output

##############################################################################
##############################################################################
###
### Running command:
###
###   /Library/Frameworks/R.framework/Resources/bin/R CMD check --install=check:RCyjs.install-out.txt --library=/Library/Frameworks/R.framework/Resources/library --no-vignettes --timings RCyjs_2.32.0.tar.gz
###
##############################################################################
##############################################################################


* using log directory ‘/Users/biocbuild/bbs-3.22-bioc/meat/RCyjs.Rcheck’
* using R version 4.5.1 Patched (2025-09-10 r88807)
* using platform: x86_64-apple-darwin20
* R was compiled by
    Apple clang version 14.0.0 (clang-1400.0.29.202)
    GNU Fortran (GCC) 14.2.0
* running under: macOS Monterey 12.7.6
* using session charset: UTF-8
* using option ‘--no-vignettes’
* checking for file ‘RCyjs/DESCRIPTION’ ... OK
* checking extension type ... Package
* this is package ‘RCyjs’ version ‘2.32.0’
* checking package namespace information ... OK
* checking package dependencies ... OK
* checking if this is a source package ... OK
* checking if there is a namespace ... OK
* checking for hidden files and directories ... OK
* checking for portable file names ... OK
* checking for sufficient/correct file permissions ... OK
* checking whether package ‘RCyjs’ can be installed ... OK
* checking installed package size ... OK
* checking package directory ... OK
* checking ‘build’ directory ... OK
* checking DESCRIPTION meta-information ... NOTE
License stub is invalid DCF.
* checking top-level files ... OK
* checking for left-over files ... OK
* checking index information ... OK
* checking package subdirectories ... OK
* checking code files for non-ASCII characters ... OK
* checking R files for syntax errors ... OK
* checking whether the package can be loaded ... OK
* checking whether the package can be loaded with stated dependencies ... OK
* checking whether the package can be unloaded cleanly ... OK
* checking whether the namespace can be loaded with stated dependencies ... OK
* checking whether the namespace can be unloaded cleanly ... OK
* checking whether startup messages can be suppressed ... OK
* checking dependencies in R code ... OK
* checking S3 generic/method consistency ... OK
* checking replacement functions ... OK
* checking foreign function calls ... OK
* checking R code for possible problems ... OK
* checking Rd files ... OK
* checking Rd metadata ... OK
* checking Rd cross-references ... OK
* checking for missing documentation entries ... OK
* checking for code/documentation mismatches ... OK
* checking Rd \usage sections ... WARNING
Undocumented arguments in Rd file 'hideNodes.Rd'
  ‘nodeIDs’

Undocumented arguments in Rd file 'readAndStandardizeJSONNetworkFile.Rd'
  ‘filename’
Documented arguments not in \usage in Rd file 'readAndStandardizeJSONNetworkFile.Rd':
  ‘file’

Undocumented arguments in Rd file 'readAndStandardizeJSONStyleFile.Rd'
  ‘filename’
Documented arguments not in \usage in Rd file 'readAndStandardizeJSONStyleFile.Rd':
  ‘file’

Undocumented arguments in Rd file 'showNodes.Rd'
  ‘nodeIDs’

Functions with \usage entries need to have the appropriate \alias
entries, and all their arguments documented.
The \usage entries must correspond to syntactically valid R code.
See chapter ‘Writing R documentation files’ in the ‘Writing R
Extensions’ manual.
* checking Rd contents ... OK
* checking for unstated dependencies in examples ... OK
* checking include directives in Makefiles ... OK
* checking files in ‘vignettes’ ... OK
* checking examples ... OK
* checking for unstated dependencies in ‘tests’ ... OK
* checking tests ...
  Running ‘runTests.R’
 OK
* checking for unstated dependencies in vignettes ... OK
* checking package vignettes ... OK
* checking running R code from vignettes ... SKIPPED
* checking re-building of vignette outputs ... SKIPPED
* checking PDF version of manual ... OK
* DONE

Status: 1 WARNING, 1 NOTE
See
  ‘/Users/biocbuild/bbs-3.22-bioc/meat/RCyjs.Rcheck/00check.log’
for details.


Installation output

RCyjs.Rcheck/00install.out

##############################################################################
##############################################################################
###
### Running command:
###
###   /Library/Frameworks/R.framework/Resources/bin/R CMD INSTALL RCyjs
###
##############################################################################
##############################################################################


* installing to library ‘/Library/Frameworks/R.framework/Versions/4.5-x86_64/Resources/library’
* installing *source* package ‘RCyjs’ ...
** this is package ‘RCyjs’ version ‘2.32.0’
** using staged installation
** R
** inst
** byte-compile and prepare package for lazy loading
Creating a new generic function for ‘layout’ in package ‘RCyjs’
** help
*** installing help indices
** building package indices
** installing vignettes
** testing if installed package can be loaded from temporary location
** testing if installed package can be loaded from final location
** testing if installed package keeps a record of temporary installation path
* DONE (RCyjs)

Tests output

RCyjs.Rcheck/tests/runTests.Rout


R version 4.5.1 Patched (2025-09-10 r88807) -- "Great Square Root"
Copyright (C) 2025 The R Foundation for Statistical Computing
Platform: x86_64-apple-darwin20

R is free software and comes with ABSOLUTELY NO WARRANTY.
You are welcome to redistribute it under certain conditions.
Type 'license()' or 'licence()' for distribution details.

R is a collaborative project with many contributors.
Type 'contributors()' for more information and
'citation()' on how to cite R or R packages in publications.

Type 'demo()' for some demos, 'help()' for on-line help, or
'help.start()' for an HTML browser interface to help.
Type 'q()' to quit R.

> # disabled: the bioc build system no longer supports browser use.
> # BiocGenerics:::testPackage("RCyjs")
> 
> proc.time()
   user  system elapsed 
  0.218   0.084   0.311 

Example timings

RCyjs.Rcheck/RCyjs-Ex.timings

nameusersystemelapsed
RCyjs-class0.0010.0000.001
addGraph0.0010.0000.001
addGraphFromFile0.0000.0000.001
clearSelection000
createTestGaph0.0060.0000.007
deleteGraph000
deleteSelectedNodes0.0000.0010.001
eda0.0000.0000.001
edaNames0.0000.0010.000
fit0.0010.0000.000
fitSelection000
getEdgeCount0.0000.0000.001
getJSON0.0000.0000.001
getLayoutStrategies000
getNodeCount000
getNodes0.0010.0000.001
getPosition000
getSelectedNodes0.0000.0000.001
getSupportedEdgeDecoratorShapes000
getSupportedNodeShapes0.0010.0000.001
getZoom0.0000.0000.001
graphNELtoJSON.string0.0000.0010.000
hAlign0.0010.0000.000
hideAllEdges0.0000.0000.001
hideEdges0.0000.0010.000
hideNodes0.0000.0000.001
hideSelectedNodes0.0000.0000.001
invertNodeSelection000
layout0.0010.0010.001
layoutSelectionInGrid0.0010.0000.001
layoutSelectionInGridInferAnchorm0.0010.0000.000
loadStyleFile0.0000.0000.001
noa000
noaNames000
redraw0.0010.0000.001
restoreLayout0.0000.0010.001
saveJPG0.0010.0000.001
saveLayout0.0000.0000.001
savePNG0.0010.0010.001
selectFirstNeighborsOfSelectedNodes000
selectNodes0.0000.0000.001
setBackgroundColor0.0010.0010.001
setDefaultEdgeColor000
setDefaultEdgeLineColor0.0000.0000.001
setDefaultEdgeLineStyle000
setDefaultEdgeSourceArrowColor0.0010.0010.001
setDefaultEdgeSourceArrowShape0.0010.0000.001
setDefaultEdgeTargetArrowColor000
setDefaultEdgeTargetArrowShape0.0000.0010.000
setDefaultEdgeWidth0.0010.0000.001
setDefaultNodeBorderColor000
setDefaultNodeBorderWidth0.0000.0010.000
setDefaultNodeColor000
setDefaultNodeFontColor0.0010.0000.001
setDefaultNodeFontSize0.0010.0000.000
setDefaultNodeHeight000
setDefaultNodeShape0.0000.0000.001
setDefaultNodeSize0.0010.0010.000
setDefaultNodeWidth000
setDefaultStyle0.0000.0010.000
setEdgeStyle0.0010.0000.001
setGraph0.0010.0000.000
setNodeAttributes000
setNodeBorderColor000
setNodeBorderWidth000
setNodeColor000
setNodeColorRule0.0010.0000.000
setNodeFontColor0.0000.0000.001
setNodeFontSize0.0000.0000.001
setNodeHeight0.0000.0000.001
setNodeLabelRule0.0000.0000.001
setNodeShape0.0010.0000.000
setNodeSize000
setNodeSizeRule0.0010.0000.000
setNodeWidth000
setPosition0.0000.0010.001
setZoom000
sfn0.0010.0000.000
showAll0.0000.0010.001
showEdges0.0000.0000.001
showNodes000
simpleDemoGraph0.0560.0020.058
vAlign000