Back to Multiple platform build/check report for BioC 3.22:   simplified   long
ABCDEFGHIJKL[M]NOPQRSTUVWXYZ

This page was generated on 2025-11-11 12:02 -0500 (Tue, 11 Nov 2025).

HostnameOSArch (*)R versionInstalled pkgs
nebbiolo2Linux (Ubuntu 24.04.3 LTS)x86_644.5.1 Patched (2025-08-23 r88802) -- "Great Square Root" 4902
kjohnson3macOS 13.7.7 Venturaarm644.5.1 Patched (2025-09-10 r88807) -- "Great Square Root" 4638
Click on any hostname to see more info about the system (e.g. compilers)      (*) as reported by 'uname -p', except on Windows and Mac OS X

Package 1235/2361HostnameOS / ArchINSTALLBUILDCHECKBUILD BIN
MesKit 1.20.0  (landing page)
Mengni Liu
Snapshot Date: 2025-11-10 13:45 -0500 (Mon, 10 Nov 2025)
git_url: https://git.bioconductor.org/packages/MesKit
git_branch: RELEASE_3_22
git_last_commit: 8a34315
git_last_commit_date: 2025-10-29 11:01:00 -0500 (Wed, 29 Oct 2025)
nebbiolo2Linux (Ubuntu 24.04.3 LTS) / x86_64  OK    OK    WARNINGS  UNNEEDED, same version is already published
kjohnson3macOS 13.7.7 Ventura / arm64  OK    OK    WARNINGS    OK  UNNEEDED, same version is already published


CHECK results for MesKit on nebbiolo2

To the developers/maintainers of the MesKit package:
- Allow up to 24 hours (and sometimes 48 hours) for your latest push to git@git.bioconductor.org:packages/MesKit.git to reflect on this report. See Troubleshooting Build Report for more information.
- Use the following Renviron settings to reproduce errors and warnings.
- If 'R CMD check' started to fail recently on the Linux builder(s) over a missing dependency, add the missing dependency to 'Suggests:' in your DESCRIPTION file. See Renviron.bioc for more information.

raw results


Summary

Package: MesKit
Version: 1.20.0
Command: /home/biocbuild/bbs-3.22-bioc/R/bin/R CMD check --install=check:MesKit.install-out.txt --library=/home/biocbuild/bbs-3.22-bioc/R/site-library --timings MesKit_1.20.0.tar.gz
StartedAt: 2025-11-11 01:22:35 -0500 (Tue, 11 Nov 2025)
EndedAt: 2025-11-11 01:32:15 -0500 (Tue, 11 Nov 2025)
EllapsedTime: 580.5 seconds
RetCode: 0
Status:   WARNINGS  
CheckDir: MesKit.Rcheck
Warnings: 1

Command output

##############################################################################
##############################################################################
###
### Running command:
###
###   /home/biocbuild/bbs-3.22-bioc/R/bin/R CMD check --install=check:MesKit.install-out.txt --library=/home/biocbuild/bbs-3.22-bioc/R/site-library --timings MesKit_1.20.0.tar.gz
###
##############################################################################
##############################################################################


* using log directory ‘/home/biocbuild/bbs-3.22-bioc/meat/MesKit.Rcheck’
* using R version 4.5.1 Patched (2025-08-23 r88802)
* using platform: x86_64-pc-linux-gnu
* R was compiled by
    gcc (Ubuntu 13.3.0-6ubuntu2~24.04) 13.3.0
    GNU Fortran (Ubuntu 13.3.0-6ubuntu2~24.04) 13.3.0
* running under: Ubuntu 24.04.3 LTS
* using session charset: UTF-8
* checking for file ‘MesKit/DESCRIPTION’ ... OK
* checking extension type ... Package
* this is package ‘MesKit’ version ‘1.20.0’
* package encoding: UTF-8
* checking package namespace information ... OK
* checking package dependencies ... OK
* checking if this is a source package ... OK
* checking if there is a namespace ... OK
* checking for hidden files and directories ... OK
* checking for portable file names ... OK
* checking for sufficient/correct file permissions ... OK
* checking whether package ‘MesKit’ can be installed ... WARNING
Found the following significant warnings:
  Warning: replacing previous import ‘ape::degree’ by ‘circlize::degree’ when loading ‘MesKit’
  Warning: replacing previous import ‘ape::where’ by ‘dplyr::where’ when loading ‘MesKit’
  Warning: replacing previous import ‘dplyr::count’ by ‘mclust::count’ when loading ‘MesKit’
See ‘/home/biocbuild/bbs-3.22-bioc/meat/MesKit.Rcheck/00install.out’ for details.
* checking installed package size ... INFO
  installed size is  6.0Mb
  sub-directories of 1Mb or more:
    extdata   4.9Mb
* checking package directory ... OK
* checking ‘build’ directory ... OK
* checking DESCRIPTION meta-information ... OK
* checking top-level files ... NOTE
File
  LICENSE
is not mentioned in the DESCRIPTION file.
* checking for left-over files ... OK
* checking index information ... OK
* checking package subdirectories ... OK
* checking code files for non-ASCII characters ... OK
* checking R files for syntax errors ... OK
* checking whether the package can be loaded ... OK
* checking whether the package can be loaded with stated dependencies ... OK
* checking whether the package can be unloaded cleanly ... OK
* checking whether the namespace can be loaded with stated dependencies ... OK
* checking whether the namespace can be unloaded cleanly ... OK
* checking loading without being on the library search path ... OK
* checking dependencies in R code ... OK
* checking S3 generic/method consistency ... OK
* checking replacement functions ... OK
* checking foreign function calls ... OK
* checking R code for possible problems ... NOTE
calJSI : processJSI: no visible binding for global variable ‘CCF’
cna2gene: no visible global function definition for ‘genes’
cna2gene: no visible binding for global variable ‘org.Hs.eg.db’
cna2gene: no visible binding for global variable ‘seqnames’
cna2gene: no visible binding for global variable ‘Chromosome’
cna2gene: no visible binding for global variable ‘Hugo_Symbol’
cna2gene: no visible binding for global variable ‘Start_Position’
cna2gene: no visible binding for global variable ‘End_Position’
cna2gene: no visible binding for global variable ‘i.End_Position’
cna2gene: no visible binding for global variable ‘i.Start_Position’
cna2gene: no visible binding for global variable ‘Patient_ID’
cna2gene: no visible binding for global variable ‘Tumor_Sample_Barcode’
cna2gene: no visible binding for global variable ‘seg_id’
cna2gene: no visible binding for global variable ‘overlap_width’
copyNumberFilter: no visible binding for global variable ‘Patient_ID’
drawVAFCombine: no visible binding for global variable ‘V’
drawVAFCombineVline: no visible binding for global variable ‘V’
fitSignatures : processFitSig: no visible binding for global variable
  ‘Branch’
fitSignatures : processFitSig: no visible binding for global variable
  ‘Original’
fitSignatures : processFitSig: no visible binding for global variable
  ‘Reconstructed’
mutCluster : processVafcluster_sample: no visible binding for global
  variable ‘cluster’
plotCNA: no visible binding for global variable ‘Cytoband’
plotCNA: no visible binding for global variable ‘Cytoband_pos’
plotCNA: no visible binding for global variable ‘gene_id’
plotCNA: no visible binding for global variable ‘gene_pos’
plotCNA: no visible binding for global variable ‘Hugo_Symbol’
plotTree: no visible binding for global variable ‘is.match’
plotTree: no visible binding for global variable ‘x’
plotTree: no visible binding for global variable ‘y’
plotTree: no visible binding for global variable ‘xend’
plotTree: no visible binding for global variable ‘yend’
Undefined global functions or variables:
  Branch CCF Chromosome Cytoband Cytoband_pos End_Position Hugo_Symbol
  Original Patient_ID Reconstructed Start_Position Tumor_Sample_Barcode
  V cluster gene_id gene_pos genes i.End_Position i.Start_Position
  is.match org.Hs.eg.db overlap_width seg_id seqnames x xend y yend
* checking Rd files ... OK
* checking Rd metadata ... OK
* checking Rd cross-references ... OK
* checking for missing documentation entries ... OK
* checking for code/documentation mismatches ... OK
* checking Rd \usage sections ... OK
* checking Rd contents ... OK
* checking for unstated dependencies in examples ... OK
* checking files in ‘vignettes’ ... OK
* checking examples ... OK
Examples with CPU (user + system) or elapsed time > 5s
                       user system elapsed
cna2gene             22.363  0.655  22.861
calFst               14.917  0.281  15.165
getBranchType        14.187  0.255  14.395
plotMutSigProfile    13.898  0.177  14.027
mutHeatmap           13.596  0.042  13.572
getBootstrapValue    13.343  0.053  13.354
getTreeMethod        13.168  0.111  13.218
getBinaryMatrix      13.202  0.063  13.217
getTree              12.976  0.087  13.013
getPhyloTreePatient  12.520  0.085  12.551
getPhyloTreeRef      12.596  0.009  12.560
getPhyloTree         12.443  0.139  12.525
getPhyloTreeTsbLabel 12.479  0.032  12.456
getMutBranches       12.354  0.097  12.405
getCCFMatrix         12.044  0.047  12.043
compareTree          10.808  0.078  10.841
calNeiDist           10.359  0.083  10.393
calJSI               10.210  0.150  10.312
ccfAUC               10.019  0.119  10.088
mutCluster            9.871  0.088   9.900
compareCCF            9.565  0.361   9.877
fitSignatures         9.259  0.118   9.322
testNeutral           8.940  0.010   8.910
mutTrunkBranch        8.829  0.077   8.868
triMatrix             8.273  0.061   8.286
plotMutProfile        8.265  0.049   8.242
plotPhyloTree         7.782  0.074   7.793
classifyMut           7.390  0.089   7.426
mathScore             6.830  0.079   6.862
getSampleInfo         6.805  0.030   6.789
getMafRef             6.587  0.026   6.584
getNonSyn_vc          6.502  0.032   6.502
getMafData            6.377  0.011   6.346
readMaf               6.307  0.049   6.274
getMafPatient         6.302  0.001   6.261
subMaf                6.256  0.019   6.235
* checking for unstated dependencies in vignettes ... OK
* checking package vignettes ... OK
* checking re-building of vignette outputs ... OK
* checking PDF version of manual ... OK
* DONE

Status: 1 WARNING, 2 NOTEs
See
  ‘/home/biocbuild/bbs-3.22-bioc/meat/MesKit.Rcheck/00check.log’
for details.


Installation output

MesKit.Rcheck/00install.out

##############################################################################
##############################################################################
###
### Running command:
###
###   /home/biocbuild/bbs-3.22-bioc/R/bin/R CMD INSTALL MesKit
###
##############################################################################
##############################################################################


* installing to library ‘/home/biocbuild/bbs-3.22-bioc/R/site-library’
* installing *source* package ‘MesKit’ ...
** this is package ‘MesKit’ version ‘1.20.0’
** using staged installation
** R
** inst
** byte-compile and prepare package for lazy loading
Warning: replacing previous import ‘ape::degree’ by ‘circlize::degree’ when loading ‘MesKit’
Warning: replacing previous import ‘ape::where’ by ‘dplyr::where’ when loading ‘MesKit’
Warning: replacing previous import ‘dplyr::count’ by ‘mclust::count’ when loading ‘MesKit’
** help
*** installing help indices
** building package indices
** installing vignettes
** testing if installed package can be loaded from temporary location
Warning: replacing previous import ‘ape::degree’ by ‘circlize::degree’ when loading ‘MesKit’
Warning: replacing previous import ‘ape::where’ by ‘dplyr::where’ when loading ‘MesKit’
Warning: replacing previous import ‘dplyr::count’ by ‘mclust::count’ when loading ‘MesKit’
** testing if installed package can be loaded from final location
Warning: replacing previous import ‘ape::degree’ by ‘circlize::degree’ when loading ‘MesKit’
Warning: replacing previous import ‘ape::where’ by ‘dplyr::where’ when loading ‘MesKit’
Warning: replacing previous import ‘dplyr::count’ by ‘mclust::count’ when loading ‘MesKit’
** testing if installed package keeps a record of temporary installation path
* DONE (MesKit)

Tests output


Example timings

MesKit.Rcheck/MesKit-Ex.timings

nameusersystemelapsed
calFst14.917 0.28115.165
calJSI10.210 0.15010.312
calNeiDist10.359 0.08310.393
ccfAUC10.019 0.11910.088
classifyMut7.3900.0897.426
cna2gene22.363 0.65522.861
compareCCF9.5650.3619.877
compareTree10.808 0.07810.841
fitSignatures9.2590.1189.322
getBinaryMatrix13.202 0.06313.217
getBootstrapValue13.343 0.05313.354
getBranchType14.187 0.25514.395
getCCFMatrix12.044 0.04712.043
getMafData6.3770.0116.346
getMafPatient6.3020.0016.261
getMafRef6.5870.0266.584
getMutBranches12.354 0.09712.405
getNonSyn_vc6.5020.0326.502
getPhyloTree12.443 0.13912.525
getPhyloTreePatient12.520 0.08512.551
getPhyloTreeRef12.596 0.00912.560
getPhyloTreeTsbLabel12.479 0.03212.456
getSampleInfo6.8050.0306.789
getTree12.976 0.08713.013
getTreeMethod13.168 0.11113.218
mathScore6.8300.0796.862
mutCluster9.8710.0889.900
mutHeatmap13.596 0.04213.572
mutTrunkBranch8.8290.0778.868
plotCNA3.4040.0133.266
plotMutProfile8.2650.0498.242
plotMutSigProfile13.898 0.17714.027
plotPhyloTree7.7820.0747.793
readMaf6.3070.0496.274
readSegment0.4290.0060.376
runMesKit000
subMaf6.2560.0196.235
testNeutral8.940.018.91
triMatrix8.2730.0618.286