Back to Multiple platform build/check report for BioC 3.22:   simplified   long
ABCDEFGHIJKL[M]NOPQRSTUVWXYZ

This page was generated on 2025-11-20 12:03 -0500 (Thu, 20 Nov 2025).

HostnameOSArch (*)R versionInstalled pkgs
nebbiolo2Linux (Ubuntu 24.04.3 LTS)x86_644.5.2 (2025-10-31) -- "[Not] Part in a Rumble" 4615
merida1macOS 12.7.6 Montereyx86_644.5.2 Patched (2025-11-05 r88990) -- "[Not] Part in a Rumble" 4610
kjohnson1macOS 13.7.5 Venturaarm644.5.2 Patched (2025-11-04 r88984) -- "[Not] Part in a Rumble" 4598
taishanLinux (openEuler 24.03 LTS)aarch644.5.0 (2025-04-11) -- "How About a Twenty-Six" 4668
Click on any hostname to see more info about the system (e.g. compilers)      (*) as reported by 'uname -p', except on Windows and Mac OS X

Package 1345/2361HostnameOS / ArchINSTALLBUILDCHECKBUILD BIN
MOFA2 1.20.0  (landing page)
Ricard Argelaguet
Snapshot Date: 2025-11-17 13:45 -0500 (Mon, 17 Nov 2025)
git_url: https://git.bioconductor.org/packages/MOFA2
git_branch: RELEASE_3_22
git_last_commit: 4dd4d60
git_last_commit_date: 2025-10-29 11:03:35 -0500 (Wed, 29 Oct 2025)
nebbiolo2Linux (Ubuntu 24.04.3 LTS) / x86_64  OK    ERROR  skipped
merida1macOS 12.7.6 Monterey / x86_64  OK    OK    WARNINGS    OK  UNNEEDED, same version is already published
kjohnson1macOS 13.7.5 Ventura / arm64  OK    ERROR  skippedskipped
taishanLinux (openEuler 24.03 LTS) / aarch64  OK    ERROR  skipped


BUILD results for MOFA2 on nebbiolo2

To the developers/maintainers of the MOFA2 package:
- Allow up to 24 hours (and sometimes 48 hours) for your latest push to git@git.bioconductor.org:packages/MOFA2.git to reflect on this report. See Troubleshooting Build Report for more information.
- Use the following Renviron settings to reproduce errors and warnings.
- If 'R CMD check' started to fail recently on the Linux builder(s) over a missing dependency, add the missing dependency to 'Suggests:' in your DESCRIPTION file. See Renviron.bioc for more information.

raw results


Summary

Package: MOFA2
Version: 1.20.0
Command: /home/biocbuild/bbs-3.22-bioc/R/bin/R CMD build --keep-empty-dirs --no-resave-data --md5 MOFA2
StartedAt: 2025-11-17 22:09:58 -0500 (Mon, 17 Nov 2025)
EndedAt: 2025-11-17 22:10:59 -0500 (Mon, 17 Nov 2025)
EllapsedTime: 61.1 seconds
RetCode: 1
Status:   ERROR  
PackageFile: None
PackageFileSize: NA

Command output

##############################################################################
##############################################################################
###
### Running command:
###
###   /home/biocbuild/bbs-3.22-bioc/R/bin/R CMD build --keep-empty-dirs --no-resave-data --md5 MOFA2
###
##############################################################################
##############################################################################


* checking for file ‘MOFA2/DESCRIPTION’ ... OK
* preparing ‘MOFA2’:
* checking DESCRIPTION meta-information ... OK
* installing the package to build vignettes
* creating vignettes ... ERROR
--- re-building ‘MEFISTO_temporal.Rmd’ using rmarkdown

Quitting from MEFISTO_temporal.Rmd:95-98 [unnamed-chunk-7]
~~~~~~~~~~~~~~~~~~~~~~~~~~~~~~~~~~~~~~~~~~~~~~~~~~~~~~~~~~~~~~~~~~~~~~~~~~~~~~~~
<error/rlang_error>
Error in `lock()`:
! Cannot open lock file: No such file or directory
---
Backtrace:
    ▆
 1. └─MOFA2::run_mofa(sm, outfile, use_basilisk = TRUE)
 2.   └─basilisk::basiliskStart(mofa_env)
 3.     └─basilisk::obtainEnvironmentPath(env)
 4.       └─basilisk::lockExternalDir(exdir, exclusive = FALSE)
 5.         └─dir.expiry::lockDirectory(path, ...)
 6.           └─filelock::lock(plock, exclusive = FALSE)
~~~~~~~~~~~~~~~~~~~~~~~~~~~~~~~~~~~~~~~~~~~~~~~~~~~~~~~~~~~~~~~~~~~~~~~~~~~~~~~~

Error: processing vignette 'MEFISTO_temporal.Rmd' failed with diagnostics:
Cannot open lock file: No such file or directory
--- failed re-building ‘MEFISTO_temporal.Rmd’

--- re-building ‘downstream_analysis.Rmd’ using rmarkdown
--- finished re-building ‘downstream_analysis.Rmd’

--- re-building ‘getting_started_R.Rmd’ using rmarkdown

Quitting from getting_started_R.Rmd:212-215 [unnamed-chunk-14]
~~~~~~~~~~~~~~~~~~~~~~~~~~~~~~~~~~~~~~~~~~~~~~~~~~~~~~~~~~~~~~~~~~~~~~~~~~~~~~~~
<error/rlang_error>
Error in `lock()`:
! Cannot open lock file: No such file or directory
---
Backtrace:
    ▆
 1. └─MOFA2::run_mofa(MOFAobject, outfile, use_basilisk = TRUE)
 2.   └─basilisk::basiliskStart(mofa_env)
 3.     └─basilisk::obtainEnvironmentPath(env)
 4.       └─basilisk::lockExternalDir(exdir, exclusive = FALSE)
 5.         └─dir.expiry::lockDirectory(path, ...)
 6.           └─filelock::lock(plock, exclusive = FALSE)
~~~~~~~~~~~~~~~~~~~~~~~~~~~~~~~~~~~~~~~~~~~~~~~~~~~~~~~~~~~~~~~~~~~~~~~~~~~~~~~~

Error: processing vignette 'getting_started_R.Rmd' failed with diagnostics:
Cannot open lock file: No such file or directory
--- failed re-building ‘getting_started_R.Rmd’

SUMMARY: processing the following files failed:
  ‘MEFISTO_temporal.Rmd’ ‘getting_started_R.Rmd’

Error: Vignette re-building failed.
Execution halted