| Back to Multiple platform build/check report for BioC 3.21: simplified long |
|
This page was generated on 2025-10-16 11:39 -0400 (Thu, 16 Oct 2025).
| Hostname | OS | Arch (*) | R version | Installed pkgs |
|---|---|---|---|---|
| nebbiolo1 | Linux (Ubuntu 24.04.3 LTS) | x86_64 | 4.5.1 (2025-06-13) -- "Great Square Root" | 4833 |
| merida1 | macOS 12.7.6 Monterey | x86_64 | 4.5.1 RC (2025-06-05 r88288) -- "Great Square Root" | 4614 |
| kjohnson1 | macOS 13.7.5 Ventura | arm64 | 4.5.1 Patched (2025-06-14 r88325) -- "Great Square Root" | 4555 |
| kunpeng2 | Linux (openEuler 24.03 LTS) | aarch64 | R Under development (unstable) (2025-02-19 r87757) -- "Unsuffered Consequences" | 4586 |
| Click on any hostname to see more info about the system (e.g. compilers) (*) as reported by 'uname -p', except on Windows and Mac OS X | ||||
| Package 1023/2341 | Hostname | OS / Arch | INSTALL | BUILD | CHECK | BUILD BIN | ||||||||
| IdeoViz 1.44.0 (landing page) Shraddha Pai
| nebbiolo1 | Linux (Ubuntu 24.04.3 LTS) / x86_64 | OK | OK | WARNINGS | |||||||||
| merida1 | macOS 12.7.6 Monterey / x86_64 | OK | OK | WARNINGS | OK | |||||||||
| kjohnson1 | macOS 13.7.5 Ventura / arm64 | OK | OK | WARNINGS | OK | |||||||||
| kunpeng2 | Linux (openEuler 24.03 LTS) / aarch64 | OK | OK | WARNINGS | ||||||||||
|
To the developers/maintainers of the IdeoViz package: - Allow up to 24 hours (and sometimes 48 hours) for your latest push to git@git.bioconductor.org:packages/IdeoViz.git to reflect on this report. See Troubleshooting Build Report for more information. - Use the following Renviron settings to reproduce errors and warnings. - If 'R CMD check' started to fail recently on the Linux builder(s) over a missing dependency, add the missing dependency to 'Suggests:' in your DESCRIPTION file. See Renviron.bioc for more information. |
| Package: IdeoViz |
| Version: 1.44.0 |
| Command: /Library/Frameworks/R.framework/Resources/bin/R CMD check --install=check:IdeoViz.install-out.txt --library=/Library/Frameworks/R.framework/Resources/library --no-vignettes --timings IdeoViz_1.44.0.tar.gz |
| StartedAt: 2025-10-14 05:17:21 -0400 (Tue, 14 Oct 2025) |
| EndedAt: 2025-10-14 05:21:18 -0400 (Tue, 14 Oct 2025) |
| EllapsedTime: 236.8 seconds |
| RetCode: 0 |
| Status: WARNINGS |
| CheckDir: IdeoViz.Rcheck |
| Warnings: 2 |
##############################################################################
##############################################################################
###
### Running command:
###
### /Library/Frameworks/R.framework/Resources/bin/R CMD check --install=check:IdeoViz.install-out.txt --library=/Library/Frameworks/R.framework/Resources/library --no-vignettes --timings IdeoViz_1.44.0.tar.gz
###
##############################################################################
##############################################################################
* using log directory ‘/Users/biocbuild/bbs-3.21-bioc/meat/IdeoViz.Rcheck’
* using R version 4.5.1 RC (2025-06-05 r88288)
* using platform: x86_64-apple-darwin20
* R was compiled by
Apple clang version 14.0.0 (clang-1400.0.29.202)
GNU Fortran (GCC) 14.2.0
* running under: macOS Monterey 12.7.6
* using session charset: UTF-8
* using option ‘--no-vignettes’
* checking for file ‘IdeoViz/DESCRIPTION’ ... OK
* checking extension type ... Package
* this is package ‘IdeoViz’ version ‘1.44.0’
* checking package namespace information ... OK
* checking package dependencies ... INFO
Depends: includes the non-default packages:
'Biobase', 'IRanges', 'GenomicRanges', 'RColorBrewer', 'rtracklayer',
'GenomeInfoDb'
Adding so many packages to the search path is excessive and importing
selectively is preferable.
* checking if this is a source package ... OK
* checking if there is a namespace ... OK
* checking for hidden files and directories ... OK
* checking for portable file names ... OK
* checking for sufficient/correct file permissions ... OK
* checking whether package ‘IdeoViz’ can be installed ... OK
* checking installed package size ... OK
* checking package directory ... OK
* checking DESCRIPTION meta-information ... OK
* checking top-level files ... NOTE
File
LICENSE
is not mentioned in the DESCRIPTION file.
* checking for left-over files ... OK
* checking index information ... OK
* checking package subdirectories ... OK
* checking code files for non-ASCII characters ... OK
* checking R files for syntax errors ... OK
* checking whether the package can be loaded ... OK
* checking whether the package can be loaded with stated dependencies ... OK
* checking whether the package can be unloaded cleanly ... OK
* checking whether the namespace can be loaded with stated dependencies ... OK
* checking whether the namespace can be unloaded cleanly ... OK
* checking dependencies in R code ... NOTE
Packages in Depends field not imported from:
‘Biobase’ ‘GenomeInfoDb’ ‘GenomicRanges’ ‘IRanges’ ‘RColorBrewer’
‘rtracklayer’
These packages need to be imported from (in the NAMESPACE file)
for when this namespace is loaded but not attached.
* checking S3 generic/method consistency ... OK
* checking replacement functions ... OK
* checking foreign function calls ... OK
* checking R code for possible problems ... NOTE
.plotChromosome: no visible global function definition for ‘modifyList’
.plotChromosome: no visible global function definition for ‘axTicks’
.plotChromosome: no visible global function definition for ‘axis’
.plotChromosome: no visible global function definition for ‘polygon’
.plotChromosome: no visible global function definition for ‘rect’
.plotChromosome: no visible global function definition for ‘mtext’
.plot_values: no visible global function definition for ‘start’
.plot_values: no visible global function definition for ‘ranges’
.plot_values: no visible global function definition for ‘end’
.plot_values: no visible global function definition for ‘seqnames’
.plot_values: no visible global function definition for ‘mcols’
.plot_values: no visible global function definition for ‘modifyList’
.plot_values: no visible global function definition for ‘loess’
.plot_values: no visible binding for global variable ‘span’
.plot_values: no visible global function definition for ‘predict’
.plot_values: no visible global function definition for ‘axis’
.plot_values: no visible global function definition for ‘mtext’
.plot_values: no visible global function definition for ‘rect’
.plot_values: no visible global function definition for ‘lines’
.plot_values: no visible global function definition for ‘abline’
.printMargins: no visible global function definition for ‘par’
avgByBin: no visible global function definition for ‘GRanges’
avgByBin: no visible global function definition for ‘IRanges’
avgByBin: no visible global function definition for ‘seqnames’
avgByBin: no visible global function definition for ‘seqlevels’
avgByBin: no visible global function definition for ‘seqlevels<-’
avgByBin: no visible global function definition for ‘findOverlaps’
avgByBin: no visible global function definition for ‘ave’
avgByBin : corFunc: no visible global function definition for ‘cor’
avgByBin: no visible global function definition for ‘mcols<-’
getBins: no visible global function definition for ‘GRanges’
getBins: no visible global function definition for ‘IRanges’
getIdeo: no visible global function definition for ‘browserSession’
getIdeo: no visible global function definition for ‘genome<-’
getIdeo: no visible global function definition for ‘getTable’
getIdeo: no visible global function definition for ‘ucscTableQuery’
plotChromValuePair : <anonymous>: no visible global function definition
for ‘seqnames’
plotChromValuePair: no visible global function definition for
‘seqnames’
plotChromValuePair: no visible global function definition for ‘par’
plotChromValuePair: no visible global function definition for
‘modifyList’
plotOnIdeo: no visible global function definition for ‘par’
plotOnIdeo: no visible global function definition for ‘layout’
plotOnIdeo: no visible global function definition for ‘mtext’
Undefined global functions or variables:
GRanges IRanges abline ave axTicks axis browserSession cor end
findOverlaps genome<- getTable layout lines loess mcols mcols<-
modifyList mtext par polygon predict ranges rect seqlevels
seqlevels<- seqnames span start ucscTableQuery
Consider adding
importFrom("graphics", "abline", "axTicks", "axis", "layout", "lines",
"mtext", "par", "polygon", "rect")
importFrom("stats", "ave", "cor", "end", "loess", "predict", "start")
importFrom("utils", "modifyList")
to your NAMESPACE file.
* checking Rd files ... NOTE
prepare_Rd: GSM733664_broadPeaks.Rd:11-12: Dropping empty section \format
prepare_Rd: GSM733664_broadPeaks.Rd:16-18: Dropping empty section \source
prepare_Rd: binned_fullGenome.Rd:12-13: Dropping empty section \format
prepare_Rd: binned_fullGenome.Rd:14-16: Dropping empty section \details
prepare_Rd: binned_fullGenome.Rd:20-22: Dropping empty section \references
prepare_Rd: binned_multiSeries.Rd:12-13: Dropping empty section \format
prepare_Rd: binned_multiSeries.Rd:14-15: Dropping empty section \details
prepare_Rd: binned_multiSeries.Rd:19-20: Dropping empty section \references
prepare_Rd: binned_singleSeries.Rd:11-12: Dropping empty section \format
prepare_Rd: binned_singleSeries.Rd:13-15: Dropping empty section \details
prepare_Rd: binned_singleSeries.Rd:19-21: Dropping empty section \references
checkRd: (-1) getBins.Rd:16: Lost braces
16 | \item{binLim}{(numeric, }{length 2) [start, end] of genomic range to generate bins for. A value of NULL results in binning of entire chromosome}
| ^
prepare_Rd: hg18_ideo.Rd:11-12: Dropping empty section \format
prepare_Rd: hg18_ideo.Rd:13-14: Dropping empty section \details
prepare_Rd: hg18_ideo.Rd:18-19: Dropping empty section \references
prepare_Rd: wins.Rd:12-13: Dropping empty section \format
prepare_Rd: wins.Rd:14-15: Dropping empty section \details
prepare_Rd: wins.Rd:19-20: Dropping empty section \references
prepare_Rd: wins_discrete.Rd:11-12: Dropping empty section \format
prepare_Rd: wins_discrete.Rd:13-15: Dropping empty section \details
prepare_Rd: wins_discrete.Rd:19-21: Dropping empty section \references
prepare_Rd: wins_entiregenome.Rd:11-12: Dropping empty section \format
prepare_Rd: wins_entiregenome.Rd:13-15: Dropping empty section \details
prepare_Rd: wins_entiregenome.Rd:19-21: Dropping empty section \references
* checking Rd metadata ... OK
* checking Rd cross-references ... OK
* checking for missing documentation entries ... OK
* checking for code/documentation mismatches ... OK
* checking Rd \usage sections ... WARNING
Undocumented arguments in Rd file 'plotChromValuePair.Rd'
‘chrom’ ‘cytoTable’ ‘bpLim’ ‘vertical’ ‘values_GR’ ‘val_range’ ‘col’
‘value_cols’ ‘default_margins’ ‘addScale’ ‘ablines_y’ ‘smoothVals’
‘span’ ‘verbose’
Documented arguments not in \usage in Rd file 'plotChromValuePair.Rd':
‘chrom(character)’ ‘cytoTable(data.frame)’ ‘bpLim(numeric)’
‘vertical(logical)’ ‘values_GR(list’ ‘val_range(numeric)’
‘col(character)’ ‘value_cols(character)’ ‘default_margins(numeric)’
‘addScale(logical)’ ‘ablines_y(numeric)’ ‘smoothVals(logical)’
‘span(numeric)’ ‘verbose(logical)’
Functions with \usage entries need to have the appropriate \alias
entries, and all their arguments documented.
The \usage entries must correspond to syntactically valid R code.
See chapter ‘Writing R documentation files’ in the ‘Writing R
Extensions’ manual.
* checking Rd contents ... OK
* checking for unstated dependencies in examples ... OK
* checking contents of ‘data’ directory ... OK
* checking data for non-ASCII characters ... OK
* checking data for ASCII and uncompressed saves ... OK
* checking files in ‘vignettes’ ... WARNING
Files in the 'vignettes' directory but no files in 'inst/doc':
‘IdeoViz.Rmd’
Package has no Sweave vignette sources and no VignetteBuilder field.
* checking examples ... OK
Examples with CPU (user + system) or elapsed time > 5s
user system elapsed
avgByBin 6.451 0.306 15.615
getBins 4.266 0.183 6.381
* checking package vignettes ... NOTE
Package has ‘vignettes’ subdirectory but apparently no vignettes.
Perhaps the ‘VignetteBuilder’ information is missing from the
DESCRIPTION file?
* checking PDF version of manual ... OK
* DONE
Status: 2 WARNINGs, 5 NOTEs
See
‘/Users/biocbuild/bbs-3.21-bioc/meat/IdeoViz.Rcheck/00check.log’
for details.
IdeoViz.Rcheck/00install.out
############################################################################## ############################################################################## ### ### Running command: ### ### /Library/Frameworks/R.framework/Resources/bin/R CMD INSTALL IdeoViz ### ############################################################################## ############################################################################## * installing to library ‘/Library/Frameworks/R.framework/Versions/4.5-x86_64/Resources/library’ * installing *source* package ‘IdeoViz’ ... ** this is package ‘IdeoViz’ version ‘1.44.0’ ** using staged installation ** R ** data ** inst ** byte-compile and prepare package for lazy loading ** help *** installing help indices ** building package indices ** installing vignettes ** testing if installed package can be loaded from temporary location ** testing if installed package can be loaded from final location ** testing if installed package keeps a record of temporary installation path * DONE (IdeoViz)
IdeoViz.Rcheck/IdeoViz-Ex.timings
| name | user | system | elapsed | |
| GSM733664_broadPeaks | 0.123 | 0.010 | 0.171 | |
| avgByBin | 6.451 | 0.306 | 15.615 | |
| binned_fullGenome | 0.046 | 0.012 | 0.060 | |
| binned_multiSeries | 0.021 | 0.011 | 0.036 | |
| binned_singleSeries | 0.019 | 0.011 | 0.029 | |
| getBins | 4.266 | 0.183 | 6.381 | |
| getIdeo | 0.758 | 0.087 | 2.422 | |
| hg18_ideo | 0.010 | 0.004 | 0.014 | |
| plotChromValuePair | 1.008 | 0.023 | 1.157 | |
| plotOnIdeo | 0.270 | 0.015 | 0.340 | |
| wins | 0.019 | 0.010 | 0.034 | |
| wins_discrete | 0.016 | 0.008 | 0.025 | |
| wins_entiregenome | 0.021 | 0.010 | 0.032 | |