| Back to Multiple platform build/check report for BioC 3.21: simplified long |
|
This page was generated on 2025-10-16 11:41 -0400 (Thu, 16 Oct 2025).
| Hostname | OS | Arch (*) | R version | Installed pkgs |
|---|---|---|---|---|
| nebbiolo1 | Linux (Ubuntu 24.04.3 LTS) | x86_64 | 4.5.1 (2025-06-13) -- "Great Square Root" | 4833 |
| merida1 | macOS 12.7.6 Monterey | x86_64 | 4.5.1 RC (2025-06-05 r88288) -- "Great Square Root" | 4614 |
| kjohnson1 | macOS 13.7.5 Ventura | arm64 | 4.5.1 Patched (2025-06-14 r88325) -- "Great Square Root" | 4555 |
| kunpeng2 | Linux (openEuler 24.03 LTS) | aarch64 | R Under development (unstable) (2025-02-19 r87757) -- "Unsuffered Consequences" | 4586 |
| Click on any hostname to see more info about the system (e.g. compilers) (*) as reported by 'uname -p', except on Windows and Mac OS X | ||||
| Package 469/2341 | Hostname | OS / Arch | INSTALL | BUILD | CHECK | BUILD BIN | ||||||||
| CrispRVariants 1.36.0 (landing page) Helen Lindsay
| nebbiolo1 | Linux (Ubuntu 24.04.3 LTS) / x86_64 | OK | OK | WARNINGS | |||||||||
| merida1 | macOS 12.7.6 Monterey / x86_64 | OK | OK | WARNINGS | OK | |||||||||
| kjohnson1 | macOS 13.7.5 Ventura / arm64 | OK | OK | WARNINGS | OK | |||||||||
| kunpeng2 | Linux (openEuler 24.03 LTS) / aarch64 | OK | OK | WARNINGS | ||||||||||
|
To the developers/maintainers of the CrispRVariants package: - Allow up to 24 hours (and sometimes 48 hours) for your latest push to git@git.bioconductor.org:packages/CrispRVariants.git to reflect on this report. See Troubleshooting Build Report for more information. - Use the following Renviron settings to reproduce errors and warnings. - If 'R CMD check' started to fail recently on the Linux builder(s) over a missing dependency, add the missing dependency to 'Suggests:' in your DESCRIPTION file. See Renviron.bioc for more information. - See Martin Grigorov's blog post for how to debug Linux ARM64 related issues on a x86_64 host. |
| Package: CrispRVariants |
| Version: 1.36.0 |
| Command: /home/biocbuild/R/R/bin/R CMD check --install=check:CrispRVariants.install-out.txt --library=/home/biocbuild/R/R/site-library --no-vignettes --timings CrispRVariants_1.36.0.tar.gz |
| StartedAt: 2025-10-14 07:57:02 -0000 (Tue, 14 Oct 2025) |
| EndedAt: 2025-10-14 08:03:57 -0000 (Tue, 14 Oct 2025) |
| EllapsedTime: 415.2 seconds |
| RetCode: 0 |
| Status: WARNINGS |
| CheckDir: CrispRVariants.Rcheck |
| Warnings: 2 |
##############################################################################
##############################################################################
###
### Running command:
###
### /home/biocbuild/R/R/bin/R CMD check --install=check:CrispRVariants.install-out.txt --library=/home/biocbuild/R/R/site-library --no-vignettes --timings CrispRVariants_1.36.0.tar.gz
###
##############################################################################
##############################################################################
* using log directory ‘/home/biocbuild/bbs-3.21-bioc/meat/CrispRVariants.Rcheck’
* using R Under development (unstable) (2025-02-19 r87757)
* using platform: aarch64-unknown-linux-gnu
* R was compiled by
aarch64-unknown-linux-gnu-gcc (GCC) 14.2.0
GNU Fortran (GCC) 14.2.0
* running under: openEuler 24.03 (LTS-SP1)
* using session charset: UTF-8
* using option ‘--no-vignettes’
* checking for file ‘CrispRVariants/DESCRIPTION’ ... OK
* checking extension type ... Package
* this is package ‘CrispRVariants’ version ‘1.36.0’
* package encoding: UTF-8
* checking package namespace information ... OK
* checking package dependencies ... OK
* checking if this is a source package ... OK
* checking if there is a namespace ... OK
* checking for hidden files and directories ... OK
* checking for portable file names ... OK
* checking for sufficient/correct file permissions ... OK
* checking whether package ‘CrispRVariants’ can be installed ... OK
* checking installed package size ... OK
* checking package directory ... OK
* checking ‘build’ directory ... OK
* checking DESCRIPTION meta-information ... OK
* checking top-level files ... OK
* checking for left-over files ... OK
* checking index information ... OK
* checking package subdirectories ... OK
* checking code files for non-ASCII characters ... OK
* checking R files for syntax errors ... OK
* checking whether the package can be loaded ... OK
* checking whether the package can be loaded with stated dependencies ... OK
* checking whether the package can be unloaded cleanly ... OK
* checking whether the namespace can be loaded with stated dependencies ... OK
* checking whether the namespace can be unloaded cleanly ... OK
* checking loading without being on the library search path ... OK
* checking dependencies in R code ... WARNING
'::' or ':::' import not declared from: ‘SummarizedExperiment’
There are ::: calls to the package's namespace in its code. A package
almost never needs to use ::: for its own objects:
‘indelLabels’
* checking S3 generic/method consistency ... OK
* checking replacement functions ... OK
* checking foreign function calls ... OK
* checking R code for possible problems ... OK
* checking Rd files ... OK
* checking Rd metadata ... OK
* checking Rd cross-references ... OK
* checking for missing documentation entries ... OK
* checking for code/documentation mismatches ... OK
* checking Rd \usage sections ... OK
* checking Rd contents ... OK
* checking for unstated dependencies in examples ... OK
* checking contents of ‘data’ directory ... OK
* checking data for non-ASCII characters ... OK
* checking data for ASCII and uncompressed saves ... OK
* checking installed files from ‘inst/doc’ ... OK
* checking files in ‘vignettes’ ... OK
* checking examples ... OK
Examples with CPU (user + system) or elapsed time > 5s
user system elapsed
plotVariants 10.577 0.200 10.806
CrisprSet-class 6.447 0.184 6.659
mergeCrisprSets 5.544 0.016 5.574
readsToTarget 5.156 0.044 5.220
* checking for unstated dependencies in ‘tests’ ... OK
* checking tests ...
Running ‘testthat.R’
OK
* checking for unstated dependencies in vignettes ... NOTE
'::' or ':::' import not declared from: ‘gdata’
'library' or 'require' call not declared from: ‘gdata’
* checking package vignettes ... WARNING
Located more than one ‘weave’ output file (by engine ‘knitr::rmarkdown’) for vignette with name ‘user_guide’: ‘user_guide.html’ (3.86535e+06 bytes), ‘user_guide.pdf’ (496045 bytes)
Package vignette without corresponding single PDF/HTML:
‘user_guide.Rmd’
* checking running R code from vignettes ... SKIPPED
* checking re-building of vignette outputs ... SKIPPED
* checking PDF version of manual ... OK
* DONE
Status: 2 WARNINGs, 1 NOTE
See
‘/home/biocbuild/bbs-3.21-bioc/meat/CrispRVariants.Rcheck/00check.log’
for details.
CrispRVariants.Rcheck/00install.out
############################################################################## ############################################################################## ### ### Running command: ### ### /home/biocbuild/R/R/bin/R CMD INSTALL CrispRVariants ### ############################################################################## ############################################################################## * installing to library ‘/home/biocbuild/R/R-devel_2025-02-19/site-library’ * installing *source* package ‘CrispRVariants’ ... ** this is package ‘CrispRVariants’ version ‘1.36.0’ ** using staged installation ** R ** data ** inst ** byte-compile and prepare package for lazy loading ** help *** installing help indices ** building package indices ** installing vignettes ** testing if installed package can be loaded from temporary location ** testing if installed package can be loaded from final location ** testing if installed package keeps a record of temporary installation path * DONE (CrispRVariants)
CrispRVariants.Rcheck/tests/testthat.Rout
R Under development (unstable) (2025-02-19 r87757) -- "Unsuffered Consequences"
Copyright (C) 2025 The R Foundation for Statistical Computing
Platform: aarch64-unknown-linux-gnu
R is free software and comes with ABSOLUTELY NO WARRANTY.
You are welcome to redistribute it under certain conditions.
Type 'license()' or 'licence()' for distribution details.
R is a collaborative project with many contributors.
Type 'contributors()' for more information and
'citation()' on how to cite R or R packages in publications.
Type 'demo()' for some demos, 'help()' for on-line help, or
'help.start()' for an HTML browser interface to help.
Type 'q()' to quit R.
> library(testthat)
> test_check("CrispRVariants")
Loading required package: CrispRVariants
Loading required package: ggplot2
[ FAIL 0 | WARN 2 | SKIP 1 | PASS 75 ]
══ Skipped tests (1) ═══════════════════════════════════════════════════════════
• empty test (1): 'test-seqsToAln.R:98:1'
[ FAIL 0 | WARN 2 | SKIP 1 | PASS 75 ]
>
> proc.time()
user system elapsed
33.539 0.746 34.358
CrispRVariants.Rcheck/CrispRVariants-Ex.timings
| name | user | system | elapsed | |
| CrisprRun-class | 0.861 | 0.000 | 0.864 | |
| CrisprSet-class | 6.447 | 0.184 | 6.659 | |
| abifToFastq | 0 | 0 | 0 | |
| alleles | 0.175 | 0.000 | 0.175 | |
| alns | 0.163 | 0.000 | 0.164 | |
| barplotAlleleFreqs | 2.214 | 0.032 | 2.254 | |
| consensusSeqs | 0.553 | 0.012 | 0.566 | |
| dispatchDots | 0.003 | 0.000 | 0.003 | |
| findChimeras | 0.040 | 0.004 | 0.046 | |
| getChimeras | 0.056 | 0.000 | 0.057 | |
| indelCounts | 0.126 | 0.000 | 0.126 | |
| intersperse | 0 | 0 | 0 | |
| mergeCrisprSets | 5.544 | 0.016 | 5.574 | |
| mutationEfficiency | 0.057 | 0.004 | 0.061 | |
| narrowAlignments | 0.359 | 0.000 | 0.359 | |
| plotAlignments | 1.415 | 0.004 | 1.426 | |
| plotChimeras | 1.712 | 0.003 | 1.721 | |
| plotFreqHeatmap | 0.662 | 0.008 | 0.672 | |
| plotVariants | 10.577 | 0.200 | 10.806 | |
| readsToTarget | 5.156 | 0.044 | 5.220 | |
| refFromAlns | 0.260 | 0.007 | 0.269 | |
| selectAlnRegionsHelpers | 0 | 0 | 0 | |
| variantCounts | 0.058 | 0.000 | 0.058 | |