| Back to Multiple platform build/check report for BioC 3.22: simplified long |
|
This page was generated on 2025-11-12 11:57 -0500 (Wed, 12 Nov 2025).
| Hostname | OS | Arch (*) | R version | Installed pkgs |
|---|---|---|---|---|
| nebbiolo2 | Linux (Ubuntu 24.04.3 LTS) | x86_64 | 4.5.1 Patched (2025-08-23 r88802) -- "Great Square Root" | 4902 |
| taishan | Linux (openEuler 24.03 LTS) | aarch64 | 4.5.0 (2025-04-11) -- "How About a Twenty-Six" | 4668 |
| Click on any hostname to see more info about the system (e.g. compilers) (*) as reported by 'uname -p', except on Windows and Mac OS X | ||||
| Package 362/2361 | Hostname | OS / Arch | INSTALL | BUILD | CHECK | BUILD BIN | ||||||||
| ChromSCape 1.20.0 (landing page) Pacome Prompsy
| nebbiolo2 | Linux (Ubuntu 24.04.3 LTS) / x86_64 | OK | OK | WARNINGS | |||||||||
| taishan | Linux (openEuler 24.03 LTS) / aarch64 | OK | OK | WARNINGS | ||||||||||
|
To the developers/maintainers of the ChromSCape package: - Allow up to 24 hours (and sometimes 48 hours) for your latest push to git@git.bioconductor.org:packages/ChromSCape.git to reflect on this report. See Troubleshooting Build Report for more information. - Use the following Renviron settings to reproduce errors and warnings. - If 'R CMD check' started to fail recently on the Linux builder(s) over a missing dependency, add the missing dependency to 'Suggests:' in your DESCRIPTION file. See Renviron.bioc for more information. |
| Package: ChromSCape |
| Version: 1.20.0 |
| Command: /home/biocbuild/bbs-3.22-bioc/R/bin/R CMD check --install=check:ChromSCape.install-out.txt --library=/home/biocbuild/bbs-3.22-bioc/R/site-library --timings ChromSCape_1.20.0.tar.gz |
| StartedAt: 2025-11-11 22:11:59 -0500 (Tue, 11 Nov 2025) |
| EndedAt: 2025-11-11 22:25:06 -0500 (Tue, 11 Nov 2025) |
| EllapsedTime: 787.0 seconds |
| RetCode: 0 |
| Status: WARNINGS |
| CheckDir: ChromSCape.Rcheck |
| Warnings: 1 |
##############################################################################
##############################################################################
###
### Running command:
###
### /home/biocbuild/bbs-3.22-bioc/R/bin/R CMD check --install=check:ChromSCape.install-out.txt --library=/home/biocbuild/bbs-3.22-bioc/R/site-library --timings ChromSCape_1.20.0.tar.gz
###
##############################################################################
##############################################################################
* using log directory ‘/home/biocbuild/bbs-3.22-bioc/meat/ChromSCape.Rcheck’
* using R version 4.5.1 Patched (2025-08-23 r88802)
* using platform: x86_64-pc-linux-gnu
* R was compiled by
gcc (Ubuntu 13.3.0-6ubuntu2~24.04) 13.3.0
GNU Fortran (Ubuntu 13.3.0-6ubuntu2~24.04) 13.3.0
* running under: Ubuntu 24.04.3 LTS
* using session charset: UTF-8
* checking for file ‘ChromSCape/DESCRIPTION’ ... OK
* this is package ‘ChromSCape’ version ‘1.20.0’
* package encoding: UTF-8
* checking package namespace information ... OK
* checking package dependencies ... INFO
Imports includes 51 non-default packages.
Importing from so many packages makes the package vulnerable to any of
them becoming unavailable. Move as many as possible to Suggests and
use conditionally.
* checking if this is a source package ... OK
* checking if there is a namespace ... OK
* checking for hidden files and directories ... NOTE
Found the following hidden files and directories:
.BBSoptions
These were most likely included in error. See section ‘Package
structure’ in the ‘Writing R Extensions’ manual.
* checking for portable file names ... OK
* checking for sufficient/correct file permissions ... OK
* checking whether package ‘ChromSCape’ can be installed ... OK
* used C++ compiler: ‘g++ (Ubuntu 13.3.0-6ubuntu2~24.04) 13.3.0’
* checking installed package size ... INFO
installed size is 5.8Mb
sub-directories of 1Mb or more:
data 1.7Mb
www 2.1Mb
* checking package directory ... OK
* checking ‘build’ directory ... OK
* checking DESCRIPTION meta-information ... OK
* checking top-level files ... OK
* checking for left-over files ... OK
* checking index information ... OK
* checking package subdirectories ... OK
* checking code files for non-ASCII characters ... OK
* checking R files for syntax errors ... OK
* checking whether the package can be loaded ... OK
* checking whether the package can be loaded with stated dependencies ... OK
* checking whether the package can be unloaded cleanly ... OK
* checking whether the namespace can be loaded with stated dependencies ... OK
* checking whether the namespace can be unloaded cleanly ... OK
* checking loading without being on the library search path ... OK
* checking whether startup messages can be suppressed ... OK
* checking dependencies in R code ... WARNING
'loadNamespace' or 'requireNamespace' call not declared from: ‘flexdashboard’
* checking S3 generic/method consistency ... OK
* checking replacement functions ... OK
* checking foreign function calls ... OK
* checking R code for possible problems ... NOTE
bams_to_matrix_indexes: no visible binding for global variable
‘files_dir_list’
enrich_TF_ChEA3_genes: no visible binding for global variable
‘CheA3_TF_nTargets’
filter_correlated_cell_scExp: no visible binding for global variable
‘run_tsne’
generate_analysis: no visible global function definition for ‘head’
generate_analysis: no visible binding for global variable ‘k’
generate_analysis: no visible binding for global variable
‘clusterConsensus’
get_most_variable_cyto: no visible binding for global variable
‘cytoBand’
get_most_variable_cyto: no visible binding for global variable
‘Fri_cyto’
num_cell_after_QC_filt_scExp: no visible binding for global variable
‘sample_id’
num_cell_after_QC_filt_scExp: no visible binding for global variable
‘total_counts’
num_cell_scExp: no visible binding for global variable ‘sample_id’
num_cell_scExp: no visible binding for global variable ‘total_counts’
plot_correlation_PCA_scExp: no visible binding for global variable
‘Component’
plot_coverage_BigWig: no visible binding for global variable ‘molecule’
plot_coverage_BigWig: no visible binding for global variable
‘orientation’
plot_coverage_BigWig: no visible binding for global variable ‘Gene’
plot_gain_or_loss_barplots: no visible binding for global variable
‘Gain_or_Loss’
plot_gain_or_loss_barplots: no visible binding for global variable
‘ncells’
plot_gain_or_loss_barplots: no visible binding for global variable
‘cytoBand’
plot_most_contributing_features: no visible binding for global variable
‘genes’
plot_percent_active_feature_scExp: no visible binding for global
variable ‘group’
plot_percent_active_feature_scExp: no visible binding for global
variable ‘percent_active’
plot_pie_most_contributing_chr: no visible binding for global variable
‘absolute_value’
plot_reduced_dim_scExp: no visible binding for global variable ‘V1’
plot_reduced_dim_scExp: no visible binding for global variable ‘V2’
plot_reduced_dim_scExp: no visible binding for global variable
‘cluster’
plot_top_TF_scExp: no visible binding for global variable ‘TF’
rebin_helper: no visible binding for global variable ‘new_row’
rebin_helper: no visible binding for global variable ‘origin_value’
rebin_matrix: no visible binding for global variable ‘group’
subset_bam_call_peaks: no visible binding for global variable
‘merged_bam’
Undefined global functions or variables:
CheA3_TF_nTargets Component Fri_cyto Gain_or_Loss Gene TF V1 V2
absolute_value cluster clusterConsensus cytoBand files_dir_list genes
group head k merged_bam molecule ncells new_row orientation
origin_value percent_active run_tsne sample_id total_counts
Consider adding
importFrom("utils", "head")
to your NAMESPACE file.
* checking Rd files ... OK
* checking Rd metadata ... OK
* checking Rd cross-references ... OK
* checking for missing documentation entries ... OK
* checking for code/documentation mismatches ... OK
* checking Rd \usage sections ... OK
* checking Rd contents ... OK
* checking for unstated dependencies in examples ... OK
* checking contents of ‘data’ directory ... OK
* checking data for non-ASCII characters ... OK
* checking data for ASCII and uncompressed saves ... OK
* checking line endings in C/C++/Fortran sources/headers ... OK
* checking compiled code ... NOTE
Note: information on .o files is not available
* checking files in ‘vignettes’ ... OK
* checking examples ... OK
Examples with CPU (user + system) or elapsed time > 5s
user system elapsed
get_pathway_mat_scExp 71.405 2.202 73.610
plot_gain_or_loss_barplots 45.507 0.284 45.794
calculate_CNA 23.080 1.083 24.164
plot_reduced_dim_scExp_CNA 23.605 0.345 23.950
calculate_logRatio_CNA 22.218 0.130 22.348
calculate_cyto_mat 21.782 0.327 22.110
calculate_gain_or_loss 21.592 0.251 21.846
get_most_variable_cyto 21.560 0.215 21.774
get_cyto_features 18.534 0.042 18.576
num_cell_after_cor_filt_scExp 11.257 0.171 11.407
filter_correlated_cell_scExp 10.263 0.065 10.313
preprocessing_filtering_and_reduction 9.353 0.004 9.351
rebin_matrix 7.205 0.016 21.812
CompareWilcox 6.709 0.450 6.932
import_scExp 6.991 0.077 7.069
create_scDataset_raw 6.764 0.227 6.992
differential_activation 5.136 0.010 5.146
* checking for unstated dependencies in ‘tests’ ... OK
* checking tests ...
Running ‘testthat.R’
OK
* checking for unstated dependencies in vignettes ... OK
* checking package vignettes ... OK
* checking re-building of vignette outputs ... OK
* checking PDF version of manual ... OK
* DONE
Status: 1 WARNING, 3 NOTEs
See
‘/home/biocbuild/bbs-3.22-bioc/meat/ChromSCape.Rcheck/00check.log’
for details.
ChromSCape.Rcheck/00install.out
############################################################################## ############################################################################## ### ### Running command: ### ### /home/biocbuild/bbs-3.22-bioc/R/bin/R CMD INSTALL ChromSCape ### ############################################################################## ############################################################################## * installing to library ‘/home/biocbuild/bbs-3.22-bioc/R/site-library’ * installing *source* package ‘ChromSCape’ ... ** this is package ‘ChromSCape’ version ‘1.20.0’ ** using staged installation ** libs using C++ compiler: ‘g++ (Ubuntu 13.3.0-6ubuntu2~24.04) 13.3.0’ g++ -std=gnu++17 -I"/home/biocbuild/bbs-3.22-bioc/R/include" -DNDEBUG -I'/home/biocbuild/bbs-3.22-bioc/R/site-library/Rcpp/include' -I/usr/local/include -fpic -g -O2 -Wall -Werror=format-security -c RcppExports.cpp -o RcppExports.o g++ -std=gnu++17 -I"/home/biocbuild/bbs-3.22-bioc/R/include" -DNDEBUG -I'/home/biocbuild/bbs-3.22-bioc/R/site-library/Rcpp/include' -I/usr/local/include -fpic -g -O2 -Wall -Werror=format-security -c as_dist.cpp -o as_dist.o g++ -std=gnu++17 -shared -L/home/biocbuild/bbs-3.22-bioc/R/lib -L/usr/local/lib -o ChromSCape.so RcppExports.o as_dist.o -L/home/biocbuild/bbs-3.22-bioc/R/lib -lR installing to /home/biocbuild/bbs-3.22-bioc/R/site-library/00LOCK-ChromSCape/00new/ChromSCape/libs ** R ** data ** inst ** byte-compile and prepare package for lazy loading ** help *** installing help indices ** building package indices ** installing vignettes ** testing if installed package can be loaded from temporary location ** checking absolute paths in shared objects and dynamic libraries ** testing if installed package can be loaded from final location ** testing if installed package keeps a record of temporary installation path * DONE (ChromSCape)
ChromSCape.Rcheck/tests/testthat.Rout
R version 4.5.1 Patched (2025-08-23 r88802) -- "Great Square Root"
Copyright (C) 2025 The R Foundation for Statistical Computing
Platform: x86_64-pc-linux-gnu
R is free software and comes with ABSOLUTELY NO WARRANTY.
You are welcome to redistribute it under certain conditions.
Type 'license()' or 'licence()' for distribution details.
R is a collaborative project with many contributors.
Type 'contributors()' for more information and
'citation()' on how to cite R or R packages in publications.
Type 'demo()' for some demos, 'help()' for on-line help, or
'help.start()' for an HTML browser interface to help.
Type 'q()' to quit R.
> library(testthat)
> library(ChromSCape)
>
> test_check("ChromSCape")
[ FAIL 0 | WARN 2 | SKIP 0 | PASS 11 ]
[ FAIL 0 | WARN 2 | SKIP 0 | PASS 11 ]
>
> proc.time()
user system elapsed
36.913 1.913 38.636
ChromSCape.Rcheck/ChromSCape-Ex.timings
| name | user | system | elapsed | |
| CheA3_TF_nTargets | 0.006 | 0.000 | 0.006 | |
| CompareWilcox | 6.709 | 0.450 | 6.932 | |
| CompareedgeRGLM | 4.462 | 0.305 | 4.760 | |
| annotToCol2 | 0.892 | 0.028 | 0.920 | |
| calculate_CNA | 23.080 | 1.083 | 24.164 | |
| calculate_cyto_mat | 21.782 | 0.327 | 22.110 | |
| calculate_gain_or_loss | 21.592 | 0.251 | 21.846 | |
| calculate_logRatio_CNA | 22.218 | 0.130 | 22.348 | |
| choose_cluster_scExp | 3.094 | 0.128 | 3.216 | |
| colors_scExp | 0.266 | 0.001 | 0.267 | |
| consensus_clustering_scExp | 2.933 | 0.077 | 3.005 | |
| correlation_and_hierarchical_clust_scExp | 0.320 | 0.001 | 0.315 | |
| create_project_folder | 0.001 | 0.000 | 0.001 | |
| create_scDataset_raw | 6.764 | 0.227 | 6.992 | |
| create_scExp | 0.426 | 0.001 | 0.427 | |
| define_feature | 0.128 | 0.002 | 0.129 | |
| detect_samples | 1.090 | 0.000 | 1.012 | |
| differential_activation | 5.136 | 0.010 | 5.146 | |
| differential_analysis_scExp | 2.857 | 0.003 | 2.860 | |
| enrich_TF_ChEA3_genes | 0.426 | 0.016 | 1.675 | |
| enrich_TF_ChEA3_scExp | 0.961 | 0.014 | 4.971 | |
| exclude_features_scExp | 0.435 | 0.000 | 0.435 | |
| feature_annotation_scExp | 1.343 | 0.005 | 1.348 | |
| filter_correlated_cell_scExp | 10.263 | 0.065 | 10.313 | |
| filter_scExp | 0.499 | 0.002 | 0.501 | |
| find_clusters_louvain_scExp | 0.300 | 0.002 | 0.303 | |
| find_top_features | 0.302 | 0.001 | 0.303 | |
| gene_set_enrichment_analysis_scExp | 0.205 | 0.000 | 0.205 | |
| generate_analysis | 0.000 | 0.000 | 0.001 | |
| generate_coverage_tracks | 0 | 0 | 0 | |
| generate_report | 0.001 | 0.000 | 0.000 | |
| getExperimentNames | 0.234 | 0.001 | 0.235 | |
| getMainExperiment | 0.262 | 0.002 | 0.265 | |
| get_cyto_features | 18.534 | 0.042 | 18.576 | |
| get_genomic_coordinates | 0.354 | 0.006 | 0.360 | |
| get_most_variable_cyto | 21.560 | 0.215 | 21.774 | |
| get_pathway_mat_scExp | 71.405 | 2.202 | 73.610 | |
| has_genomic_coordinates | 0.588 | 0.003 | 0.592 | |
| import_scExp | 6.991 | 0.077 | 7.069 | |
| inter_correlation_scExp | 0.307 | 0.004 | 0.312 | |
| intra_correlation_scExp | 0.325 | 0.000 | 0.326 | |
| launchApp | 0 | 0 | 0 | |
| normalize_scExp | 0.385 | 0.001 | 0.387 | |
| num_cell_after_QC_filt_scExp | 0.398 | 0.001 | 0.399 | |
| num_cell_after_cor_filt_scExp | 11.257 | 0.171 | 11.407 | |
| num_cell_before_cor_filt_scExp | 0.196 | 0.000 | 0.196 | |
| num_cell_in_cluster_scExp | 0.354 | 0.003 | 0.351 | |
| num_cell_scExp | 0.320 | 0.004 | 0.324 | |
| plot_cluster_consensus_scExp | 0.978 | 0.013 | 0.992 | |
| plot_correlation_PCA_scExp | 1.138 | 0.002 | 1.140 | |
| plot_coverage_BigWig | 0.195 | 0.000 | 0.195 | |
| plot_differential_summary_scExp | 0.208 | 0.000 | 0.209 | |
| plot_differential_volcano_scExp | 0.291 | 0.000 | 0.292 | |
| plot_distribution_scExp | 0.402 | 0.024 | 0.426 | |
| plot_gain_or_loss_barplots | 45.507 | 0.284 | 45.794 | |
| plot_heatmap_scExp | 0.297 | 0.005 | 0.302 | |
| plot_inter_correlation_scExp | 0.643 | 0.002 | 0.645 | |
| plot_intra_correlation_scExp | 0.622 | 0.001 | 0.623 | |
| plot_most_contributing_features | 0.453 | 0.002 | 0.455 | |
| plot_percent_active_feature_scExp | 0.518 | 0.002 | 0.520 | |
| plot_pie_most_contributing_chr | 0.282 | 0.004 | 0.286 | |
| plot_reduced_dim_scExp | 1.634 | 0.025 | 1.659 | |
| plot_reduced_dim_scExp_CNA | 23.605 | 0.345 | 23.950 | |
| plot_top_TF_scExp | 0.603 | 0.003 | 0.607 | |
| plot_violin_feature_scExp | 0.636 | 0.003 | 0.639 | |
| preprocess_CPM | 0.387 | 0.013 | 0.400 | |
| preprocess_RPKM | 0.396 | 0.019 | 0.415 | |
| preprocess_TFIDF | 0.411 | 0.011 | 0.422 | |
| preprocess_TPM | 0.446 | 0.009 | 0.455 | |
| preprocess_feature_size_only | 0.373 | 0.007 | 0.380 | |
| preprocessing_filtering_and_reduction | 9.353 | 0.004 | 9.351 | |
| read_sparse_matrix | 0 | 0 | 0 | |
| rebin_matrix | 7.205 | 0.016 | 21.812 | |
| reduce_dims_scExp | 1.547 | 0.002 | 1.549 | |
| scExp | 1.013 | 0.003 | 1.016 | |
| subsample_scExp | 0.518 | 0.002 | 0.520 | |
| subset_bam_call_peaks | 0 | 0 | 0 | |
| summary_DA | 0.207 | 0.001 | 0.208 | |
| swapAltExp_sameColData | 0.282 | 0.001 | 0.283 | |
| table_enriched_genes_scExp | 0.199 | 0.010 | 0.209 | |
| wrapper_Signac_FeatureMatrix | 0 | 0 | 0 | |