| Back to Multiple platform build/check report for BioC 3.21: simplified long |
|
This page was generated on 2025-10-16 11:38 -0400 (Thu, 16 Oct 2025).
| Hostname | OS | Arch (*) | R version | Installed pkgs |
|---|---|---|---|---|
| nebbiolo1 | Linux (Ubuntu 24.04.3 LTS) | x86_64 | 4.5.1 (2025-06-13) -- "Great Square Root" | 4833 |
| merida1 | macOS 12.7.6 Monterey | x86_64 | 4.5.1 RC (2025-06-05 r88288) -- "Great Square Root" | 4614 |
| kjohnson1 | macOS 13.7.5 Ventura | arm64 | 4.5.1 Patched (2025-06-14 r88325) -- "Great Square Root" | 4555 |
| kunpeng2 | Linux (openEuler 24.03 LTS) | aarch64 | R Under development (unstable) (2025-02-19 r87757) -- "Unsuffered Consequences" | 4586 |
| Click on any hostname to see more info about the system (e.g. compilers) (*) as reported by 'uname -p', except on Windows and Mac OS X | ||||
| Package 329/2341 | Hostname | OS / Arch | INSTALL | BUILD | CHECK | BUILD BIN | ||||||||
| ChAMP 2.38.1 (landing page) Yuan Tian
| nebbiolo1 | Linux (Ubuntu 24.04.3 LTS) / x86_64 | OK | OK | WARNINGS | |||||||||
| merida1 | macOS 12.7.6 Monterey / x86_64 | OK | OK | WARNINGS | OK | |||||||||
| kjohnson1 | macOS 13.7.5 Ventura / arm64 | OK | OK | WARNINGS | OK | |||||||||
| kunpeng2 | Linux (openEuler 24.03 LTS) / aarch64 | OK | OK | WARNINGS | ||||||||||
|
To the developers/maintainers of the ChAMP package: - Allow up to 24 hours (and sometimes 48 hours) for your latest push to git@git.bioconductor.org:packages/ChAMP.git to reflect on this report. See Troubleshooting Build Report for more information. - Use the following Renviron settings to reproduce errors and warnings. - If 'R CMD check' started to fail recently on the Linux builder(s) over a missing dependency, add the missing dependency to 'Suggests:' in your DESCRIPTION file. See Renviron.bioc for more information. |
| Package: ChAMP |
| Version: 2.38.1 |
| Command: /Library/Frameworks/R.framework/Resources/bin/R CMD check --install=check:ChAMP.install-out.txt --library=/Library/Frameworks/R.framework/Resources/library --no-vignettes --timings ChAMP_2.38.1.tar.gz |
| StartedAt: 2025-10-14 01:19:46 -0400 (Tue, 14 Oct 2025) |
| EndedAt: 2025-10-14 01:35:44 -0400 (Tue, 14 Oct 2025) |
| EllapsedTime: 958.2 seconds |
| RetCode: 0 |
| Status: WARNINGS |
| CheckDir: ChAMP.Rcheck |
| Warnings: 2 |
##############################################################################
##############################################################################
###
### Running command:
###
### /Library/Frameworks/R.framework/Resources/bin/R CMD check --install=check:ChAMP.install-out.txt --library=/Library/Frameworks/R.framework/Resources/library --no-vignettes --timings ChAMP_2.38.1.tar.gz
###
##############################################################################
##############################################################################
* using log directory ‘/Users/biocbuild/bbs-3.21-bioc/meat/ChAMP.Rcheck’
* using R version 4.5.1 RC (2025-06-05 r88288)
* using platform: x86_64-apple-darwin20
* R was compiled by
Apple clang version 14.0.0 (clang-1400.0.29.202)
GNU Fortran (GCC) 14.2.0
* running under: macOS Monterey 12.7.6
* using session charset: UTF-8
* using option ‘--no-vignettes’
* checking for file ‘ChAMP/DESCRIPTION’ ... OK
* checking extension type ... Package
* this is package ‘ChAMP’ version ‘2.38.1’
* checking package namespace information ... OK
* checking package dependencies ... INFO
Depends: includes the non-default packages:
'minfi', 'ChAMPdata', 'DMRcate', 'Illumina450ProbeVariants.db',
'IlluminaHumanMethylationEPICmanifest', 'DT', 'RPMM'
Adding so many packages to the search path is excessive and importing
selectively is preferable.
Imports includes 31 non-default packages.
Importing from so many packages makes the package vulnerable to any of
them becoming unavailable. Move as many as possible to Suggests and
use conditionally.
* checking if this is a source package ... OK
* checking if there is a namespace ... OK
* checking for hidden files and directories ... OK
* checking for portable file names ... OK
* checking for sufficient/correct file permissions ... OK
* checking whether package ‘ChAMP’ can be installed ... WARNING
Found the following significant warnings:
Note: possible error in 'dmrcate(myannotation, ': unused argument (mc.cores = cores)
Warning: replacing previous import 'plyr::mutate' by 'plotly::mutate' when loading 'ChAMP'
Warning: replacing previous import 'plyr::rename' by 'plotly::rename' when loading 'ChAMP'
Warning: replacing previous import 'plyr::arrange' by 'plotly::arrange' when loading 'ChAMP'
Warning: replacing previous import 'plyr::summarise' by 'plotly::summarise' when loading 'ChAMP'
Warning: replacing previous import 'plotly::subplot' by 'Hmisc::subplot' when loading 'ChAMP'
Warning: replacing previous import 'plyr::summarize' by 'Hmisc::summarize' when loading 'ChAMP'
Warning: replacing previous import 'plyr::is.discrete' by 'Hmisc::is.discrete' when loading 'ChAMP'
Warning: replacing previous import 'plotly::last_plot' by 'ggplot2::last_plot' when loading 'ChAMP'
Warning: replacing previous import 'globaltest::model.matrix' by 'stats::model.matrix' when loading 'ChAMP'
Warning: replacing previous import 'globaltest::p.adjust' by 'stats::p.adjust' when loading 'ChAMP'
See ‘/Users/biocbuild/bbs-3.21-bioc/meat/ChAMP.Rcheck/00install.out’ for details.
Information on the location(s) of code generating the ‘Note’s can be
obtained by re-running with environment variable R_KEEP_PKG_SOURCE set
to ‘yes’.
* checking installed package size ... OK
* checking package directory ... OK
* checking ‘build’ directory ... OK
* checking DESCRIPTION meta-information ... NOTE
Package listed in more than one of Depends, Imports, Suggests, Enhances:
‘rmarkdown’
A package should be listed in only one of these fields.
* checking top-level files ... OK
* checking for left-over files ... OK
* checking index information ... OK
* checking package subdirectories ... OK
* checking code files for non-ASCII characters ... OK
* checking R files for syntax errors ... OK
* checking whether the package can be loaded ... OK
* checking whether the package can be loaded with stated dependencies ... OK
* checking whether the package can be unloaded cleanly ... OK
* checking whether the namespace can be loaded with stated dependencies ... OK
* checking whether the namespace can be unloaded cleanly ... OK
* checking whether startup messages can be suppressed ... NOTE
No methods found in package 'RSQLite' for request: 'dbListFields' when loading 'lumi'
It looks like this package (or a package it requires) has a startup
message which cannot be suppressed: see ?packageStartupMessage.
* checking dependencies in R code ... NOTE
Namespace in Imports field not imported from: 'prettydoc'
All declared Imports should be used.
Package in Depends field not imported from: 'DT'
These packages need to be imported from (in the NAMESPACE file)
for when this namespace is loaded but not attached.
* checking S3 generic/method consistency ... OK
* checking replacement functions ... OK
* checking foreign function calls ... OK
* checking R code for possible problems ... NOTE
champ.DMR: possible error in dmrcate(myannotation, min.cpgs =
minProbes, lambda = lambda, C = C, mc.cores = cores): unused argument
(mc.cores = cores)
champ.norm: no visible global function definition for 'stopCluster'
Undefined global functions or variables:
stopCluster
* checking Rd files ... OK
* checking Rd metadata ... OK
* checking Rd cross-references ... OK
* checking for missing documentation entries ... OK
* checking for code/documentation mismatches ... OK
* checking Rd \usage sections ... WARNING
Duplicated \argument entries in Rd file 'champ.SVD.Rd':
‘Rplot’
Functions with \usage entries need to have the appropriate \alias
entries, and all their arguments documented.
The \usage entries must correspond to syntactically valid R code.
See chapter ‘Writing R documentation files’ in the ‘Writing R
Extensions’ manual.
* checking Rd contents ... OK
* checking for unstated dependencies in examples ... OK
* checking files in ‘vignettes’ ... NOTE
The following directory looks like a leftover from 'knitr':
‘figure’
Please remove from your package.
* checking examples ... OK
* checking for unstated dependencies in vignettes ... OK
* checking package vignettes ... OK
* checking running R code from vignettes ... SKIPPED
* checking re-building of vignette outputs ... SKIPPED
* checking PDF version of manual ... OK
* DONE
Status: 2 WARNINGs, 5 NOTEs
See
‘/Users/biocbuild/bbs-3.21-bioc/meat/ChAMP.Rcheck/00check.log’
for details.
ChAMP.Rcheck/00install.out
############################################################################## ############################################################################## ### ### Running command: ### ### /Library/Frameworks/R.framework/Resources/bin/R CMD INSTALL ChAMP ### ############################################################################## ############################################################################## * installing to library ‘/Library/Frameworks/R.framework/Versions/4.5-x86_64/Resources/library’ * installing *source* package ‘ChAMP’ ... ** this is package ‘ChAMP’ version ‘2.38.1’ ** using staged installation ** R ** inst ** byte-compile and prepare package for lazy loading No methods found in package 'RSQLite' for request: 'dbListFields' when loading 'lumi' Warning: replacing previous import 'plyr::mutate' by 'plotly::mutate' when loading 'ChAMP' Warning: replacing previous import 'plyr::rename' by 'plotly::rename' when loading 'ChAMP' Warning: replacing previous import 'plyr::arrange' by 'plotly::arrange' when loading 'ChAMP' Warning: replacing previous import 'plyr::summarise' by 'plotly::summarise' when loading 'ChAMP' Warning: replacing previous import 'plotly::subplot' by 'Hmisc::subplot' when loading 'ChAMP' Warning: replacing previous import 'plyr::summarize' by 'Hmisc::summarize' when loading 'ChAMP' Warning: replacing previous import 'plyr::is.discrete' by 'Hmisc::is.discrete' when loading 'ChAMP' Warning: replacing previous import 'plotly::last_plot' by 'ggplot2::last_plot' when loading 'ChAMP' Warning: replacing previous import 'globaltest::model.matrix' by 'stats::model.matrix' when loading 'ChAMP' Warning: replacing previous import 'globaltest::p.adjust' by 'stats::p.adjust' when loading 'ChAMP' Note: possible error in 'dmrcate(myannotation, ': unused argument (mc.cores = cores) ** help *** installing help indices ** building package indices ** installing vignettes ** testing if installed package can be loaded from temporary location No methods found in package 'RSQLite' for request: 'dbListFields' when loading 'lumi' Warning: replacing previous import 'plyr::mutate' by 'plotly::mutate' when loading 'ChAMP' Warning: replacing previous import 'plyr::rename' by 'plotly::rename' when loading 'ChAMP' Warning: replacing previous import 'plyr::arrange' by 'plotly::arrange' when loading 'ChAMP' Warning: replacing previous import 'plyr::summarise' by 'plotly::summarise' when loading 'ChAMP' Warning: replacing previous import 'plotly::subplot' by 'Hmisc::subplot' when loading 'ChAMP' Warning: replacing previous import 'plyr::summarize' by 'Hmisc::summarize' when loading 'ChAMP' Warning: replacing previous import 'plyr::is.discrete' by 'Hmisc::is.discrete' when loading 'ChAMP' Warning: replacing previous import 'plotly::last_plot' by 'ggplot2::last_plot' when loading 'ChAMP' Warning: replacing previous import 'globaltest::model.matrix' by 'stats::model.matrix' when loading 'ChAMP' Warning: replacing previous import 'globaltest::p.adjust' by 'stats::p.adjust' when loading 'ChAMP' ** testing if installed package can be loaded from final location No methods found in package 'RSQLite' for request: 'dbListFields' when loading 'lumi' Warning: replacing previous import 'plyr::mutate' by 'plotly::mutate' when loading 'ChAMP' Warning: replacing previous import 'plyr::rename' by 'plotly::rename' when loading 'ChAMP' Warning: replacing previous import 'plyr::arrange' by 'plotly::arrange' when loading 'ChAMP' Warning: replacing previous import 'plyr::summarise' by 'plotly::summarise' when loading 'ChAMP' Warning: replacing previous import 'plotly::subplot' by 'Hmisc::subplot' when loading 'ChAMP' Warning: replacing previous import 'plyr::summarize' by 'Hmisc::summarize' when loading 'ChAMP' Warning: replacing previous import 'plyr::is.discrete' by 'Hmisc::is.discrete' when loading 'ChAMP' Warning: replacing previous import 'plotly::last_plot' by 'ggplot2::last_plot' when loading 'ChAMP' Warning: replacing previous import 'globaltest::model.matrix' by 'stats::model.matrix' when loading 'ChAMP' Warning: replacing previous import 'globaltest::p.adjust' by 'stats::p.adjust' when loading 'ChAMP' ** testing if installed package keeps a record of temporary installation path * DONE (ChAMP)
ChAMP.Rcheck/ChAMP-Ex.timings
| name | user | system | elapsed | |
| Block.GUI | 0.000 | 0.001 | 0.001 | |
| ChAMP-package | 0.000 | 0.000 | 0.001 | |
| CpG.GUI | 0.000 | 0.000 | 0.001 | |
| DMP.GUI | 0.001 | 0.001 | 0.000 | |
| DMR.GUI | 0.000 | 0.000 | 0.001 | |
| QC.GUI | 0.000 | 0.000 | 0.001 | |
| champ.Block | 0.000 | 0.001 | 0.001 | |
| champ.CNA | 0.000 | 0.001 | 0.001 | |
| champ.DMP | 0.000 | 0.000 | 0.001 | |
| champ.DMR | 0.000 | 0.001 | 0.001 | |
| champ.GSEA | 0.001 | 0.001 | 0.001 | |
| champ.QC | 0 | 0 | 0 | |
| champ.SVD | 0.000 | 0.001 | 0.001 | |
| champ.filter | 0.000 | 0.001 | 0.001 | |
| champ.import | 0 | 0 | 0 | |
| champ.impute | 0.000 | 0.000 | 0.001 | |
| champ.load | 0.000 | 0.001 | 0.000 | |
| champ.norm | 0.000 | 0.001 | 0.001 | |
| champ.process | 0.000 | 0.000 | 0.001 | |
| champ.refbase | 0 | 0 | 0 | |
| champ.runCombat | 0.000 | 0.001 | 0.000 | |