| Back to Multiple platform build/check report for BioC 3.22: simplified long |
|
This page was generated on 2025-11-12 11:58 -0500 (Wed, 12 Nov 2025).
| Hostname | OS | Arch (*) | R version | Installed pkgs |
|---|---|---|---|---|
| nebbiolo2 | Linux (Ubuntu 24.04.3 LTS) | x86_64 | 4.5.1 Patched (2025-08-23 r88802) -- "Great Square Root" | 4902 |
| taishan | Linux (openEuler 24.03 LTS) | aarch64 | 4.5.0 (2025-04-11) -- "How About a Twenty-Six" | 4668 |
| Click on any hostname to see more info about the system (e.g. compilers) (*) as reported by 'uname -p', except on Windows and Mac OS X | ||||
| Package 170/2361 | Hostname | OS / Arch | INSTALL | BUILD | CHECK | BUILD BIN | ||||||||
| BgeeCall 1.26.0 (landing page) Julien Wollbrett
| nebbiolo2 | Linux (Ubuntu 24.04.3 LTS) / x86_64 | OK | OK | OK | |||||||||
| taishan | Linux (openEuler 24.03 LTS) / aarch64 | OK | OK | ERROR | ||||||||||
|
To the developers/maintainers of the BgeeCall package: - Allow up to 24 hours (and sometimes 48 hours) for your latest push to git@git.bioconductor.org:packages/BgeeCall.git to reflect on this report. See Troubleshooting Build Report for more information. - Use the following Renviron settings to reproduce errors and warnings. - If 'R CMD check' started to fail recently on the Linux builder(s) over a missing dependency, add the missing dependency to 'Suggests:' in your DESCRIPTION file. See Renviron.bioc for more information. - See Martin Grigorov's blog post for how to debug Linux ARM64 related issues on a x86_64 host. |
| Package: BgeeCall |
| Version: 1.26.0 |
| Command: /home/biocbuild/R/R/bin/R CMD check --install=check:BgeeCall.install-out.txt --library=/home/biocbuild/R/R/site-library --no-vignettes --timings BgeeCall_1.26.0.tar.gz |
| StartedAt: 2025-11-11 07:22:33 -0000 (Tue, 11 Nov 2025) |
| EndedAt: 2025-11-11 07:38:33 -0000 (Tue, 11 Nov 2025) |
| EllapsedTime: 959.6 seconds |
| RetCode: 1 |
| Status: ERROR |
| CheckDir: BgeeCall.Rcheck |
| Warnings: NA |
##############################################################################
##############################################################################
###
### Running command:
###
### /home/biocbuild/R/R/bin/R CMD check --install=check:BgeeCall.install-out.txt --library=/home/biocbuild/R/R/site-library --no-vignettes --timings BgeeCall_1.26.0.tar.gz
###
##############################################################################
##############################################################################
* using log directory ‘/home/biocbuild/bbs-3.22-bioc/meat/BgeeCall.Rcheck’
* using R version 4.5.0 (2025-04-11)
* using platform: aarch64-unknown-linux-gnu
* R was compiled by
aarch64-unknown-linux-gnu-gcc (GCC) 14.2.0
GNU Fortran (GCC) 14.2.0
* running under: openEuler 24.03 (LTS)
* using session charset: UTF-8
* using option ‘--no-vignettes’
* checking for file ‘BgeeCall/DESCRIPTION’ ... OK
* checking extension type ... Package
* this is package ‘BgeeCall’ version ‘1.26.0’
* package encoding: UTF-8
* checking package namespace information ... OK
* checking package dependencies ... INFO
Imports includes 21 non-default packages.
Importing from so many packages makes the package vulnerable to any of
them becoming unavailable. Move as many as possible to Suggests and
use conditionally.
* checking if this is a source package ... OK
* checking if there is a namespace ... OK
* checking for hidden files and directories ... OK
* checking for portable file names ... OK
* checking for sufficient/correct file permissions ... OK
* checking whether package ‘BgeeCall’ can be installed ... OK
* checking installed package size ... INFO
installed size is 9.2Mb
sub-directories of 1Mb or more:
extdata 8.6Mb
* checking package directory ... OK
* checking ‘build’ directory ... OK
* checking DESCRIPTION meta-information ... OK
* checking top-level files ... OK
* checking for left-over files ... OK
* checking index information ... OK
* checking package subdirectories ... OK
* checking code files for non-ASCII characters ... OK
* checking R files for syntax errors ... OK
* checking whether the package can be loaded ... OK
* checking whether the package can be loaded with stated dependencies ... OK
* checking whether the package can be unloaded cleanly ... OK
* checking whether the namespace can be loaded with stated dependencies ... OK
* checking whether the namespace can be unloaded cleanly ... OK
* checking loading without being on the library search path ... OK
* checking dependencies in R code ... OK
* checking S3 generic/method consistency ... OK
* checking replacement functions ... OK
* checking foreign function calls ... OK
* checking R code for possible problems ... NOTE
galaxy_calls: no visible binding for global variable ‘output_file’
generate_calls_workflow: no visible binding for global variable
‘myUserMetadata’
generate_fasta_intergenic_regions: no visible binding for global
variable ‘classification’
generate_theoretical_pValue: no visible binding for global variable
‘abundance’
get_run_accessions_by_experiment: no visible binding for global
variable ‘sra_con’
retrieve_gtf_files: no visible global function definition for ‘cols’
Undefined global functions or variables:
abundance classification cols myUserMetadata output_file sra_con
* checking Rd files ... OK
* checking Rd metadata ... OK
* checking Rd cross-references ... OK
* checking for missing documentation entries ... OK
* checking for code/documentation mismatches ... OK
* checking Rd \usage sections ... OK
* checking Rd contents ... OK
* checking for unstated dependencies in examples ... OK
* checking files in ‘vignettes’ ... OK
* checking examples ... ERROR
Running examples in ‘BgeeCall-Ex.R’ failed
The error most likely occurred in:
> base::assign(".ptime", proc.time(), pos = "CheckExEnv")
> ### Name: run_tximport
> ### Title: Run tximport
> ### Aliases: run_tximport
>
> ### ** Examples
>
> {
+ user <- new("UserMetadata", working_path = system.file("extdata",
+ package = "BgeeCall"), species_id = "6239",
+ rnaseq_lib_path = system.file("extdata",
+ "SRX099901_subset", package = "BgeeCall"),
+ annotation_name = "WBcel235_84", simple_arborescence = TRUE)
+ abundance_file <- system.file('extdata', 'abundance.tsv', package = 'BgeeCall')
+ tx_import <- run_tximport(myUserMetadata = user,
+ abundanceFile = abundance_file)
+ }
Querying Bgee to get intergenic release information...
Examples with CPU (user + system) or elapsed time > 5s
user system elapsed
merge_transcriptome_and_intergenic 0.467 10.053 85.516
generate_presence_absence 4.143 0.467 73.360
download_kallisto 0.094 0.049 5.278
list_bgee_ref_intergenic_species 0.111 0.004 8.324
list_community_ref_intergenic_species 0.051 0.009 24.879
* checking for unstated dependencies in ‘tests’ ... OK
* checking tests ...
Running ‘testthat.R’
OK
* checking for unstated dependencies in vignettes ... OK
* checking package vignettes ... OK
* checking running R code from vignettes ... SKIPPED
* checking re-building of vignette outputs ... SKIPPED
* checking PDF version of manual ... OK
* DONE
Status: 1 ERROR, 1 NOTE
See
‘/home/biocbuild/bbs-3.22-bioc/meat/BgeeCall.Rcheck/00check.log’
for details.
BgeeCall.Rcheck/00install.out
############################################################################## ############################################################################## ### ### Running command: ### ### /home/biocbuild/R/R/bin/R CMD INSTALL BgeeCall ### ############################################################################## ############################################################################## * installing to library ‘/home/biocbuild/R/R-4.5.0/site-library’ * installing *source* package ‘BgeeCall’ ... ** this is package ‘BgeeCall’ version ‘1.26.0’ ** using staged installation ** R ** inst ** byte-compile and prepare package for lazy loading ** help *** installing help indices ** building package indices ** installing vignettes ** testing if installed package can be loaded from temporary location ** testing if installed package can be loaded from final location ** testing if installed package keeps a record of temporary installation path * DONE (BgeeCall)
BgeeCall.Rcheck/tests/testthat.Rout
R version 4.5.0 (2025-04-11) -- "How About a Twenty-Six"
Copyright (C) 2025 The R Foundation for Statistical Computing
Platform: aarch64-unknown-linux-gnu
R is free software and comes with ABSOLUTELY NO WARRANTY.
You are welcome to redistribute it under certain conditions.
Type 'license()' or 'licence()' for distribution details.
R is a collaborative project with many contributors.
Type 'contributors()' for more information and
'citation()' on how to cite R or R packages in publications.
Type 'demo()' for some demos, 'help()' for on-line help, or
'help.start()' for an HTML browser interface to help.
Type 'q()' to quit R.
> library(testthat)
> library(BgeeCall)
>
> Sys.setenv("R_TESTS" = "")
> test_check("BgeeCall")
trying URL 'https://www.bgee.org/ftp/intergenic/0.1/ref_intergenic/6239_intergenic.fa.gz'
Content type 'application/x-gzip' length 4420457 bytes (4.2 MB)
==================================================
downloaded 4.2 MB
trying URL 'https://www.bgee.org/ftp/intergenic/0.1/ref_intergenic/6239_intergenic.fa.gz'
Content type 'application/x-gzip' length 4420457 bytes (4.2 MB)
==================================================
downloaded 4.2 MB
trying URL 'https://www.bgee.org/ftp/intergenic/0.1/ref_intergenic/6239_intergenic.fa.gz'
Content type 'application/x-gzip' length 4420457 bytes (4.2 MB)
==================================================
downloaded 4.2 MB
[ FAIL 0 | WARN 0 | SKIP 0 | PASS 12 ]
>
> proc.time()
user system elapsed
18.664 99.313 284.852
BgeeCall.Rcheck/BgeeCall-Ex.timings
| name | user | system | elapsed | |
| Pvalue_averaging | 0 | 0 | 0 | |
| create_kallisto_index | 0 | 0 | 0 | |
| download_fasta_intergenic | 0.001 | 0.000 | 0.001 | |
| download_kallisto | 0.094 | 0.049 | 5.278 | |
| generate_calls_workflow | 0 | 0 | 0 | |
| generate_presence_absence | 4.143 | 0.467 | 73.360 | |
| generate_slurm_calls | 0 | 0 | 0 | |
| generate_slurm_indexes | 0 | 0 | 0 | |
| getIntergenicPrefix | 0.034 | 0.005 | 1.691 | |
| getIntergenicRelease | 0.032 | 0.003 | 2.683 | |
| getRunIds | 0.001 | 0.000 | 0.000 | |
| getSimpleArborescence | 0.001 | 0.000 | 0.000 | |
| getWorkingPath | 0 | 0 | 0 | |
| list_bgee_ref_intergenic_species | 0.111 | 0.004 | 8.324 | |
| list_community_ref_intergenic_species | 0.051 | 0.009 | 24.879 | |
| list_intergenic_release | 0.031 | 0.016 | 3.757 | |
| merge_transcriptome_and_intergenic | 0.467 | 10.053 | 85.516 | |
| merging_libraries | 0.001 | 0.000 | 0.008 | |
| run_kallisto | 0 | 0 | 0 | |