| Back to Multiple platform build/check report for BioC 3.21: simplified long | 
 | 
This page was generated on 2025-10-16 11:38 -0400 (Thu, 16 Oct 2025).
| Hostname | OS | Arch (*) | R version | Installed pkgs | 
|---|---|---|---|---|
| nebbiolo1 | Linux (Ubuntu 24.04.3 LTS) | x86_64 | 4.5.1 (2025-06-13) -- "Great Square Root" | 4833 | 
| merida1 | macOS 12.7.6 Monterey | x86_64 | 4.5.1 RC (2025-06-05 r88288) -- "Great Square Root" | 4614 | 
| kjohnson1 | macOS 13.7.5 Ventura | arm64 | 4.5.1 Patched (2025-06-14 r88325) -- "Great Square Root" | 4555 | 
| kunpeng2 | Linux (openEuler 24.03 LTS) | aarch64 | R Under development (unstable) (2025-02-19 r87757) -- "Unsuffered Consequences" | 4586 | 
| Click on any hostname to see more info about the system (e.g. compilers) (*) as reported by 'uname -p', except on Windows and Mac OS X | ||||
| Package 105/2341 | Hostname | OS / Arch | INSTALL | BUILD | CHECK | BUILD BIN | ||||||||
| ASpli 2.18.0  (landing page) Ariel Chernomoretz 
 | nebbiolo1 | Linux (Ubuntu 24.04.3 LTS) / x86_64 | OK | OK | WARNINGS |  | ||||||||
| merida1 | macOS 12.7.6 Monterey / x86_64 | OK | OK | WARNINGS | OK |  | ||||||||
| kjohnson1 | macOS 13.7.5 Ventura / arm64 | OK | OK | WARNINGS | OK |  | ||||||||
| kunpeng2 | Linux (openEuler 24.03 LTS) / aarch64 | OK | OK | WARNINGS | ||||||||||
| To the developers/maintainers of the ASpli package: - Allow up to 24 hours (and sometimes 48 hours) for your latest push to git@git.bioconductor.org:packages/ASpli.git to reflect on this report. See Troubleshooting Build Report for more information. - Use the following Renviron settings to reproduce errors and warnings. - If 'R CMD check' started to fail recently on the Linux builder(s) over a missing dependency, add the missing dependency to 'Suggests:' in your DESCRIPTION file. See Renviron.bioc for more information. | 
| Package: ASpli | 
| Version: 2.18.0 | 
| Command: /Library/Frameworks/R.framework/Resources/bin/R CMD check --install=check:ASpli.install-out.txt --library=/Library/Frameworks/R.framework/Resources/library --no-vignettes --timings ASpli_2.18.0.tar.gz | 
| StartedAt: 2025-10-14 00:07:29 -0400 (Tue, 14 Oct 2025) | 
| EndedAt: 2025-10-14 00:35:10 -0400 (Tue, 14 Oct 2025) | 
| EllapsedTime: 1661.1 seconds | 
| RetCode: 0 | 
| Status: WARNINGS | 
| CheckDir: ASpli.Rcheck | 
| Warnings: 1 | 
##############################################################################
##############################################################################
###
### Running command:
###
###   /Library/Frameworks/R.framework/Resources/bin/R CMD check --install=check:ASpli.install-out.txt --library=/Library/Frameworks/R.framework/Resources/library --no-vignettes --timings ASpli_2.18.0.tar.gz
###
##############################################################################
##############################################################################
* using log directory ‘/Users/biocbuild/bbs-3.21-bioc/meat/ASpli.Rcheck’
* using R version 4.5.1 RC (2025-06-05 r88288)
* using platform: x86_64-apple-darwin20
* R was compiled by
    Apple clang version 14.0.0 (clang-1400.0.29.202)
    GNU Fortran (GCC) 14.2.0
* running under: macOS Monterey 12.7.6
* using session charset: UTF-8
* using option ‘--no-vignettes’
* checking for file ‘ASpli/DESCRIPTION’ ... OK
* checking extension type ... Package
* this is package ‘ASpli’ version ‘2.18.0’
* checking package namespace information ... OK
* checking package dependencies ... OK
* checking if this is a source package ... OK
* checking if there is a namespace ... OK
* checking for hidden files and directories ... OK
* checking for portable file names ... OK
* checking for sufficient/correct file permissions ... OK
* checking whether package ‘ASpli’ can be installed ... WARNING
Found the following significant warnings:
  Warning: replacing previous import ‘utils::findMatches’ by ‘S4Vectors::findMatches’ when loading ‘ASpli’
See ‘/Users/biocbuild/bbs-3.21-bioc/meat/ASpli.Rcheck/00install.out’ for details.
* checking installed package size ... OK
* checking package directory ... OK
* checking ‘build’ directory ... OK
* checking DESCRIPTION meta-information ... OK
* checking top-level files ... OK
* checking for left-over files ... OK
* checking index information ... OK
* checking package subdirectories ... OK
* checking code files for non-ASCII characters ... OK
* checking R files for syntax errors ... OK
* checking whether the package can be loaded ... OK
* checking whether the package can be loaded with stated dependencies ... OK
* checking whether the package can be unloaded cleanly ... OK
* checking whether the namespace can be loaded with stated dependencies ... OK
* checking whether the namespace can be unloaded cleanly ... OK
* checking dependencies in R code ... NOTE
Namespace in Imports field not imported from: 'txdbmaker'
  All declared Imports should be used.
* checking S3 generic/method consistency ... OK
* checking replacement functions ... OK
* checking foreign function calls ... OK
* checking R code for possible problems ... OK
* checking Rd files ... OK
* checking Rd metadata ... OK
* checking Rd cross-references ... NOTE
Found the following Rd file(s) with Rd \link{} targets missing package
anchors:
  DUreport.Rd: edgeR
  DUreport.norm.Rd: edgeR
  DUreport.offset.Rd: edgeR
  DUreportBinSplice-method.Rd: edgeR
  gbDUreport-method.Rd: edgeR
  jDUreport.Rd: edgeR
  junctionDUreport.Rd: edgeR
Please provide package anchors for all Rd \link{} targets not in the
package itself and the base packages.
* checking for missing documentation entries ... OK
* checking for code/documentation mismatches ... OK
* checking Rd \usage sections ... OK
* checking Rd contents ... OK
* checking for unstated dependencies in examples ... OK
* checking sizes of PDF files under ‘inst/doc’ ... OK
* checking installed files from ‘inst/doc’ ... OK
* checking files in ‘vignettes’ ... OK
* checking examples ... OK
Examples with CPU (user + system) or elapsed time > 5s
                           user system elapsed
ASpli-package           170.213  1.078 176.686
exportIntegratedSignals  91.704  0.501  97.028
integrateSignals         91.222  0.427  96.084
exportSplicingReports    90.446  0.552  95.592
splicingReport           89.793  0.997 104.098
jDUreport                89.047  1.135 103.777
jCounts-methods          87.440  0.710  96.289
gbDUreport-method        77.386  0.789  88.152
gbCounts                 75.754  0.386  81.897
binGenome                 8.286  0.051   8.728
* checking for unstated dependencies in vignettes ... OK
* checking package vignettes ... OK
* checking running R code from vignettes ... SKIPPED
* checking re-building of vignette outputs ... SKIPPED
* checking PDF version of manual ... OK
* DONE
Status: 1 WARNING, 2 NOTEs
See
  ‘/Users/biocbuild/bbs-3.21-bioc/meat/ASpli.Rcheck/00check.log’
for details.
ASpli.Rcheck/00install.out
############################################################################## ############################################################################## ### ### Running command: ### ### /Library/Frameworks/R.framework/Resources/bin/R CMD INSTALL ASpli ### ############################################################################## ############################################################################## * installing to library ‘/Library/Frameworks/R.framework/Versions/4.5-x86_64/Resources/library’ * installing *source* package ‘ASpli’ ... ** this is package ‘ASpli’ version ‘2.18.0’ ** using staged installation ** R ** inst ** byte-compile and prepare package for lazy loading Warning: replacing previous import ‘utils::findMatches’ by ‘S4Vectors::findMatches’ when loading ‘ASpli’ ** help *** installing help indices ** building package indices ** installing vignettes ** testing if installed package can be loaded from temporary location Warning: replacing previous import ‘utils::findMatches’ by ‘S4Vectors::findMatches’ when loading ‘ASpli’ ** testing if installed package can be loaded from final location Warning: replacing previous import ‘utils::findMatches’ by ‘S4Vectors::findMatches’ when loading ‘ASpli’ ** testing if installed package keeps a record of temporary installation path * DONE (ASpli)
ASpli.Rcheck/ASpli-Ex.timings
| name | user | system | elapsed | |
| ASpli-package | 170.213 | 1.078 | 176.686 | |
| DUreport | 0.000 | 0.000 | 0.001 | |
| DUreport.norm | 0.001 | 0.001 | 0.001 | |
| DUreport.offset | 0.001 | 0.000 | 0.000 | |
| DUreportBinSplice-method | 0.000 | 0.000 | 0.001 | |
| acc_AS | 0.000 | 0.001 | 0.001 | |
| acc_DU | 0.000 | 0.000 | 0.001 | |
| acc_counts | 0.000 | 0.001 | 0.002 | |
| acc_features | 0.374 | 0.002 | 0.406 | |
| binGenome | 8.286 | 0.051 | 8.728 | |
| containsJunctions-function | 0.000 | 0.000 | 0.001 | |
| example_data | 0.000 | 0.001 | 0.001 | |
| exportIntegratedSignals | 91.704 | 0.501 | 97.028 | |
| exportSplicingReports | 90.446 | 0.552 | 95.592 | |
| filterDU-method | 0.000 | 0.001 | 0.002 | |
| filterSignals | 0.000 | 0.001 | 0.001 | |
| gbCounts | 75.754 | 0.386 | 81.897 | |
| gbDUreport-method | 77.386 | 0.789 | 88.152 | |
| getConditions-function | 0.000 | 0.001 | 0.002 | |
| integrateSignals | 91.222 | 0.427 | 96.084 | |
| jCounts-methods | 87.440 | 0.710 | 96.289 | |
| jDUreport | 89.047 | 1.135 | 103.777 | |
| junctionDUreport | 0.000 | 0.000 | 0.001 | |
| loadBAM | 0.000 | 0.001 | 0.001 | |
| mergeBinDUAS-method | 0.001 | 0.001 | 0.002 | |
| plotBins | 0.001 | 0.002 | 0.007 | |
| plotGenomicRegions | 0.000 | 0.002 | 0.002 | |
| rds | 0.000 | 0.001 | 0.002 | |
| splicingReport | 89.793 | 0.997 | 104.098 | |
| subset-methods | 0.000 | 0.002 | 0.003 | |