| Back to Multiple platform build/check report for BioC 3.21: simplified long | 
 | 
This page was generated on 2025-10-16 11:41 -0400 (Thu, 16 Oct 2025).
| Hostname | OS | Arch (*) | R version | Installed pkgs | 
|---|---|---|---|---|
| nebbiolo1 | Linux (Ubuntu 24.04.3 LTS) | x86_64 | 4.5.1 (2025-06-13) -- "Great Square Root" | 4833 | 
| merida1 | macOS 12.7.6 Monterey | x86_64 | 4.5.1 RC (2025-06-05 r88288) -- "Great Square Root" | 4614 | 
| kjohnson1 | macOS 13.7.5 Ventura | arm64 | 4.5.1 Patched (2025-06-14 r88325) -- "Great Square Root" | 4555 | 
| kunpeng2 | Linux (openEuler 24.03 LTS) | aarch64 | R Under development (unstable) (2025-02-19 r87757) -- "Unsuffered Consequences" | 4586 | 
| Click on any hostname to see more info about the system (e.g. compilers) (*) as reported by 'uname -p', except on Windows and Mac OS X | ||||
| Package 19/2341 | Hostname | OS / Arch | INSTALL | BUILD | CHECK | BUILD BIN | ||||||||
| ADImpute 1.18.0  (landing page) Ana Carolina Leote 
 | nebbiolo1 | Linux (Ubuntu 24.04.3 LTS) / x86_64 | OK | OK | WARNINGS |  | ||||||||
| merida1 | macOS 12.7.6 Monterey / x86_64 | OK | OK | WARNINGS | OK |  | ||||||||
| kjohnson1 | macOS 13.7.5 Ventura / arm64 | OK | OK | WARNINGS | OK |  | ||||||||
| kunpeng2 | Linux (openEuler 24.03 LTS) / aarch64 | OK | OK | WARNINGS | ||||||||||
| To the developers/maintainers of the ADImpute package: - Allow up to 24 hours (and sometimes 48 hours) for your latest push to git@git.bioconductor.org:packages/ADImpute.git to reflect on this report. See Troubleshooting Build Report for more information. - Use the following Renviron settings to reproduce errors and warnings. - If 'R CMD check' started to fail recently on the Linux builder(s) over a missing dependency, add the missing dependency to 'Suggests:' in your DESCRIPTION file. See Renviron.bioc for more information. - See Martin Grigorov's blog post for how to debug Linux ARM64 related issues on a x86_64 host. | 
| Package: ADImpute | 
| Version: 1.18.0 | 
| Command: /home/biocbuild/R/R/bin/R CMD check --install=check:ADImpute.install-out.txt --library=/home/biocbuild/R/R/site-library --no-vignettes --timings ADImpute_1.18.0.tar.gz | 
| StartedAt: 2025-10-14 06:02:33 -0000 (Tue, 14 Oct 2025) | 
| EndedAt: 2025-10-14 06:06:13 -0000 (Tue, 14 Oct 2025) | 
| EllapsedTime: 219.5 seconds | 
| RetCode: 0 | 
| Status: WARNINGS | 
| CheckDir: ADImpute.Rcheck | 
| Warnings: 1 | 
##############################################################################
##############################################################################
###
### Running command:
###
###   /home/biocbuild/R/R/bin/R CMD check --install=check:ADImpute.install-out.txt --library=/home/biocbuild/R/R/site-library --no-vignettes --timings ADImpute_1.18.0.tar.gz
###
##############################################################################
##############################################################################
* using log directory ‘/home/biocbuild/bbs-3.21-bioc/meat/ADImpute.Rcheck’
* using R Under development (unstable) (2025-02-19 r87757)
* using platform: aarch64-unknown-linux-gnu
* R was compiled by
    aarch64-unknown-linux-gnu-gcc (GCC) 14.2.0
    GNU Fortran (GCC) 14.2.0
* running under: openEuler 24.03 (LTS-SP1)
* using session charset: UTF-8
* using option ‘--no-vignettes’
* checking for file ‘ADImpute/DESCRIPTION’ ... OK
* checking extension type ... Package
* this is package ‘ADImpute’ version ‘1.18.0’
* package encoding: UTF-8
* checking package namespace information ... OK
* checking package dependencies ... OK
* checking if this is a source package ... OK
* checking if there is a namespace ... OK
* checking for hidden files and directories ... OK
* checking for portable file names ... OK
* checking for sufficient/correct file permissions ... OK
* checking whether package ‘ADImpute’ can be installed ... OK
* checking installed package size ... OK
* checking package directory ... OK
* checking ‘build’ directory ... OK
* checking DESCRIPTION meta-information ... OK
* checking top-level files ... OK
* checking for left-over files ... OK
* checking index information ... OK
* checking package subdirectories ... OK
* checking code files for non-ASCII characters ... OK
* checking R files for syntax errors ... OK
* checking whether the package can be loaded ... OK
* checking whether the package can be loaded with stated dependencies ... OK
* checking whether the package can be unloaded cleanly ... OK
* checking whether the namespace can be loaded with stated dependencies ... OK
* checking whether the namespace can be unloaded cleanly ... OK
* checking loading without being on the library search path ... OK
* checking dependencies in R code ... WARNING
'::' or ':::' imports not declared from:
  ‘SCRABBLE’ ‘scImpute’
* checking S3 generic/method consistency ... OK
* checking replacement functions ... OK
* checking foreign function calls ... OK
* checking R code for possible problems ... OK
* checking Rd files ... OK
* checking Rd metadata ... OK
* checking Rd cross-references ... OK
* checking for missing documentation entries ... OK
* checking for code/documentation mismatches ... OK
* checking Rd \usage sections ... OK
* checking Rd contents ... OK
* checking for unstated dependencies in examples ... OK
* checking contents of ‘data’ directory ... OK
* checking data for non-ASCII characters ... OK
* checking LazyData ... OK
* checking data for ASCII and uncompressed saves ... OK
* checking files in ‘vignettes’ ... OK
* checking examples ... OK
Examples with CPU (user + system) or elapsed time > 5s
        user system elapsed
Impute 1.004  0.002   6.228
* checking for unstated dependencies in ‘tests’ ... OK
* checking tests ...
  Running ‘testthat.R’
 OK
* checking for unstated dependencies in vignettes ... OK
* checking package vignettes ... OK
* checking running R code from vignettes ... SKIPPED
* checking re-building of vignette outputs ... SKIPPED
* checking PDF version of manual ... OK
* DONE
Status: 1 WARNING
See
  ‘/home/biocbuild/bbs-3.21-bioc/meat/ADImpute.Rcheck/00check.log’
for details.
ADImpute.Rcheck/00install.out
############################################################################## ############################################################################## ### ### Running command: ### ### /home/biocbuild/R/R/bin/R CMD INSTALL ADImpute ### ############################################################################## ############################################################################## * installing to library ‘/home/biocbuild/R/R-devel_2025-02-19/site-library’ * installing *source* package ‘ADImpute’ ... ** this is package ‘ADImpute’ version ‘1.18.0’ ** using staged installation ** R ** data *** moving datasets to lazyload DB ** inst ** byte-compile and prepare package for lazy loading ** help *** installing help indices ** building package indices ** installing vignettes ** testing if installed package can be loaded from temporary location ** testing if installed package can be loaded from final location ** testing if installed package keeps a record of temporary installation path * DONE (ADImpute)
ADImpute.Rcheck/tests/testthat.Rout
R Under development (unstable) (2025-02-19 r87757) -- "Unsuffered Consequences"
Copyright (C) 2025 The R Foundation for Statistical Computing
Platform: aarch64-unknown-linux-gnu
R is free software and comes with ABSOLUTELY NO WARRANTY.
You are welcome to redistribute it under certain conditions.
Type 'license()' or 'licence()' for distribution details.
R is a collaborative project with many contributors.
Type 'contributors()' for more information and
'citation()' on how to cite R or R packages in publications.
Type 'demo()' for some demos, 'help()' for on-line help, or
'help.start()' for an HTML browser interface to help.
Type 'q()' to quit R.
> library(testthat)
> library(ADImpute)
> 
> test_check("ADImpute")
Calculating Spearman distance. 
Calculating Pearson distance. 
 Clustering for k : 10
 Clustering for k : 11
 Clustering for k : 12
 Clustering for k : 13
 Clustering for k : 14
 Clustering for k : 15
cls object have 12 number of clustering sets.
 Zero percentage : 
Before impute : 76 percent. 
After impute : 31 percent. 
46 percent of zeros are imputed. 
Calculating Spearman distance. 
Calculating Pearson distance. 
 Clustering for k : 10
 Clustering for k : 11
 Clustering for k : 12
 Clustering for k : 13
 Clustering for k : 14
 Clustering for k : 15
cls object have 12 number of clustering sets.
 Zero percentage : 
Before impute : 84 percent. 
After impute : 59 percent. 
25 percent of zeros are imputed. 
Calculating Spearman distance. 
Calculating Pearson distance. 
 Clustering for k : 10
 Clustering for k : 11
 Clustering for k : 12
 Clustering for k : 13
 Clustering for k : 14
 Clustering for k : 15
cls object have 12 number of clustering sets.
 Zero percentage : 
Before impute : 84 percent. 
After impute : 63 percent. 
22 percent of zeros are imputed. 
Calculating Spearman distance. 
Calculating Pearson distance. 
 Clustering for k : 10
 Clustering for k : 11
 Clustering for k : 12
 Clustering for k : 13
 Clustering for k : 14
 Clustering for k : 15
cls object have 12 number of clustering sets.
 Zero percentage : 
Before impute : 76 percent. 
After impute : 42 percent. 
34 percent of zeros are imputed. 
Calculating Spearman distance. 
Calculating Pearson distance. 
 Clustering for k : 10
 Clustering for k : 11
 Clustering for k : 12
 Clustering for k : 13
 Clustering for k : 14
 Clustering for k : 15
cls object have 12 number of clustering sets.
 Zero percentage : 
Before impute : 76 percent. 
After impute : 47 percent. 
30 percent of zeros are imputed. 
[ FAIL 0 | WARN 8 | SKIP 0 | PASS 134 ]
[ FAIL 0 | WARN 8 | SKIP 0 | PASS 134 ]
> 
> proc.time()
   user  system elapsed 
 73.379   1.967 141.273 
ADImpute.Rcheck/ADImpute-Ex.timings
| name | user | system | elapsed | |
| EvaluateMethods | 2.594 | 0.112 | 2.983 | |
| Impute | 1.004 | 0.002 | 6.228 | |
| NormalizeRPM | 0.004 | 0.000 | 0.008 | |
| NormalizeTPM | 1.631 | 0.000 | 1.865 | |
| WriteCSV | 0.002 | 0.000 | 0.003 | |
| WriteTXT | 0.001 | 0.000 | 0.001 | |