Back to Build/check report for BioC 3.23 experimental data
[A]BCDEFGHIJKLMNOPQRSTUVWXYZ

This page was generated on 2025-10-30 15:01 -0400 (Thu, 30 Oct 2025).

HostnameOSArch (*)R versionInstalled pkgs
nebbiolo1Linux (Ubuntu 24.04.3 LTS)x86_64R Under development (unstable) (2025-10-20 r88955) -- "Unsuffered Consequences" 4428
Click on any hostname to see more info about the system (e.g. compilers)      (*) as reported by 'uname -p', except on Windows and Mac OS X

Package 14/430HostnameOS / ArchINSTALLBUILDCHECK
aracne.networks 1.37.0  (landing page)
Federico M. Giorgi , Mariano Alvarez
Snapshot Date: 2025-10-30 07:00 -0400 (Thu, 30 Oct 2025)
git_url: https://git.bioconductor.org/packages/aracne.networks
git_branch: devel
git_last_commit: a3120ba
git_last_commit_date: 2025-10-29 09:58:45 -0400 (Wed, 29 Oct 2025)
nebbiolo1Linux (Ubuntu 24.04.3 LTS) / x86_64  OK    OK    WARNINGS  YES


CHECK results for aracne.networks on nebbiolo1

To the developers/maintainers of the aracne.networks package:
- Use the following Renviron settings to reproduce errors and warnings.
- If 'R CMD check' started to fail recently on the Linux builder(s) over a missing dependency, add the missing dependency to 'Suggests:' in your DESCRIPTION file. See Renviron.bioc for more information.

raw results


Summary

Package: aracne.networks
Version: 1.37.0
Command: /home/biocbuild/bbs-3.23-bioc/R/bin/R CMD check --install=check:aracne.networks.install-out.txt --library=/home/biocbuild/bbs-3.23-bioc/R/site-library --timings aracne.networks_1.37.0.tar.gz
StartedAt: 2025-10-30 11:57:16 -0400 (Thu, 30 Oct 2025)
EndedAt: 2025-10-30 12:05:28 -0400 (Thu, 30 Oct 2025)
EllapsedTime: 491.6 seconds
RetCode: 0
Status:   WARNINGS  
CheckDir: aracne.networks.Rcheck
Warnings: 2

Command output

##############################################################################
##############################################################################
###
### Running command:
###
###   /home/biocbuild/bbs-3.23-bioc/R/bin/R CMD check --install=check:aracne.networks.install-out.txt --library=/home/biocbuild/bbs-3.23-bioc/R/site-library --timings aracne.networks_1.37.0.tar.gz
###
##############################################################################
##############################################################################


* using log directory ‘/home/biocbuild/bbs-3.23-data-experiment/meat/aracne.networks.Rcheck’
* using R Under development (unstable) (2025-10-20 r88955)
* using platform: x86_64-pc-linux-gnu
* R was compiled by
    gcc (Ubuntu 13.3.0-6ubuntu2~24.04) 13.3.0
    GNU Fortran (Ubuntu 13.3.0-6ubuntu2~24.04) 13.3.0
* running under: Ubuntu 24.04.3 LTS
* using session charset: UTF-8
* checking for file ‘aracne.networks/DESCRIPTION’ ... OK
* checking extension type ... Package
* this is package ‘aracne.networks’ version ‘1.37.0’
* checking package namespace information ... OK
* checking package dependencies ... OK
* checking if this is a source package ... OK
* checking if there is a namespace ... OK
* checking for hidden files and directories ... OK
* checking for portable file names ... OK
* checking for sufficient/correct file permissions ... OK
* checking whether package ‘aracne.networks’ can be installed ... OK
* checking installed package size ... INFO
  installed size is 204.2Mb
  sub-directories of 1Mb or more:
    data  204.0Mb
* checking package directory ... OK
* checking ‘build’ directory ... OK
* checking DESCRIPTION meta-information ... OK
* checking top-level files ... OK
* checking for left-over files ... OK
* checking index information ... OK
* checking package subdirectories ... OK
* checking code files for non-ASCII characters ... OK
* checking R files for syntax errors ... OK
* checking whether the package can be loaded ... OK
* checking whether the package can be loaded with stated dependencies ... OK
* checking whether the package can be unloaded cleanly ... OK
* checking whether the namespace can be loaded with stated dependencies ... OK
* checking whether the namespace can be unloaded cleanly ... OK
* checking loading without being on the library search path ... OK
* checking dependencies in R code ... OK
* checking S3 generic/method consistency ... OK
* checking replacement functions ... OK
* checking foreign function calls ... OK
* checking R code for possible problems ... OK
* checking Rd files ... OK
* checking Rd metadata ... OK
* checking Rd cross-references ... OK
* checking for missing documentation entries ... OK
* checking for code/documentation mismatches ... OK
* checking Rd \usage sections ... OK
* checking Rd contents ... OK
* checking for unstated dependencies in examples ... OK
* checking contents of ‘data’ directory ... OK
* checking data for non-ASCII characters ... OK
* checking LazyData ... WARNING
  LazyData DB of 203.8 MB without LazyDataCompression set
  See §1.1.6 of 'Writing R Extensions'
* checking data for ASCII and uncompressed saves ... WARNING
  
  Note: significantly better compression could be obtained
        by using R CMD build --resave-data
                  old_size new_size compress
  regulonblca.rda    8.2Mb    6.9Mb       xz
  regulonbrca.rda    5.7Mb    4.7Mb       xz
  reguloncesc.rda    9.6Mb    8.0Mb       xz
  reguloncoad.rda    7.0Mb    5.8Mb       xz
  regulonesca.rda    8.7Mb    7.0Mb       xz
  regulongbm.rda     9.2Mb    7.1Mb       xz
  regulonhnsc.rda    7.2Mb    6.0Mb       xz
  regulonkirc.rda    5.9Mb    4.9Mb       xz
  regulonkirp.rda    7.8Mb    6.5Mb       xz
  regulonlaml.rda    8.8Mb    7.0Mb       xz
  regulonlihc.rda    8.0Mb    6.7Mb       xz
  regulonluad.rda    6.8Mb    5.7Mb       xz
  regulonlusc.rda    7.7Mb    6.5Mb       xz
  regulonnet.rda    12.1Mb   10.1Mb       xz
  regulonov.rda     10.5Mb    8.6Mb       xz
  regulonpaad.rda    8.7Mb    7.1Mb       xz
  regulonpcpg.rda    9.9Mb    7.8Mb       xz
  regulonprad.rda    5.6Mb    4.7Mb       xz
  regulonread.rda    9.4Mb    7.6Mb       xz
  regulonsarc.rda    8.8Mb    7.2Mb       xz
  regulonstad.rda    9.7Mb    8.1Mb       xz
  regulontgct.rda    7.7Mb    6.3Mb       xz
  regulonthca.rda    5.2Mb    4.3Mb       xz
  regulonthym.rda    6.7Mb    5.3Mb       xz
  regulonucec.rda    8.2Mb    6.9Mb       xz
* checking sizes of PDF files under ‘inst/doc’ ...* checking files in ‘vignettes’ ... OK
* checking examples ... OK
* checking for unstated dependencies in vignettes ... OK
* checking package vignettes ... OK
* checking re-building of vignette outputs ... OK
* checking PDF version of manual ... OK
* DONE

Status: 2 WARNINGs
See
  ‘/home/biocbuild/bbs-3.23-data-experiment/meat/aracne.networks.Rcheck/00check.log’
for details.


Installation output

aracne.networks.Rcheck/00install.out

##############################################################################
##############################################################################
###
### Running command:
###
###   /home/biocbuild/bbs-3.23-bioc/R/bin/R CMD INSTALL aracne.networks
###
##############################################################################
##############################################################################


* installing to library ‘/home/biocbuild/bbs-3.23-bioc/R/site-library’
* installing *source* package ‘aracne.networks’ ...
** this is package ‘aracne.networks’ version ‘1.37.0’
** using staged installation
** R
** data
*** moving datasets to lazyload DB
** inst
** byte-compile and prepare package for lazy loading
** help
*** installing help indices
** building package indices
** installing vignettes
** testing if installed package can be loaded from temporary location
** testing if installed package can be loaded from final location
** testing if installed package keeps a record of temporary installation path
* DONE (aracne.networks)

Tests output


Example timings

aracne.networks.Rcheck/aracne.networks-Ex.timings

nameusersystemelapsed
aracne.networks-package1.8820.0441.925
regulonblca1.9160.0541.970
regulonbrca1.7220.0301.752
reguloncesc2.0690.0452.114
reguloncoad1.8070.0711.878
regulonesca2.1180.0202.137
regulongbm2.2770.0292.305
regulonhnsc1.4490.0181.470
regulonkirc1.5500.0061.556
regulonkirp1.9360.0822.019
regulonlaml2.0060.0202.025
regulonlihc2.1820.0182.200
regulonluad1.3930.0051.398
regulonlusc1.9630.0041.967
regulonnet2.4640.0192.484
regulonov2.3630.0262.390
regulonpaad2.0280.0052.033
regulonpcpg2.3400.0242.363
regulonprad1.2560.0041.261
regulonread2.500.012.51
regulonsarc2.0740.0052.079
regulonstad2.0130.0132.026
regulontgct1.9160.0261.942
regulonthca1.6140.0051.623
regulonthym1.3550.0161.371
regulonucec1.9120.0271.939
write.regulon1.0590.0281.087