| Back to Build/check report for BioC 3.23 experimental data |
|
This page was generated on 2025-10-30 15:01 -0400 (Thu, 30 Oct 2025).
| Hostname | OS | Arch (*) | R version | Installed pkgs |
|---|---|---|---|---|
| nebbiolo1 | Linux (Ubuntu 24.04.3 LTS) | x86_64 | R Under development (unstable) (2025-10-20 r88955) -- "Unsuffered Consequences" | 4428 |
| Click on any hostname to see more info about the system (e.g. compilers) (*) as reported by 'uname -p', except on Windows and Mac OS X | ||||
| Package 271/430 | Hostname | OS / Arch | INSTALL | BUILD | CHECK | ||||||||
| NanoporeRNASeq 1.21.0 (landing page) Ying Chen
| nebbiolo1 | Linux (Ubuntu 24.04.3 LTS) / x86_64 | OK | ERROR | skipped | ||||||||
|
To the developers/maintainers of the NanoporeRNASeq package: - Use the following Renviron settings to reproduce errors and warnings. - If 'R CMD check' started to fail recently on the Linux builder(s) over a missing dependency, add the missing dependency to 'Suggests:' in your DESCRIPTION file. See Renviron.bioc for more information. |
| Package: NanoporeRNASeq |
| Version: 1.21.0 |
| Command: /home/biocbuild/bbs-3.23-bioc/R/bin/R CMD build --keep-empty-dirs --no-resave-data NanoporeRNASeq |
| StartedAt: 2025-10-30 11:29:23 -0400 (Thu, 30 Oct 2025) |
| EndedAt: 2025-10-30 11:29:57 -0400 (Thu, 30 Oct 2025) |
| EllapsedTime: 34.1 seconds |
| RetCode: 1 |
| Status: ERROR |
| PackageFile: None |
| PackageFileSize: NA |
##############################################################################
##############################################################################
###
### Running command:
###
### /home/biocbuild/bbs-3.23-bioc/R/bin/R CMD build --keep-empty-dirs --no-resave-data NanoporeRNASeq
###
##############################################################################
##############################################################################
* checking for file ‘NanoporeRNASeq/DESCRIPTION’ ... OK
* preparing ‘NanoporeRNASeq’:
* checking DESCRIPTION meta-information ... OK
* installing the package (it is needed to build vignettes)
* creating vignettes ... ERROR
--- re-building ‘NanoporeRNASeq.Rmd’ using rmarkdown
Quitting from NanoporeRNASeq.Rmd:58-71 [unnamed-chunk-2]
~~~~~~~~~~~~~~~~~~~~~~~~~~~~~~~~~~~~~~~~~~~~~~~~~~~~~~~~~~~~~~~~~~~~~~~~~~~~~~~~
<error/rlang_error>
Error in `library()`:
! there is no package called 'BSgenome.Hsapiens.NCBI.GRCh38'
---
Backtrace:
▆
1. └─base::library(BSgenome.Hsapiens.NCBI.GRCh38)
~~~~~~~~~~~~~~~~~~~~~~~~~~~~~~~~~~~~~~~~~~~~~~~~~~~~~~~~~~~~~~~~~~~~~~~~~~~~~~~~
Error: processing vignette 'NanoporeRNASeq.Rmd' failed with diagnostics:
there is no package called 'BSgenome.Hsapiens.NCBI.GRCh38'
--- failed re-building ‘NanoporeRNASeq.Rmd’
SUMMARY: processing the following file failed:
‘NanoporeRNASeq.Rmd’
Error: Vignette re-building failed.
Execution halted