| Back to Rapid builds (Linux only) of a subset of BioC 3.22 Report updated every 6 hours |
This page was generated on 2025-07-24 09:37 -0400 (Thu, 24 Jul 2025).
| Hostname | OS | Arch (*) | R version | Installed pkgs |
|---|---|---|---|---|
| teran2 | Linux (Ubuntu 24.04.1 LTS) | x86_64 | 4.5.0 (2025-04-11) -- "How About a Twenty-Six" | 914 |
| Click on any hostname to see more info about the system (e.g. compilers) (*) as reported by 'uname -p', except on Windows and Mac OS X | ||||
| Package 116/229 | Hostname | OS / Arch | INSTALL | BUILD | CHECK | |||||||
| gwascat 2.41.1 (landing page) VJ Carey
| teran2 | Linux (Ubuntu 24.04.1 LTS) / x86_64 | OK | ERROR | skipped | |||||||
|
To the developers/maintainers of the gwascat package: - Use the following Renviron settings to reproduce errors and warnings. - If 'R CMD check' started to fail recently on the Linux builder(s) over a missing dependency, add the missing dependency to 'Suggests:' in your DESCRIPTION file. See Renviron.bioc for more information. |
| Package: gwascat |
| Version: 2.41.1 |
| Command: /home/rapidbuild/bbs-3.22-bioc-rapid/R/bin/R CMD build --keep-empty-dirs --no-resave-data gwascat |
| StartedAt: 2025-07-24 06:52:59 -0400 (Thu, 24 Jul 2025) |
| EndedAt: 2025-07-24 06:54:11 -0400 (Thu, 24 Jul 2025) |
| EllapsedTime: 72.0 seconds |
| RetCode: 1 |
| Status: ERROR |
| PackageFile: None |
| PackageFileSize: NA |
############################################################################## ############################################################################## ### ### Running command: ### ### /home/rapidbuild/bbs-3.22-bioc-rapid/R/bin/R CMD build --keep-empty-dirs --no-resave-data gwascat ### ############################################################################## ############################################################################## * checking for file ‘gwascat/DESCRIPTION’ ... OK * preparing ‘gwascat’: * checking DESCRIPTION meta-information ... OK * installing the package to build vignettes * creating vignettes ... ERROR --- re-building ‘gwascat.Rmd’ using rmarkdown Quitting from gwascat.Rmd:164-166 [dorunap] ~~~~~~~~~~~~~~~~~~~~~~~~~~~~~~~~~~~~~~~~~~~~~~~~~~~~~~~~~~~~~~~~~~~~~~~~~~~~~~~~ NULL ~~~~~~~~~~~~~~~~~~~~~~~~~~~~~~~~~~~~~~~~~~~~~~~~~~~~~~~~~~~~~~~~~~~~~~~~~~~~~~~~ Error: processing vignette 'gwascat.Rmd' failed with diagnostics: The `facets` argument of `facet_grid()` was deprecated in ggplot2 2.2.0 and is now defunct. ℹ Please use the `rows` argument instead. --- failed re-building ‘gwascat.Rmd’ --- re-building ‘gwascatOnt.Rmd’ using rmarkdown --- finished re-building ‘gwascatOnt.Rmd’ SUMMARY: processing the following file failed: ‘gwascat.Rmd’ Error: Vignette re-building failed. Execution halted