Back to Rapid builds (Linux only) of a subset of BioC 3.22
Report updated every 6 hours

This page was generated on 2025-10-30 14:25 -0400 (Thu, 30 Oct 2025).

HostnameOSArch (*)R versionInstalled pkgs
teran2Linux (Ubuntu 24.04.3 LTS)x86_644.5.1 (2025-06-13) -- "Great Square Root" 896
Click on any hostname to see more info about the system (e.g. compilers)      (*) as reported by 'uname -p', except on Windows and Mac OS X

Package 125/229HostnameOS / ArchINSTALLBUILDCHECK
interactiveDisplay 1.49.0  (landing page)
Bioconductor Package Maintainer
Snapshot Date: 2025-10-30 12:00 -0400 (Thu, 30 Oct 2025)
git_url: https://git.bioconductor.org/packages/interactiveDisplay
git_branch: devel
git_last_commit: cd197df
git_last_commit_date: 2025-10-29 10:17:08 -0400 (Wed, 29 Oct 2025)
teran2Linux (Ubuntu 24.04.3 LTS) / x86_64  OK    OK    ERROR  


CHECK results for interactiveDisplay on teran2

To the developers/maintainers of the interactiveDisplay package:
- Use the following Renviron settings to reproduce errors and warnings.
- If 'R CMD check' started to fail recently on the Linux builder(s) over a missing dependency, add the missing dependency to 'Suggests:' in your DESCRIPTION file. See Renviron.bioc for more information.

raw results


Summary

Package: interactiveDisplay
Version: 1.49.0
Command: /home/rapidbuild/bbs-3.22-bioc-rapid/R/bin/R CMD check --install=check:interactiveDisplay.install-out.txt --library=/home/rapidbuild/bbs-3.22-bioc-rapid/R/site-library --timings interactiveDisplay_1.49.0.tar.gz
StartedAt: 2025-10-30 13:43:01 -0400 (Thu, 30 Oct 2025)
EndedAt: 2025-10-30 13:43:04 -0400 (Thu, 30 Oct 2025)
EllapsedTime: 3.0 seconds
RetCode: 1
Status:   ERROR  
CheckDir: interactiveDisplay.Rcheck
Warnings: NA

Command output

##############################################################################
##############################################################################
###
### Running command:
###
###   /home/rapidbuild/bbs-3.22-bioc-rapid/R/bin/R CMD check --install=check:interactiveDisplay.install-out.txt --library=/home/rapidbuild/bbs-3.22-bioc-rapid/R/site-library --timings interactiveDisplay_1.49.0.tar.gz
###
##############################################################################
##############################################################################


* using log directory ‘/media/volume/teran2_disk/rapidbuild/bbs-3.22-bioc-rapid/meat/interactiveDisplay.Rcheck’
* using R version 4.5.1 (2025-06-13)
* using platform: x86_64-pc-linux-gnu
* R was compiled by
    gcc (Ubuntu 13.3.0-6ubuntu2~24.04) 13.3.0
    GNU Fortran (Ubuntu 13.3.0-6ubuntu2~24.04) 13.3.0
* running under: Ubuntu 24.04.3 LTS
* using session charset: UTF-8
* checking for file ‘interactiveDisplay/DESCRIPTION’ ... OK
* checking extension type ... Package
* this is package ‘interactiveDisplay’ version ‘1.49.0’
* checking package namespace information ... OK
* checking package dependencies ... ERROR
Packages suggested but not available: 'ggbio', 'Gviz', 'rtracklayer'

Package which this enhances but not available for checking: ‘rstudio’

The suggested packages are required for a complete check.
Checking can be attempted without them by setting the environment
variable _R_CHECK_FORCE_SUGGESTS_ to a false value.

See section ‘The DESCRIPTION file’ in the ‘Writing R Extensions’
manual.
* DONE

Status: 1 ERROR
See
  ‘/media/volume/teran2_disk/rapidbuild/bbs-3.22-bioc-rapid/meat/interactiveDisplay.Rcheck/00check.log’
for details.


Installation output


Tests output


Example timings