Back to Rapid builds (Linux only) of a subset of BioC 3.23
Report updated every 6 hours

This page was generated on 2025-11-20 10:16 -0500 (Thu, 20 Nov 2025).

HostnameOSArch (*)R versionInstalled pkgs
teran2Linux (Ubuntu 24.04.3 LTS)x86_64R Under development (unstable) (2025-10-28 r88973) -- "Unsuffered Consequences" 917
Click on any hostname to see more info about the system (e.g. compilers)      (*) as reported by 'uname -p', except on Windows and Mac OS X

Package 83/230HostnameOS / ArchINSTALLBUILDCHECK
enrichplot 1.31.1  (landing page)
Guangchuang Yu
Snapshot Date: 2025-11-20 06:00 -0500 (Thu, 20 Nov 2025)
git_url: https://git.bioconductor.org/packages/enrichplot
git_branch: devel
git_last_commit: c0a81b4
git_last_commit_date: 2025-11-19 22:13:06 -0500 (Wed, 19 Nov 2025)
teran2Linux (Ubuntu 24.04.3 LTS) / x86_64  OK    ERROR  skipped


BUILD results for enrichplot on teran2

To the developers/maintainers of the enrichplot package:
- Use the following Renviron settings to reproduce errors and warnings.
- If 'R CMD check' started to fail recently on the Linux builder(s) over a missing dependency, add the missing dependency to 'Suggests:' in your DESCRIPTION file. See Renviron.bioc for more information.

raw results


Summary

Package: enrichplot
Version: 1.31.1
Command: /home/rapidbuild/bbs-3.23-bioc-rapid/R/bin/R CMD build --keep-empty-dirs --no-resave-data enrichplot
StartedAt: 2025-11-20 06:46:33 -0500 (Thu, 20 Nov 2025)
EndedAt: 2025-11-20 06:46:54 -0500 (Thu, 20 Nov 2025)
EllapsedTime: 21.0 seconds
RetCode: 1
Status:   ERROR  
PackageFile: None
PackageFileSize: NA

Command output

##############################################################################
##############################################################################
###
### Running command:
###
###   /home/rapidbuild/bbs-3.23-bioc-rapid/R/bin/R CMD build --keep-empty-dirs --no-resave-data enrichplot
###
##############################################################################
##############################################################################


* checking for file ‘enrichplot/DESCRIPTION’ ... OK
* preparing ‘enrichplot’:
* checking DESCRIPTION meta-information ... OK
* installing the package (it is needed to build vignettes)
* creating vignettes ... ERROR
--- re-building ‘enrichplot.qmd’ using html
Error: processing vignette 'enrichplot.qmd' failed with diagnostics:
Quarto binary is required to build Quarto vignettes but is not
available.
ℹ Please make sure it is installed and found by `find_quarto()`.
--- failed re-building ‘enrichplot.qmd’

SUMMARY: processing the following file failed:
  ‘enrichplot.qmd’

Error: Vignette re-building failed.
Execution halted