Back to Rapid builds (Linux only) of a subset of BioC 3.23
Report updated every 6 hours

This page was generated on 2025-10-31 09:43 -0400 (Fri, 31 Oct 2025).

HostnameOSArch (*)R versionInstalled pkgs
teran2Linux (Ubuntu 24.04.3 LTS)x86_64R Under development (unstable) (2025-10-28 r88973) -- "Unsuffered Consequences" 917
Click on any hostname to see more info about the system (e.g. compilers)      (*) as reported by 'uname -p', except on Windows and Mac OS X

Package 203/230HostnameOS / ArchINSTALLBUILDCHECK
SingleCellExperiment 1.33.0  (landing page)
Davide Risso
Snapshot Date: 2025-10-31 06:00 -0400 (Fri, 31 Oct 2025)
git_url: https://git.bioconductor.org/packages/SingleCellExperiment
git_branch: devel
git_last_commit: bdf6af0
git_last_commit_date: 2025-10-29 10:39:29 -0400 (Wed, 29 Oct 2025)
teran2Linux (Ubuntu 24.04.3 LTS) / x86_64  OK    ERROR  skipped


BUILD results for SingleCellExperiment on teran2

To the developers/maintainers of the SingleCellExperiment package:
- Use the following Renviron settings to reproduce errors and warnings.
- If 'R CMD check' started to fail recently on the Linux builder(s) over a missing dependency, add the missing dependency to 'Suggests:' in your DESCRIPTION file. See Renviron.bioc for more information.

raw results


Summary

Package: SingleCellExperiment
Version: 1.33.0
Command: /home/rapidbuild/bbs-3.23-bioc-rapid/R/bin/R CMD build --keep-empty-dirs --no-resave-data SingleCellExperiment
StartedAt: 2025-10-31 07:24:19 -0400 (Fri, 31 Oct 2025)
EndedAt: 2025-10-31 07:24:53 -0400 (Fri, 31 Oct 2025)
EllapsedTime: 34.0 seconds
RetCode: 1
Status:   ERROR  
PackageFile: None
PackageFileSize: NA

Command output

##############################################################################
##############################################################################
###
### Running command:
###
###   /home/rapidbuild/bbs-3.23-bioc-rapid/R/bin/R CMD build --keep-empty-dirs --no-resave-data SingleCellExperiment
###
##############################################################################
##############################################################################


* checking for file ‘SingleCellExperiment/DESCRIPTION’ ... OK
* preparing ‘SingleCellExperiment’:
* checking DESCRIPTION meta-information ... OK
* installing the package (it is needed to build vignettes)
* creating vignettes ... ERROR
--- re-building ‘apply.Rmd’ using rmarkdown
--- finished re-building ‘apply.Rmd’

--- re-building ‘devel.Rmd’ using rmarkdown
--- finished re-building ‘devel.Rmd’

--- re-building ‘intro.Rmd’ using rmarkdown

Quitting from intro.Rmd:85-89 [fluidigm]
~~~~~~~~~~~~~~~~~~~~~~~~~~~~~~~~~~~~~~~~~~~~~~~~~~~~~~~~~~~~~~~~~~~~~~~~~~~~~~~~
<error/rlang_error>
Error in `h5_read_attribute()`:
! argument "bit64conversion" is missing, with no default
---
Backtrace:
     ▆
  1. └─scRNAseq::ReprocessedAllenData("tophat_counts")
  2.   └─scRNAseq::fetchDataset("legacy", "2023-12-18", "allen", realize.assays = TRUE)
  3.     └─alabaster.base::altReadObject(...)
  4.       └─scRNAseq (local) FUN(path, ...)
  5.         └─alabaster.base::readObject(...)
  6.           └─alabaster.sce (local) meth(path, metadata = metadata, ...)
  7.             └─alabaster.se::readRangedSummarizedExperiment(...)
  8.               └─alabaster.se::readSummarizedExperiment(...)
  9.                 └─alabaster.base::altReadObject(...)
 10.                   └─scRNAseq (local) FUN(path, ...)
 11.                     └─alabaster.base::readObject(...)
 12.                       └─alabaster.matrix (local) meth(path, metadata = metadata, ...)
 13.                         └─(function() {...
 14.                           └─alabaster.base::h5_read_attribute(ghandle, "type")
 15.                             └─rhdf5::H5Aread(ahandle, bit64conversion = bit64conversion)
~~~~~~~~~~~~~~~~~~~~~~~~~~~~~~~~~~~~~~~~~~~~~~~~~~~~~~~~~~~~~~~~~~~~~~~~~~~~~~~~

Error: processing vignette 'intro.Rmd' failed with diagnostics:
argument "bit64conversion" is missing, with no default
--- failed re-building ‘intro.Rmd’

SUMMARY: processing the following file failed:
  ‘intro.Rmd’

Error: Vignette re-building failed.
Execution halted