Back to Rapid builds (Linux only) of a subset of BioC 3.22
Report updated every 6 hours

This page was generated on 2025-10-30 14:25 -0400 (Thu, 30 Oct 2025).

HostnameOSArch (*)R versionInstalled pkgs
teran2Linux (Ubuntu 24.04.3 LTS)x86_644.5.1 (2025-06-13) -- "Great Square Root" 896
Click on any hostname to see more info about the system (e.g. compilers)      (*) as reported by 'uname -p', except on Windows and Mac OS X

Package 39/229HostnameOS / ArchINSTALLBUILDCHECK
BiocVersion 3.23.1  (landing page)
Bioconductor Package Maintainer
Snapshot Date: 2025-10-30 12:00 -0400 (Thu, 30 Oct 2025)
git_url: https://git.bioconductor.org/packages/BiocVersion
git_branch: devel
git_last_commit: 252d7c8
git_last_commit_date: 2025-10-30 11:29:14 -0400 (Thu, 30 Oct 2025)
teran2Linux (Ubuntu 24.04.3 LTS) / x86_64  ERROR    OK    ERROR  


CHECK results for BiocVersion on teran2

To the developers/maintainers of the BiocVersion package:
- Use the following Renviron settings to reproduce errors and warnings.
- If 'R CMD check' started to fail recently on the Linux builder(s) over a missing dependency, add the missing dependency to 'Suggests:' in your DESCRIPTION file. See Renviron.bioc for more information.

raw results


Summary

Package: BiocVersion
Version: 3.23.1
Command: /home/rapidbuild/bbs-3.22-bioc-rapid/R/bin/R CMD check --install=check:BiocVersion.install-out.txt --library=/home/rapidbuild/bbs-3.22-bioc-rapid/R/site-library --timings BiocVersion_3.23.1.tar.gz
StartedAt: 2025-10-30 13:20:47 -0400 (Thu, 30 Oct 2025)
EndedAt: 2025-10-30 13:20:50 -0400 (Thu, 30 Oct 2025)
EllapsedTime: 3.0 seconds
RetCode: 1
Status:   ERROR  
CheckDir: BiocVersion.Rcheck
Warnings: NA

Command output

##############################################################################
##############################################################################
###
### Running command:
###
###   /home/rapidbuild/bbs-3.22-bioc-rapid/R/bin/R CMD check --install=check:BiocVersion.install-out.txt --library=/home/rapidbuild/bbs-3.22-bioc-rapid/R/site-library --timings BiocVersion_3.23.1.tar.gz
###
##############################################################################
##############################################################################


* using log directory ‘/media/volume/teran2_disk/rapidbuild/bbs-3.22-bioc-rapid/meat/BiocVersion.Rcheck’
* using R version 4.5.1 (2025-06-13)
* using platform: x86_64-pc-linux-gnu
* R was compiled by
    gcc (Ubuntu 13.3.0-6ubuntu2~24.04) 13.3.0
    GNU Fortran (Ubuntu 13.3.0-6ubuntu2~24.04) 13.3.0
* running under: Ubuntu 24.04.3 LTS
* using session charset: UTF-8
* checking for file ‘BiocVersion/DESCRIPTION’ ... OK
* this is package ‘BiocVersion’ version ‘3.23.1’
* package encoding: UTF-8
* checking package namespace information ... OK
* checking package dependencies ... OK
* checking if this is a source package ... OK
* checking if there is a namespace ... OK
* checking for hidden files and directories ... OK
* checking for portable file names ... OK
* checking for sufficient/correct file permissions ... OK
* checking whether package ‘BiocVersion’ can be installed ... ERROR
Installation failed.
See ‘/media/volume/teran2_disk/rapidbuild/bbs-3.22-bioc-rapid/meat/BiocVersion.Rcheck/00install.out’ for details.
* DONE

Status: 1 ERROR
See
  ‘/media/volume/teran2_disk/rapidbuild/bbs-3.22-bioc-rapid/meat/BiocVersion.Rcheck/00check.log’
for details.


Installation output

BiocVersion.Rcheck/00install.out

##############################################################################
##############################################################################
###
### Running command:
###
###   /home/rapidbuild/bbs-3.22-bioc-rapid/R/bin/R CMD INSTALL BiocVersion
###
##############################################################################
##############################################################################


* installing to library ‘/media/volume/teran2_disk/rapidbuild/bbs-3.22-bioc-rapid/R/site-library’
ERROR: this R is version 4.5.1, package 'BiocVersion' requires R >=  4.6.0
* removing ‘/media/volume/teran2_disk/rapidbuild/bbs-3.22-bioc-rapid/R/site-library/BiocVersion’

Tests output


Example timings