| Back to Multiple platform build/check report for BioC 3.23: simplified long |
|
This page was generated on 2025-11-21 11:39 -0500 (Fri, 21 Nov 2025).
| Hostname | OS | Arch (*) | R version | Installed pkgs |
|---|---|---|---|---|
| nebbiolo1 | Linux (Ubuntu 24.04.3 LTS) | x86_64 | R Under development (unstable) (2025-10-20 r88955) -- "Unsuffered Consequences" | 4829 |
| lconway | macOS 12.7.6 Monterey | x86_64 | R Under development (unstable) (2025-10-21 r88958) -- "Unsuffered Consequences" | 4602 |
| kjohnson3 | macOS 13.7.7 Ventura | arm64 | R Under development (unstable) (2025-11-04 r88984) -- "Unsuffered Consequences" | 4566 |
| Click on any hostname to see more info about the system (e.g. compilers) (*) as reported by 'uname -p', except on Windows and Mac OS X | ||||
| Package 2326/2327 | Hostname | OS / Arch | INSTALL | BUILD | CHECK | BUILD BIN | ||||||||
| zitools 1.5.0 (landing page) Carlotta Meyring
| nebbiolo1 | Linux (Ubuntu 24.04.3 LTS) / x86_64 | OK | OK | WARNINGS | |||||||||
| lconway | macOS 12.7.6 Monterey / x86_64 | OK | OK | WARNINGS | OK | |||||||||
| kjohnson3 | macOS 13.7.7 Ventura / arm64 | OK | OK | WARNINGS | OK | |||||||||
|
To the developers/maintainers of the zitools package: - Allow up to 24 hours (and sometimes 48 hours) for your latest push to git@git.bioconductor.org:packages/zitools.git to reflect on this report. See Troubleshooting Build Report for more information. - Use the following Renviron settings to reproduce errors and warnings. - If 'R CMD check' started to fail recently on the Linux builder(s) over a missing dependency, add the missing dependency to 'Suggests:' in your DESCRIPTION file. See Renviron.bioc for more information. |
| Package: zitools |
| Version: 1.5.0 |
| Command: /Library/Frameworks/R.framework/Resources/bin/R CMD check --install=check:zitools.install-out.txt --library=/Library/Frameworks/R.framework/Resources/library --no-vignettes --timings zitools_1.5.0.tar.gz |
| StartedAt: 2025-11-21 01:03:32 -0500 (Fri, 21 Nov 2025) |
| EndedAt: 2025-11-21 01:09:00 -0500 (Fri, 21 Nov 2025) |
| EllapsedTime: 328.2 seconds |
| RetCode: 0 |
| Status: WARNINGS |
| CheckDir: zitools.Rcheck |
| Warnings: 1 |
##############################################################################
##############################################################################
###
### Running command:
###
### /Library/Frameworks/R.framework/Resources/bin/R CMD check --install=check:zitools.install-out.txt --library=/Library/Frameworks/R.framework/Resources/library --no-vignettes --timings zitools_1.5.0.tar.gz
###
##############################################################################
##############################################################################
* using log directory ‘/Users/biocbuild/bbs-3.23-bioc/meat/zitools.Rcheck’
* using R Under development (unstable) (2025-10-21 r88958)
* using platform: x86_64-apple-darwin20
* R was compiled by
Apple clang version 14.0.0 (clang-1400.0.29.202)
GNU Fortran (GCC) 14.2.0
* running under: macOS Ventura 13.7.8
* using session charset: UTF-8
* using option ‘--no-vignettes’
* checking for file ‘zitools/DESCRIPTION’ ... OK
* this is package ‘zitools’ version ‘1.5.0’
* package encoding: UTF-8
* checking package namespace information ... OK
* checking package dependencies ... OK
* checking if this is a source package ... OK
* checking if there is a namespace ... OK
* checking for hidden files and directories ... OK
* checking for portable file names ... OK
* checking for sufficient/correct file permissions ... OK
* checking whether package ‘zitools’ can be installed ... OK
* checking installed package size ... OK
* checking package directory ... OK
* checking ‘build’ directory ... OK
* checking DESCRIPTION meta-information ... NOTE
License stub is invalid DCF.
* checking top-level files ... OK
* checking for left-over files ... OK
* checking index information ... OK
* checking package subdirectories ... OK
* checking code files for non-ASCII characters ... OK
* checking R files for syntax errors ... OK
* checking whether the package can be loaded ... OK
* checking whether the package can be loaded with stated dependencies ... OK
* checking whether the package can be unloaded cleanly ... OK
* checking whether the namespace can be loaded with stated dependencies ... OK
* checking whether the namespace can be unloaded cleanly ... OK
* checking dependencies in R code ... OK
* checking S3 generic/method consistency ... OK
* checking replacement functions ... OK
* checking foreign function calls ... OK
* checking R code for possible problems ... NOTE
calcWeights: no visible global function definition for ‘predict’
omit_str_zero: no visible global function definition for ‘predict’
Undefined global functions or variables:
predict
Consider adding
importFrom("stats", "predict")
to your NAMESPACE file.
* checking Rd files ... OK
* checking Rd metadata ... OK
* checking Rd cross-references ... OK
* checking for missing documentation entries ... OK
* checking for code/documentation mismatches ... WARNING
Codoc mismatches from Rd file 'rowQuantiles.Rd':
\S4method{rowQuantiles}{Zi}
Code: function(x, rows = NULL, cols = NULL, probs = seq(from = 0, to
= 1, by = 0.25), na.rm = FALSE, type = 7L, digits =
7L, ..., useNames = TRUE, drop = TRUE)
Docs: function(x, rows = NULL, cols = NULL, probs = seq(from = 0, to
= 1, by = 0.25), na.rm = TRUE, type = 7L, ...,
useNames = TRUE, drop = TRUE)
Argument names in code not in docs:
digits
Mismatches in argument names:
Position: 7 Code: digits Docs: ...
Position: 8 Code: ... Docs: useNames
Position: 9 Code: useNames Docs: drop
Mismatches in argument default values:
Name: 'na.rm' Code: FALSE Docs: TRUE
\S4method{colQuantiles}{Zi}
Code: function(x, rows = NULL, cols = NULL, probs = seq(from = 0, to
= 1, by = 0.25), na.rm = FALSE, type = 7L, digits =
7L, ..., useNames = TRUE, drop = TRUE)
Docs: function(x, rows = NULL, cols = NULL, probs = seq(from = 0, to
= 1, by = 0.25), na.rm = TRUE, type = 7L, ...,
useNames = TRUE, drop = TRUE)
Argument names in code not in docs:
digits
Mismatches in argument names:
Position: 7 Code: digits Docs: ...
Position: 8 Code: ... Docs: useNames
Position: 9 Code: useNames Docs: drop
Mismatches in argument default values:
Name: 'na.rm' Code: FALSE Docs: TRUE
* checking Rd \usage sections ... OK
* checking Rd contents ... OK
* checking for unstated dependencies in examples ... OK
* checking contents of ‘data’ directory ... OK
* checking data for non-ASCII characters ... OK
* checking data for ASCII and uncompressed saves ... OK
* checking sizes of PDF files under ‘inst/doc’ ... OK
* checking files in ‘vignettes’ ... OK
* checking examples ... OK
* checking for unstated dependencies in ‘tests’ ... OK
* checking tests ...
Running ‘testthat.R’
OK
* checking for unstated dependencies in vignettes ... OK
* checking package vignettes ... OK
* checking running R code from vignettes ... SKIPPED
* checking re-building of vignette outputs ... SKIPPED
* checking PDF version of manual ... OK
* DONE
Status: 1 WARNING, 2 NOTEs
See
‘/Users/biocbuild/bbs-3.23-bioc/meat/zitools.Rcheck/00check.log’
for details.
zitools.Rcheck/00install.out
############################################################################## ############################################################################## ### ### Running command: ### ### /Library/Frameworks/R.framework/Resources/bin/R CMD INSTALL zitools ### ############################################################################## ############################################################################## * installing to library ‘/Library/Frameworks/R.framework/Versions/4.6-x86_64/Resources/library’ * installing *source* package ‘zitools’ ... ** this is package ‘zitools’ version ‘1.5.0’ ** using staged installation ** R ** data ** byte-compile and prepare package for lazy loading Creating a new generic function for ‘weights’ in package ‘zitools’ Creating a new generic function for ‘weightedSd’ in package ‘zitools’ Creating a generic function for ‘cov’ from package ‘stats’ in package ‘zitools’ ** help *** installing help indices ** building package indices ** installing vignettes ** testing if installed package can be loaded from temporary location ** testing if installed package can be loaded from final location ** testing if installed package keeps a record of temporary installation path * DONE (zitools)
zitools.Rcheck/tests/testthat.Rout
R Under development (unstable) (2025-10-21 r88958) -- "Unsuffered Consequences"
Copyright (C) 2025 The R Foundation for Statistical Computing
Platform: x86_64-apple-darwin20
R is free software and comes with ABSOLUTELY NO WARRANTY.
You are welcome to redistribute it under certain conditions.
Type 'license()' or 'licence()' for distribution details.
R is a collaborative project with many contributors.
Type 'contributors()' for more information and
'citation()' on how to cite R or R packages in publications.
Type 'demo()' for some demos, 'help()' for on-line help, or
'help.start()' for an HTML browser interface to help.
Type 'q()' to quit R.
> library(testthat)
> library(zitools)
Attaching package: 'zitools'
The following objects are masked from 'package:stats':
heatmap, weights
>
> test_check("zitools")
[ FAIL 0 | WARN 0 | SKIP 0 | PASS 9 ]
>
>
> proc.time()
user system elapsed
19.665 2.913 22.597
zitools.Rcheck/zitools-Ex.timings
| name | user | system | elapsed | |
| MissingValueHeatmap | 0.002 | 0.002 | 0.003 | |
| assays | 2.772 | 0.669 | 3.449 | |
| boxplot | 1.547 | 0.666 | 2.220 | |
| colData | 1.478 | 0.511 | 1.992 | |
| colMeans2 | 2.060 | 0.584 | 2.647 | |
| colMedians | 1.440 | 0.478 | 1.925 | |
| cor | 1.447 | 0.507 | 1.957 | |
| cov | 1.491 | 0.590 | 2.084 | |
| deinflatedcounts | 1.970 | 0.587 | 2.561 | |
| heatmap | 1.470 | 0.448 | 1.922 | |
| inputcounts | 1.469 | 0.467 | 1.938 | |
| inputdata | 1.458 | 0.505 | 1.965 | |
| log1p | 1.963 | 0.614 | 2.579 | |
| log2p | 1.406 | 0.449 | 1.856 | |
| mean | 1.428 | 0.427 | 1.856 | |
| median | 1.897 | 0.449 | 2.347 | |
| model | 1.375 | 0.528 | 1.904 | |
| otu_table | 1.468 | 0.390 | 1.859 | |
| plot | 1.413 | 0.302 | 1.715 | |
| plus | 3.347 | 0.976 | 4.324 | |
| quantile | 1.405 | 0.528 | 1.933 | |
| resample_deinflatedcounts | 1.940 | 0.534 | 2.475 | |
| rowData | 1.422 | 0.399 | 1.833 | |
| rowQuantiles | 1.464 | 0.481 | 1.946 | |
| rowSds | 1.482 | 0.509 | 1.991 | |
| rowVars | 1.952 | 0.584 | 2.538 | |
| rowWeightedMeans | 1.447 | 0.609 | 2.058 | |
| rowWeightedSds | 1.462 | 0.533 | 1.996 | |
| sample_data | 1.943 | 0.522 | 2.466 | |
| sd | 1.384 | 0.392 | 1.776 | |
| show | 1.380 | 0.545 | 1.928 | |
| slash | 1.949 | 0.600 | 2.550 | |
| subset_feature | 1.394 | 0.439 | 1.832 | |
| subset_sample | 1.422 | 0.406 | 1.828 | |
| t | 1.871 | 0.465 | 2.337 | |
| tax_table | 1.352 | 0.482 | 1.834 | |
| times | 1.373 | 0.389 | 1.762 | |
| var | 1.376 | 0.403 | 1.779 | |
| weighted.mean | 1.865 | 0.388 | 2.252 | |
| weightedVar | 1.342 | 0.414 | 1.757 | |
| weights | 1.326 | 0.328 | 1.654 | |
| zi2deseq2 | 2.039 | 0.426 | 2.466 | |
| zi2phyloseq | 1.325 | 0.372 | 1.698 | |
| ziMain | 1.298 | 0.451 | 1.749 | |