| Back to Multiple platform build/check report for BioC 3.22: simplified long |
|
This page was generated on 2025-10-21 12:08 -0400 (Tue, 21 Oct 2025).
| Hostname | OS | Arch (*) | R version | Installed pkgs |
|---|---|---|---|---|
| nebbiolo2 | Linux (Ubuntu 24.04.3 LTS) | x86_64 | 4.5.1 Patched (2025-08-23 r88802) -- "Great Square Root" | 4887 |
| lconway | macOS 12.7.6 Monterey | x86_64 | 4.5.1 Patched (2025-09-10 r88807) -- "Great Square Root" | 4677 |
| kjohnson3 | macOS 13.7.7 Ventura | arm64 | 4.5.1 Patched (2025-09-10 r88807) -- "Great Square Root" | 4622 |
| taishan | Linux (openEuler 24.03 LTS) | aarch64 | 4.5.0 (2025-04-11) -- "How About a Twenty-Six" | 4642 |
| Click on any hostname to see more info about the system (e.g. compilers) (*) as reported by 'uname -p', except on Windows and Mac OS X | ||||
| Package 2261/2353 | Hostname | OS / Arch | INSTALL | BUILD | CHECK | BUILD BIN | ||||||||
| tripr 1.15.0 (landing page) Nikolaos Pechlivanis
| nebbiolo2 | Linux (Ubuntu 24.04.3 LTS) / x86_64 | OK | OK | WARNINGS | |||||||||
| lconway | macOS 12.7.6 Monterey / x86_64 | OK | OK | WARNINGS | OK | |||||||||
| kjohnson3 | macOS 13.7.7 Ventura / arm64 | OK | OK | WARNINGS | OK | |||||||||
| taishan | Linux (openEuler 24.03 LTS) / aarch64 | OK | OK | WARNINGS | ||||||||||
|
To the developers/maintainers of the tripr package: - Allow up to 24 hours (and sometimes 48 hours) for your latest push to git@git.bioconductor.org:packages/tripr.git to reflect on this report. See Troubleshooting Build Report for more information. - Use the following Renviron settings to reproduce errors and warnings. - If 'R CMD check' started to fail recently on the Linux builder(s) over a missing dependency, add the missing dependency to 'Suggests:' in your DESCRIPTION file. See Renviron.bioc for more information. - See Martin Grigorov's blog post for how to debug Linux ARM64 related issues on a x86_64 host. |
| Package: tripr |
| Version: 1.15.0 |
| Command: /home/biocbuild/R/R/bin/R CMD check --install=check:tripr.install-out.txt --library=/home/biocbuild/R/R/site-library --no-vignettes --timings tripr_1.15.0.tar.gz |
| StartedAt: 2025-10-17 14:42:17 -0000 (Fri, 17 Oct 2025) |
| EndedAt: 2025-10-17 14:45:30 -0000 (Fri, 17 Oct 2025) |
| EllapsedTime: 193.2 seconds |
| RetCode: 0 |
| Status: WARNINGS |
| CheckDir: tripr.Rcheck |
| Warnings: 1 |
##############################################################################
##############################################################################
###
### Running command:
###
### /home/biocbuild/R/R/bin/R CMD check --install=check:tripr.install-out.txt --library=/home/biocbuild/R/R/site-library --no-vignettes --timings tripr_1.15.0.tar.gz
###
##############################################################################
##############################################################################
* using log directory ‘/home/biocbuild/bbs-3.22-bioc/meat/tripr.Rcheck’
* using R version 4.5.0 (2025-04-11)
* using platform: aarch64-unknown-linux-gnu
* R was compiled by
aarch64-unknown-linux-gnu-gcc (GCC) 14.2.0
GNU Fortran (GCC) 14.2.0
* running under: openEuler 24.03 (LTS)
* using session charset: UTF-8
* using option ‘--no-vignettes’
* checking for file ‘tripr/DESCRIPTION’ ... OK
* checking extension type ... Package
* this is package ‘tripr’ version ‘1.15.0’
* package encoding: UTF-8
* checking package namespace information ... OK
* checking package dependencies ... OK
* checking if this is a source package ... OK
* checking if there is a namespace ... OK
* checking for hidden files and directories ... OK
* checking for portable file names ... OK
* checking for sufficient/correct file permissions ... OK
* checking whether package ‘tripr’ can be installed ... OK
* checking installed package size ... INFO
installed size is 7.5Mb
sub-directories of 1Mb or more:
R 1.9Mb
app 1.4Mb
extdata 4.1Mb
* checking package directory ... OK
* checking ‘build’ directory ... OK
* checking DESCRIPTION meta-information ... NOTE
License stub is invalid DCF.
* checking top-level files ... OK
* checking for left-over files ... OK
* checking index information ... OK
* checking package subdirectories ... OK
* checking code files for non-ASCII characters ... OK
* checking R files for syntax errors ... OK
* checking whether the package can be loaded ... OK
* checking whether the package can be loaded with stated dependencies ... OK
* checking whether the package can be unloaded cleanly ... OK
* checking whether the namespace can be loaded with stated dependencies ... OK
* checking whether the namespace can be unloaded cleanly ... OK
* checking loading without being on the library search path ... OK
* checking whether startup messages can be suppressed ... OK
* checking dependencies in R code ... WARNING
'::' or ':::' imports not declared from:
‘purrr’ ‘tidyr’
* checking S3 generic/method consistency ... OK
* checking replacement functions ... OK
* checking foreign function calls ... OK
* checking R code for possible problems ... NOTE
alignment : <anonymous>: no visible binding for global variable
‘V.gene’
alignment : <anonymous>: no visible binding for global variable ‘AA
Junction’
alignment : <anonymous>: no visible binding for global variable
‘prev_cluster’
alignment : one_run: no visible global function definition for
‘na.omit’
alignment: no visible global function definition for ‘na.omit’
clonotypes: no visible binding for global variable ‘Clonotype ID’
clonotypes: no visible binding for global variable ‘V Gene and allele’
clonotypes: no visible binding for global variable ‘D Gene and allele’
clonotypes: no visible binding for global variable ‘J Gene and allele’
clonotypes: no visible binding for global variable ‘AA Junction’
clonotypes: no visible binding for global variable ‘AA Junction length’
clonotypes: no visible binding for global variable ‘V.REGION.identity’
clonotypes: no visible binding for global variable ‘pI’
clonotypes : one_run: no visible binding for global variable ‘V-Region
identity’
clonotypes : one_run: no visible binding for global variable ‘No. of
sequences’
clonotypes : one_run : modify_dfs: no visible global function
definition for ‘tail’
clonotypes : one_run : modify_dfs: no visible global function
definition for ‘head’
clonotypes : one_run: no visible binding for global variable ‘Clonotype
ID’
clonotypes : one_run: no visible binding for global variable ‘V Gene
and allele’
clonotypes : one_run: no visible binding for global variable ‘D Gene
and allele’
clonotypes : one_run: no visible binding for global variable ‘J Gene
and allele’
clonotypes : one_run: no visible binding for global variable ‘AA
Junction’
clonotypes : one_run: no visible binding for global variable ‘AA
Junction length’
clonotypes : one_run: no visible binding for global variable
‘V.REGION.identity’
clonotypes : one_run: no visible binding for global variable ‘pI’
meta_clonotypes : modify_dfs: no visible global function definition for
‘tail’
meta_clonotypes : modify_dfs: no visible global function definition for
‘head’
Undefined global functions or variables:
AA Junction AA Junction length Clonotype ID D Gene and allele J Gene
and allele No. of sequences V Gene and allele V-Region identity
V.REGION.identity V.gene head na.omit pI prev_cluster tail
Consider adding
importFrom("base", "identity", "length")
importFrom("stats", "D", "na.omit")
importFrom("utils", "head", "tail")
to your NAMESPACE file.
* checking Rd files ... OK
* checking Rd metadata ... OK
* checking Rd cross-references ... OK
* checking for missing documentation entries ... OK
* checking for code/documentation mismatches ... OK
* checking Rd \usage sections ... OK
* checking Rd contents ... OK
* checking for unstated dependencies in examples ... OK
* checking files in ‘vignettes’ ... OK
* checking examples ... OK
* checking for unstated dependencies in ‘tests’ ... OK
* checking tests ...
Running ‘testthat.R’
OK
* checking for unstated dependencies in vignettes ... OK
* checking package vignettes ... OK
* checking running R code from vignettes ... SKIPPED
* checking re-building of vignette outputs ... SKIPPED
* checking PDF version of manual ... OK
* DONE
Status: 1 WARNING, 2 NOTEs
See
‘/home/biocbuild/bbs-3.22-bioc/meat/tripr.Rcheck/00check.log’
for details.
tripr.Rcheck/00install.out
############################################################################## ############################################################################## ### ### Running command: ### ### /home/biocbuild/R/R/bin/R CMD INSTALL tripr ### ############################################################################## ############################################################################## * installing to library ‘/home/biocbuild/R/R-4.5.0/site-library’ * installing *source* package ‘tripr’ ... ** this is package ‘tripr’ version ‘1.15.0’ ** using staged installation ** R ** inst ** byte-compile and prepare package for lazy loading ** help *** installing help indices ** building package indices ** installing vignettes ** testing if installed package can be loaded from temporary location ** testing if installed package can be loaded from final location ** testing if installed package keeps a record of temporary installation path * DONE (tripr)
tripr.Rcheck/tests/testthat.Rout
R version 4.5.0 (2025-04-11) -- "How About a Twenty-Six"
Copyright (C) 2025 The R Foundation for Statistical Computing
Platform: aarch64-unknown-linux-gnu
R is free software and comes with ABSOLUTELY NO WARRANTY.
You are welcome to redistribute it under certain conditions.
Type 'license()' or 'licence()' for distribution details.
R is a collaborative project with many contributors.
Type 'contributors()' for more information and
'citation()' on how to cite R or R packages in publications.
Type 'demo()' for some demos, 'help()' for on-line help, or
'help.start()' for an HTML browser interface to help.
Type 'q()' to quit R.
> library(testthat)
> library(tripr)
Loading required package: shiny
Loading required package: shinyBS
Welcome to tripr!
> library(fs)
>
> test_check("tripr")
[ FAIL 0 | WARN 0 | SKIP 0 | PASS 2 ]
>
> proc.time()
user system elapsed
5.301 0.728 6.117
tripr.Rcheck/tripr-Ex.timings
| name | user | system | elapsed | |
| run_TRIP | 1.192 | 0.192 | 1.483 | |
| run_app | 0.000 | 0.000 | 0.001 | |