Back to Build/check report for BioC 3.22:   simplified   long
ABCDEFGHIJKLMNOPQR[S]TUVWXYZ

This page was generated on 2025-10-27 12:45 -0400 (Mon, 27 Oct 2025).

HostnameOSArch (*)R versionInstalled pkgs
kjohnson3macOS 13.7.7 Venturaarm644.5.1 Patched (2025-09-10 r88807) -- "Great Square Root" 4637
Click on any hostname to see more info about the system (e.g. compilers)      (*) as reported by 'uname -p', except on Windows and Mac OS X

Package 2082/2361HostnameOS / ArchINSTALLBUILDCHECKBUILD BIN
spatialFDA 1.1.21  (landing page)
Martin Emons
Snapshot Date: 2025-10-26 13:45 -0400 (Sun, 26 Oct 2025)
git_url: https://git.bioconductor.org/packages/spatialFDA
git_branch: devel
git_last_commit: 93358c0
git_last_commit_date: 2025-10-10 07:08:16 -0400 (Fri, 10 Oct 2025)
kjohnson3macOS 13.7.7 Ventura / arm64  OK    ERROR  skippedskipped


BUILD results for spatialFDA on kjohnson3

To the developers/maintainers of the spatialFDA package:
- Allow up to 24 hours (and sometimes 48 hours) for your latest push to git@git.bioconductor.org:packages/spatialFDA.git to reflect on this report. See Troubleshooting Build Report for more information.
- Use the following Renviron settings to reproduce errors and warnings.
- If 'R CMD check' started to fail recently on the Linux builder(s) over a missing dependency, add the missing dependency to 'Suggests:' in your DESCRIPTION file. See Renviron.bioc for more information.

raw results


Summary

Package: spatialFDA
Version: 1.1.21
Command: /Library/Frameworks/R.framework/Resources/bin/R CMD build --keep-empty-dirs --no-resave-data spatialFDA
StartedAt: 2025-10-26 18:06:35 -0400 (Sun, 26 Oct 2025)
EndedAt: 2025-10-26 18:07:20 -0400 (Sun, 26 Oct 2025)
EllapsedTime: 45.5 seconds
RetCode: 1
Status:   ERROR  
PackageFile: None
PackageFileSize: NA

Command output

##############################################################################
##############################################################################
###
### Running command:
###
###   /Library/Frameworks/R.framework/Resources/bin/R CMD build --keep-empty-dirs --no-resave-data spatialFDA
###
##############################################################################
##############################################################################


* checking for file ‘spatialFDA/DESCRIPTION’ ... OK
* preparing ‘spatialFDA’:
* checking DESCRIPTION meta-information ... OK
* installing the package to build vignettes
* creating vignettes ... ERROR
--- re-building ‘DiabetesIsletExample.Rmd’ using rmarkdown

Quitting from DiabetesIsletExample.Rmd:85-92 [loading]
~~~~~~~~~~~~~~~~~~~~~~~~~~~~~~~~~~~~~~~~~~~~~~~~~~~~~~~~~~~~~~~~~~~~~~~~~~~~~~~~
<error/rlang_error>
Error in `value[[3L]]()`:
! failed to connect
  reason: Failed to perform HTTP request.
Caused by error in `curl::curl_fetch_memory()`:
! SSL connect error [bioconductor.org]:
TLS connect error: error:00000000:lib(0):func(0):reason(0)
  Consider rerunning with 'localHub=TRUE'
---
Backtrace:
    ▆
 1. └─spatialFDA::.loadExample(full = TRUE)
 2.   └─ExperimentHub::ExperimentHub()
 3.     └─AnnotationHub::.Hub(...)
 4.       └─base::tryCatch(...)
 5.         └─base (local) tryCatchList(expr, classes, parentenv, handlers)
 6.           └─base (local) tryCatchOne(expr, names, parentenv, handlers[[1L]])
 7.             └─value[[3L]](cond)
~~~~~~~~~~~~~~~~~~~~~~~~~~~~~~~~~~~~~~~~~~~~~~~~~~~~~~~~~~~~~~~~~~~~~~~~~~~~~~~~

Error: processing vignette 'DiabetesIsletExample.Rmd' failed with diagnostics:
failed to connect
  reason: Failed to perform HTTP request.
Caused by error in `curl::curl_fetch_memory()`:
! SSL connect error [bioconductor.org]:
TLS connect error: error:00000000:lib(0):func(0):reason(0)
  Consider rerunning with 'localHub=TRUE'
--- failed re-building ‘DiabetesIsletExample.Rmd’

--- re-building ‘DiabetesIsletExampleBrief.Rmd’ using rmarkdown

Quitting from DiabetesIsletExampleBrief.Rmd:78-85 [loading]
~~~~~~~~~~~~~~~~~~~~~~~~~~~~~~~~~~~~~~~~~~~~~~~~~~~~~~~~~~~~~~~~~~~~~~~~~~~~~~~~
<error/rlang_error>
Error in `value[[3L]]()`:
! failed to connect
  reason: Failed to perform HTTP request.
Caused by error in `curl::curl_fetch_memory()`:
! SSL connect error [bioconductor.org]:
TLS connect error: error:00000000:lib(0):func(0):reason(0)
  Consider rerunning with 'localHub=TRUE'
---
Backtrace:
    ▆
 1. └─spatialFDA::.loadExample(full = TRUE)
 2.   └─ExperimentHub::ExperimentHub()
 3.     └─AnnotationHub::.Hub(...)
 4.       └─base::tryCatch(...)
 5.         └─base (local) tryCatchList(expr, classes, parentenv, handlers)
 6.           └─base (local) tryCatchOne(expr, names, parentenv, handlers[[1L]])
 7.             └─value[[3L]](cond)
~~~~~~~~~~~~~~~~~~~~~~~~~~~~~~~~~~~~~~~~~~~~~~~~~~~~~~~~~~~~~~~~~~~~~~~~~~~~~~~~

Error: processing vignette 'DiabetesIsletExampleBrief.Rmd' failed with diagnostics:
failed to connect
  reason: Failed to perform HTTP request.
Caused by error in `curl::curl_fetch_memory()`:
! SSL connect error [bioconductor.org]:
TLS connect error: error:00000000:lib(0):func(0):reason(0)
  Consider rerunning with 'localHub=TRUE'
--- failed re-building ‘DiabetesIsletExampleBrief.Rmd’

SUMMARY: processing the following files failed:
  ‘DiabetesIsletExample.Rmd’ ‘DiabetesIsletExampleBrief.Rmd’

Error: Vignette re-building failed.
Execution halted