| Back to Build/check report for BioC 3.23: simplified long |
|
This page was generated on 2025-11-01 11:33 -0400 (Sat, 01 Nov 2025).
| Hostname | OS | Arch (*) | R version | Installed pkgs |
|---|---|---|---|---|
| nebbiolo1 | Linux (Ubuntu 24.04.3 LTS) | x86_64 | R Under development (unstable) (2025-10-20 r88955) -- "Unsuffered Consequences" | 4774 |
| Click on any hostname to see more info about the system (e.g. compilers) (*) as reported by 'uname -p', except on Windows and Mac OS X | ||||
| Package 1873/2321 | Hostname | OS / Arch | INSTALL | BUILD | CHECK | BUILD BIN | ||||||||
| scater 1.39.0 (landing page) Alan O'Callaghan
| nebbiolo1 | Linux (Ubuntu 24.04.3 LTS) / x86_64 | OK | ERROR | skipped | |||||||||
|
To the developers/maintainers of the scater package: - Allow up to 24 hours (and sometimes 48 hours) for your latest push to git@git.bioconductor.org:packages/scater.git to reflect on this report. See Troubleshooting Build Report for more information. - Use the following Renviron settings to reproduce errors and warnings. - If 'R CMD check' started to fail recently on the Linux builder(s) over a missing dependency, add the missing dependency to 'Suggests:' in your DESCRIPTION file. See Renviron.bioc for more information. |
| Package: scater |
| Version: 1.39.0 |
| Command: /home/biocbuild/bbs-3.23-bioc/R/bin/R CMD build --keep-empty-dirs --no-resave-data scater |
| StartedAt: 2025-10-31 19:57:49 -0400 (Fri, 31 Oct 2025) |
| EndedAt: 2025-10-31 19:58:39 -0400 (Fri, 31 Oct 2025) |
| EllapsedTime: 50.0 seconds |
| RetCode: 1 |
| Status: ERROR |
| PackageFile: None |
| PackageFileSize: NA |
##############################################################################
##############################################################################
###
### Running command:
###
### /home/biocbuild/bbs-3.23-bioc/R/bin/R CMD build --keep-empty-dirs --no-resave-data scater
###
##############################################################################
##############################################################################
* checking for file ‘scater/DESCRIPTION’ ... OK
* preparing ‘scater’:
* checking DESCRIPTION meta-information ... OK
* installing the package (it is needed to build vignettes)
* creating vignettes ... ERROR
--- re-building ‘overview.Rmd’ using rmarkdown
Quitting from overview.Rmd:35-39 [quickstart-load-data]
~~~~~~~~~~~~~~~~~~~~~~~~~~~~~~~~~~~~~~~~~~~~~~~~~~~~~~~~~~~~~~~~~~~~~~~~~~~~~~~~
<error/rlang_error>
Error in `h5_read_attribute()`:
! argument "bit64conversion" is missing, with no default
---
Backtrace:
▆
1. └─scRNAseq::ZeiselBrainData()
2. └─scRNAseq::fetchDataset("zeisel-brain-2015", "2023-12-14", realize.assays = TRUE)
3. └─alabaster.base::altReadObject(...)
4. └─scRNAseq (local) FUN(path, ...)
5. └─alabaster.base::readObject(...)
6. └─alabaster.sce (local) meth(path, metadata = metadata, ...)
7. └─alabaster.se::readRangedSummarizedExperiment(...)
8. └─alabaster.se::readSummarizedExperiment(...)
9. └─alabaster.base::altReadObject(...)
10. └─scRNAseq (local) FUN(path, ...)
11. └─alabaster.base::readObject(...)
12. └─alabaster.matrix (local) meth(path, metadata = metadata, ...)
13. └─(function() {...
14. └─alabaster.base::h5_read_attribute(ghandle, "type")
15. └─rhdf5::H5Aread(ahandle, bit64conversion = bit64conversion)
~~~~~~~~~~~~~~~~~~~~~~~~~~~~~~~~~~~~~~~~~~~~~~~~~~~~~~~~~~~~~~~~~~~~~~~~~~~~~~~~
Error: processing vignette 'overview.Rmd' failed with diagnostics:
argument "bit64conversion" is missing, with no default
--- failed re-building ‘overview.Rmd’
SUMMARY: processing the following file failed:
‘overview.Rmd’
Error: Vignette re-building failed.
Execution halted