Back to Build/check report for BioC 3.23:   simplified   long
ABCDEFGHIJKLMNOPQR[S]TUVWXYZ

This page was generated on 2025-10-31 08:34 -0400 (Fri, 31 Oct 2025).

HostnameOSArch (*)R versionInstalled pkgs
nebbiolo1Linux (Ubuntu 24.04.3 LTS)x86_64R Under development (unstable) (2025-10-20 r88955) -- "Unsuffered Consequences" 4428
Click on any hostname to see more info about the system (e.g. compilers)      (*) as reported by 'uname -p', except on Windows and Mac OS X

Package 1894/2321HostnameOS / ArchINSTALLBUILDCHECKBUILD BIN
scGraphVerse 1.1.0  (landing page)
Francesco Cecere
Snapshot Date: 2025-10-30 13:40 -0400 (Thu, 30 Oct 2025)
git_url: https://git.bioconductor.org/packages/scGraphVerse
git_branch: devel
git_last_commit: 1e63abe
git_last_commit_date: 2025-10-29 11:38:49 -0400 (Wed, 29 Oct 2025)
nebbiolo1Linux (Ubuntu 24.04.3 LTS) / x86_64  OK    OK    ERROR  


CHECK results for scGraphVerse on nebbiolo1

To the developers/maintainers of the scGraphVerse package:
- Allow up to 24 hours (and sometimes 48 hours) for your latest push to git@git.bioconductor.org:packages/scGraphVerse.git to reflect on this report. See Troubleshooting Build Report for more information.
- Use the following Renviron settings to reproduce errors and warnings.
- If 'R CMD check' started to fail recently on the Linux builder(s) over a missing dependency, add the missing dependency to 'Suggests:' in your DESCRIPTION file. See Renviron.bioc for more information.

raw results


Summary

Package: scGraphVerse
Version: 1.1.0
Command: /home/biocbuild/bbs-3.23-bioc/R/bin/R CMD check --install=check:scGraphVerse.install-out.txt --library=/home/biocbuild/bbs-3.23-bioc/R/site-library --timings scGraphVerse_1.1.0.tar.gz
StartedAt: 2025-10-31 00:04:21 -0400 (Fri, 31 Oct 2025)
EndedAt: 2025-10-31 00:04:26 -0400 (Fri, 31 Oct 2025)
EllapsedTime: 5.0 seconds
RetCode: 1
Status:   ERROR  
CheckDir: scGraphVerse.Rcheck
Warnings: NA

Command output

##############################################################################
##############################################################################
###
### Running command:
###
###   /home/biocbuild/bbs-3.23-bioc/R/bin/R CMD check --install=check:scGraphVerse.install-out.txt --library=/home/biocbuild/bbs-3.23-bioc/R/site-library --timings scGraphVerse_1.1.0.tar.gz
###
##############################################################################
##############################################################################


* using log directory ‘/home/biocbuild/bbs-3.23-bioc/meat/scGraphVerse.Rcheck’
* using R Under development (unstable) (2025-10-20 r88955)
* using platform: x86_64-pc-linux-gnu
* R was compiled by
    gcc (Ubuntu 13.3.0-6ubuntu2~24.04) 13.3.0
    GNU Fortran (Ubuntu 13.3.0-6ubuntu2~24.04) 13.3.0
* running under: Ubuntu 24.04.3 LTS
* using session charset: UTF-8
* checking for file ‘scGraphVerse/DESCRIPTION’ ... OK
* this is package ‘scGraphVerse’ version ‘1.1.0’
* package encoding: UTF-8
* checking package namespace information ... OK
* checking package dependencies ... ERROR
Packages suggested but not available: 'org.Mm.eg.db', 'ReactomePA'

Imports includes 21 non-default packages.
Importing from so many packages makes the package vulnerable to any of
them becoming unavailable.  Move as many as possible to Suggests and
use conditionally.

The suggested packages are required for a complete check.
Checking can be attempted without them by setting the environment
variable _R_CHECK_FORCE_SUGGESTS_ to a false value.

See section ‘The DESCRIPTION file’ in the ‘Writing R Extensions’
manual.
* DONE

Status: 1 ERROR
See
  ‘/home/biocbuild/bbs-3.23-bioc/meat/scGraphVerse.Rcheck/00check.log’
for details.


Installation output


Tests output


Example timings