| Back to Build/check report for BioC 3.23: simplified long | 
  | 
This page was generated on 2025-11-03 11:33 -0500 (Mon, 03 Nov 2025).
| Hostname | OS | Arch (*) | R version | Installed pkgs | 
|---|---|---|---|---|
| nebbiolo1 | Linux (Ubuntu 24.04.3 LTS) | x86_64 | R Under development (unstable) (2025-10-20 r88955) -- "Unsuffered Consequences" | 4775 | 
| Click on any hostname to see more info about the system (e.g. compilers) (*) as reported by 'uname -p', except on Windows and Mac OS X | ||||
| Package 1655/2321 | Hostname | OS / Arch | INSTALL | BUILD | CHECK | BUILD BIN | ||||||||
| qsea 1.37.0  (landing page) Matthias Lienhard 
  | nebbiolo1 | Linux (Ubuntu 24.04.3 LTS) / x86_64 | OK | OK | WARNINGS | |||||||||
| 
To the developers/maintainers of the qsea package: - Allow up to 24 hours (and sometimes 48 hours) for your latest push to git@git.bioconductor.org:packages/qsea.git to reflect on this report. See Troubleshooting Build Report for more information. - Use the following Renviron settings to reproduce errors and warnings. - If 'R CMD check' started to fail recently on the Linux builder(s) over a missing dependency, add the missing dependency to 'Suggests:' in your DESCRIPTION file. See Renviron.bioc for more information.  | 
| Package: qsea | 
| Version: 1.37.0 | 
| Command: /home/biocbuild/bbs-3.23-bioc/R/bin/R CMD check --install=check:qsea.install-out.txt --library=/home/biocbuild/bbs-3.23-bioc/R/site-library --timings qsea_1.37.0.tar.gz | 
| StartedAt: 2025-11-03 02:26:47 -0500 (Mon, 03 Nov 2025) | 
| EndedAt: 2025-11-03 02:32:01 -0500 (Mon, 03 Nov 2025) | 
| EllapsedTime: 314.4 seconds | 
| RetCode: 0 | 
| Status: WARNINGS | 
| CheckDir: qsea.Rcheck | 
| Warnings: 1 | 
##############################################################################
##############################################################################
###
### Running command:
###
###   /home/biocbuild/bbs-3.23-bioc/R/bin/R CMD check --install=check:qsea.install-out.txt --library=/home/biocbuild/bbs-3.23-bioc/R/site-library --timings qsea_1.37.0.tar.gz
###
##############################################################################
##############################################################################
* using log directory ‘/home/biocbuild/bbs-3.23-bioc/meat/qsea.Rcheck’
* using R Under development (unstable) (2025-10-20 r88955)
* using platform: x86_64-pc-linux-gnu
* R was compiled by
    gcc (Ubuntu 13.3.0-6ubuntu2~24.04) 13.3.0
    GNU Fortran (Ubuntu 13.3.0-6ubuntu2~24.04) 13.3.0
* running under: Ubuntu 24.04.3 LTS
* using session charset: UTF-8
* checking for file ‘qsea/DESCRIPTION’ ... OK
* checking extension type ... Package
* this is package ‘qsea’ version ‘1.37.0’
* checking package namespace information ... OK
* checking package dependencies ... OK
* checking if this is a source package ... OK
* checking if there is a namespace ... OK
* checking for hidden files and directories ... OK
* checking for portable file names ... OK
* checking for sufficient/correct file permissions ... OK
* checking whether package ‘qsea’ can be installed ... WARNING
Found the following significant warnings:
  lm.c:63:13: warning: format ‘%d’ expects argument of type ‘int’, but argument 4 has type ‘R_xlen_t’ {aka ‘long int’} [-Wformat=]
See ‘/home/biocbuild/bbs-3.23-bioc/meat/qsea.Rcheck/00install.out’ for details.
* used C compiler: ‘gcc (Ubuntu 13.3.0-6ubuntu2~24.04) 13.3.0’
* checking installed package size ... OK
* checking package directory ... OK
* checking ‘build’ directory ... OK
* checking DESCRIPTION meta-information ... OK
* checking top-level files ... OK
* checking for left-over files ... OK
* checking index information ... OK
* checking package subdirectories ... OK
* checking code files for non-ASCII characters ... OK
* checking R files for syntax errors ... OK
* checking whether the package can be loaded ... OK
* checking whether the package can be loaded with stated dependencies ... OK
* checking whether the package can be unloaded cleanly ... OK
* checking whether the namespace can be loaded with stated dependencies ... OK
* checking whether the namespace can be unloaded cleanly ... OK
* checking loading without being on the library search path ... OK
* checking dependencies in R code ... OK
* checking S3 generic/method consistency ... OK
* checking replacement functions ... OK
* checking foreign function calls ... OK
* checking R code for possible problems ... OK
* checking Rd files ... NOTE
checkRd: (-1) fitNBglm.Rd:16: Lost braces
    16 | dQuote{log} link function is implemented. }
       |       ^
checkRd: (-1) fitNBglm.Rd:19: Lost braces
    19 | Allowed values are dQuote{region_wise} for independent window wise estimates, 
       |                          ^
checkRd: (-1) fitNBglm.Rd:20: Lost braces
    20 | dQuote{common} for a single estimate for all windows, 
       |       ^
checkRd: (-1) fitNBglm.Rd:21: Lost braces
    21 | dQuote{cutAtQuantiles} for window wise estimates trimmed at the 25\% and 75\% 
       |       ^
checkRd: (-1) fitNBglm.Rd:23: Lost braces
    23 | or dQuote{initial} for using the dispersion parameters provided with the 
       |          ^
checkRd: (-1) plotCNV.Rd:20: Lost braces
    20 | \item{dist}{distance measure for clustering. dQuote{euclid}ian 
       |                                                    ^
checkRd: (-1) plotCNV.Rd:21: Lost braces
    21 | or dQuote{cor}relation based (1-cor)}
       |          ^
* checking Rd metadata ... OK
* checking Rd cross-references ... OK
* checking for missing documentation entries ... OK
* checking for code/documentation mismatches ... OK
* checking Rd \usage sections ... OK
* checking Rd contents ... OK
* checking for unstated dependencies in examples ... OK
* checking R/sysdata.rda ... OK
* checking line endings in C/C++/Fortran sources/headers ... OK
* checking compiled code ... INFO
Note: information on .o files is not available
* checking files in ‘vignettes’ ... OK
* checking examples ... OK
Examples with CPU (user + system) or elapsed time > 5s
                    user system elapsed
addNewSamples     19.439  0.450  19.933
addPatternDensity  6.819  0.125   6.945
addCNV             5.953  0.245   6.203
* checking for unstated dependencies in ‘tests’ ... OK
* checking tests ...
  Running ‘testthat.R’
 OK
* checking for unstated dependencies in vignettes ... OK
* checking package vignettes ... OK
* checking re-building of vignette outputs ... OK
* checking PDF version of manual ... OK
* DONE
Status: 1 WARNING, 1 NOTE
See
  ‘/home/biocbuild/bbs-3.23-bioc/meat/qsea.Rcheck/00check.log’
for details.
qsea.Rcheck/00install.out
##############################################################################
##############################################################################
###
### Running command:
###
###   /home/biocbuild/bbs-3.23-bioc/R/bin/R CMD INSTALL qsea
###
##############################################################################
##############################################################################
* installing to library ‘/home/biocbuild/bbs-3.23-bioc/R/site-library’
* installing *source* package ‘qsea’ ...
** this is package ‘qsea’ version ‘1.37.0’
** using staged installation
** libs
using C compiler: ‘gcc (Ubuntu 13.3.0-6ubuntu2~24.04) 13.3.0’
gcc -std=gnu2x -I"/home/biocbuild/bbs-3.23-bioc/R/include" -DNDEBUG   -I/usr/local/include    -fpic  -g -O2  -Wall -Werror=format-security -c lm.c -o lm.o
In file included from lm.c:30:
lm.c: In function ‘Cdqrls’:
lm.c:63:13: warning: format ‘%d’ expects argument of type ‘int’, but argument 4 has type ‘R_xlen_t’ {aka ‘long int’} [-Wformat=]
   63 |     error(_("dimensions of 'x' (%d,%d) and 'y' (%d) do not match"),
      |             ^~~~~~~~~~~~~~~~~~~~~~~~~~~~~~~~~~~~~~~~~~~~~~~~~~~~~
lm.c:63:11: note: in expansion of macro ‘_’
   63 |     error(_("dimensions of 'x' (%d,%d) and 'y' (%d) do not match"),
      |           ^
lm.c:63:50: note: format string is defined here
   63 |     error(_("dimensions of 'x' (%d,%d) and 'y' (%d) do not match"),
      |                                                 ~^
      |                                                  |
      |                                                  int
      |                                                 %ld
gcc -std=gnu2x -shared -L/home/biocbuild/bbs-3.23-bioc/R/lib -L/usr/local/lib -o qsea.so lm.o -L/home/biocbuild/bbs-3.23-bioc/R/lib -lR
installing to /home/biocbuild/bbs-3.23-bioc/R/site-library/00LOCK-qsea/00new/qsea/libs
** R
** inst
** preparing package for lazy loading
** help
*** installing help indices
** building package indices
** installing vignettes
** testing if installed package can be loaded from temporary location
** checking absolute paths in shared objects and dynamic libraries
** testing if installed package can be loaded from final location
** testing if installed package keeps a record of temporary installation path
* DONE (qsea)
qsea.Rcheck/tests/testthat.Rout
R Under development (unstable) (2025-10-20 r88955) -- "Unsuffered Consequences"
Copyright (C) 2025 The R Foundation for Statistical Computing
Platform: x86_64-pc-linux-gnu
R is free software and comes with ABSOLUTELY NO WARRANTY.
You are welcome to redistribute it under certain conditions.
Type 'license()' or 'licence()' for distribution details.
R is a collaborative project with many contributors.
Type 'contributors()' for more information and
'citation()' on how to cite R or R packages in publications.
Type 'demo()' for some demos, 'help()' for on-line help, or
'help.start()' for an HTML browser interface to help.
Type 'q()' to quit R.
> library(testthat)
> library(qsea)
> 
> test_check("qsea")
[ FAIL 0 | WARN 0 | SKIP 0 | PASS 3 ]
> 
> proc.time()
   user  system elapsed 
 12.367   0.669  13.026 
qsea.Rcheck/qsea-Ex.timings
| name | user | system | elapsed | |
| addCNV | 5.953 | 0.245 | 6.203 | |
| addContrast | 1.298 | 0.005 | 1.302 | |
| addCoverage | 3.596 | 0.020 | 3.620 | |
| addEnrichmentParameters | 0.353 | 0.001 | 0.356 | |
| addLibraryFactors | 0.766 | 0.009 | 0.774 | |
| addNewSamples | 19.439 | 0.450 | 19.933 | |
| addOffset | 0.259 | 0.016 | 0.275 | |
| addPatternDensity | 6.819 | 0.125 | 6.945 | |
| createQseaSet | 0.156 | 0.002 | 0.157 | |
| example | 0.221 | 0.001 | 0.222 | |
| fitNBglm | 0.808 | 0.001 | 0.810 | |
| getPCA | 0.598 | 0.006 | 0.603 | |
| isSignificant | 1.004 | 0.002 | 1.006 | |
| makeTable | 1.284 | 0.002 | 1.288 | |
| normMethod | 0.000 | 0.001 | 0.001 | |
| plotCNV | 0.260 | 0.003 | 0.264 | |
| plotCoverage | 0.703 | 0.001 | 0.705 | |
| plotEnrichmentProfile | 0.319 | 0.002 | 0.322 | |
| plotPCA | 0.564 | 0.013 | 0.578 | |
| qseaGLM-class | 0.001 | 0.000 | 0.002 | |
| qseaPCA-class | 0.001 | 0.000 | 0.001 | |
| qseaSet-class | 0.000 | 0.000 | 0.001 | |
| regionStats | 0.586 | 0.001 | 0.588 | |