Back to Multiple platform build/check report for BioC 3.22:   simplified   long
ABCDEFGHIJKLMNO[P]QRSTUVWXYZ

This page was generated on 2025-10-15 12:03 -0400 (Wed, 15 Oct 2025).

HostnameOSArch (*)R versionInstalled pkgs
nebbiolo2Linux (Ubuntu 24.04.3 LTS)x86_644.5.1 Patched (2025-08-23 r88802) -- "Great Square Root" 4866
lconwaymacOS 12.7.6 Montereyx86_644.5.1 Patched (2025-09-10 r88807) -- "Great Square Root" 4653
kjohnson3macOS 13.7.7 Venturaarm644.5.1 Patched (2025-09-10 r88807) -- "Great Square Root" 4598
taishanLinux (openEuler 24.03 LTS)aarch644.5.0 (2025-04-11) -- "How About a Twenty-Six" 4610
Click on any hostname to see more info about the system (e.g. compilers)      (*) as reported by 'uname -p', except on Windows and Mac OS X

Package 1639/2346HostnameOS / ArchINSTALLBUILDCHECKBUILD BIN
pRoloc 1.49.2  (landing page)
Lisa Breckels
Snapshot Date: 2025-10-14 13:45 -0400 (Tue, 14 Oct 2025)
git_url: https://git.bioconductor.org/packages/pRoloc
git_branch: devel
git_last_commit: d6a8417
git_last_commit_date: 2025-10-14 10:31:46 -0400 (Tue, 14 Oct 2025)
nebbiolo2Linux (Ubuntu 24.04.3 LTS) / x86_64  OK    OK    WARNINGS  YES
lconwaymacOS 12.7.6 Monterey / x86_64  OK    OK    WARNINGS    OK  YES
kjohnson3macOS 13.7.7 Ventura / arm64  OK    OK    WARNINGS    OK  YES
taishanLinux (openEuler 24.03 LTS) / aarch64  OK    OK    WARNINGS  


CHECK results for pRoloc on nebbiolo2

To the developers/maintainers of the pRoloc package:
- Allow up to 24 hours (and sometimes 48 hours) for your latest push to git@git.bioconductor.org:packages/pRoloc.git to reflect on this report. See Troubleshooting Build Report for more information.
- Use the following Renviron settings to reproduce errors and warnings.
- If 'R CMD check' started to fail recently on the Linux builder(s) over a missing dependency, add the missing dependency to 'Suggests:' in your DESCRIPTION file. See Renviron.bioc for more information.

raw results


Summary

Package: pRoloc
Version: 1.49.2
Command: /home/biocbuild/bbs-3.22-bioc/R/bin/R CMD check --install=check:pRoloc.install-out.txt --library=/home/biocbuild/bbs-3.22-bioc/R/site-library --timings pRoloc_1.49.2.tar.gz
StartedAt: 2025-10-15 03:12:10 -0400 (Wed, 15 Oct 2025)
EndedAt: 2025-10-15 03:25:22 -0400 (Wed, 15 Oct 2025)
EllapsedTime: 792.8 seconds
RetCode: 0
Status:   WARNINGS  
CheckDir: pRoloc.Rcheck
Warnings: 3

Command output

##############################################################################
##############################################################################
###
### Running command:
###
###   /home/biocbuild/bbs-3.22-bioc/R/bin/R CMD check --install=check:pRoloc.install-out.txt --library=/home/biocbuild/bbs-3.22-bioc/R/site-library --timings pRoloc_1.49.2.tar.gz
###
##############################################################################
##############################################################################


* using log directory ‘/home/biocbuild/bbs-3.22-bioc/meat/pRoloc.Rcheck’
* using R version 4.5.1 Patched (2025-08-23 r88802)
* using platform: x86_64-pc-linux-gnu
* R was compiled by
    gcc (Ubuntu 13.3.0-6ubuntu2~24.04) 13.3.0
    GNU Fortran (Ubuntu 13.3.0-6ubuntu2~24.04) 13.3.0
* running under: Ubuntu 24.04.3 LTS
* using session charset: UTF-8
* checking for file ‘pRoloc/DESCRIPTION’ ... OK
* checking extension type ... Package
* this is package ‘pRoloc’ version ‘1.49.2’
* package encoding: UTF-8
* checking package namespace information ... OK
* checking package dependencies ... INFO
Imports includes 28 non-default packages.
Importing from so many packages makes the package vulnerable to any of
them becoming unavailable.  Move as many as possible to Suggests and
use conditionally.
* checking if this is a source package ... OK
* checking if there is a namespace ... OK
* checking for hidden files and directories ... OK
* checking for portable file names ... OK
* checking for sufficient/correct file permissions ... OK
* checking whether package ‘pRoloc’ can be installed ... OK
* used C++ compiler: ‘g++ (Ubuntu 13.3.0-6ubuntu2~24.04) 13.3.0’
* checking installed package size ... INFO
  installed size is  5.1Mb
  sub-directories of 1Mb or more:
    R      1.2Mb
    libs   2.3Mb
* checking package directory ... OK
* checking ‘build’ directory ... OK
* checking DESCRIPTION meta-information ... OK
* checking top-level files ... OK
* checking for left-over files ... OK
* checking index information ... OK
* checking package subdirectories ... OK
* checking code files for non-ASCII characters ... OK
* checking R files for syntax errors ... OK
* checking whether the package can be loaded ... OK
* checking whether the package can be loaded with stated dependencies ... OK
* checking whether the package can be unloaded cleanly ... OK
* checking whether the namespace can be loaded with stated dependencies ... OK
* checking whether the namespace can be unloaded cleanly ... OK
* checking loading without being on the library search path ... OK
* checking whether startup messages can be suppressed ... OK
* checking dependencies in R code ... NOTE
':::' calls which should be '::':
  ‘MLInterfaces:::.macroF1’ ‘MLInterfaces:::.precision’
  ‘MLInterfaces:::.recall’ ‘MLInterfaces:::es2df’
  See the note in ?`:::` about the use of this operator.
Unexported objects imported by ':::' calls:
  ‘MSnbase:::.sameNbCol’ ‘MSnbase:::getVariableName’
  ‘MSnbase:::logging’ ‘MSnbase:::nologging’ ‘caret:::predict.plsda’
  See the note in ?`:::` about the use of this operator.
There are ::: calls to the package's namespace in its code. A package
  almost never needs to use ::: for its own objects:
  ‘getAttributesOfInterest0’ ‘getAttributesOfInterestX’
* checking S3 generic/method consistency ... OK
* checking replacement functions ... OK
* checking foreign function calls ... OK
* checking R code for possible problems ... OK
* checking Rd files ... WARNING
checkRd: (7) plsdaOptimisation.Rd:66-81: Tag \donttest not recognized
* checking Rd metadata ... OK
* checking Rd cross-references ... WARNING
Missing link(s) in Rd file 'AnnotationParams-class.Rd':
  ‘getGOFromFeatures’ ‘makeGoSet’

See section 'Cross-references' in the 'Writing R Extensions' manual.

Found the following Rd file(s) with Rd \link{} targets missing package
anchors:
  AnnotationParams-class.Rd: getGOFromFeatures, makeGoSet
  GenRegRes-class.Rd: MSnSet-class
  MLearn-methods.Rd: MSnSet-class, xvalSpec, MLearn
  QSep-class.Rd: MSnSet-class, Versioned-class
  SpatProtVis-class.Rd: MSnSet-class
  clustDist.Rd: MSnSet-class
  getMarkerClasses.Rd: MSnSet-class
  getMarkers.Rd: MSnSet-class
  getPredictions.Rd: MSnSet-class
  highlightOnPlot.Rd: FeaturesOfInterest-class
  knnClassification.Rd: MSnSet-class, knn
  knnOptimisation.Rd: MSnSet-class, knn
  knntlClassification.Rd: MSnSet-class
  knntlOptimisation.Rd: MSnSet-class
  ksvmClassification.Rd: MSnSet-class, ksvm
  ksvmOptimisation.Rd: MSnSet-class, ksvm
  minMarkers.Rd: MSnSet-class
  move2Ds.Rd: MSnSetList
  nbClassification.Rd: MSnSet-class, naiveBayes
  nbOptimisation.Rd: MSnSet-class, naiveBayes
  nnetClassification.Rd: MSnSet-class, nnet
  nnetOptimisation.Rd: MSnSet-class, nnet
  orgQuants.Rd: MSnSet-class
  perTurboClassification.Rd: MSnSet-class, ginv
  perTurboOptimisation.Rd: MSnSet-class, ginv
  phenoDisco.Rd: filterNA
  plot2Ds.Rd: MSnSet-class, MSnSetList
  plsdaClassification.Rd: MSnSet-class, plsda
  plsdaOptimisation.Rd: MSnSet-class, plsda
  rfClassification.Rd: MSnSet-class, randomForest
  rfOptimisation.Rd: MSnSet-class, randomForest
  sampleMSnSet.Rd: MSnSet-class
  svmClassification.Rd: MSnSet-class, svm
  svmOptimisation.Rd: MSnSet-class, svm
  testMSnSet.Rd: MSnSet-class
  testMarkers.Rd: MSnSet-class
Please provide package anchors for all Rd \link{} targets not in the
package itself and the base packages.
* checking for missing documentation entries ... WARNING
Undocumented code objects:
  ‘addGoAnnotations’ ‘flipGoTermId’ ‘getGOEvidenceCodes’
  ‘getGOFromFeatures’ ‘goIdToTerm’ ‘goTermToId’ ‘makeGoSet’
  ‘prettyGoTermId’ ‘showGOEvidenceCodes’
Undocumented data sets:
  ‘andy2011params’ ‘dunkley2006params’
All user-level objects in a package should have documentation entries.
See chapter ‘Writing R documentation files’ in the ‘Writing R
Extensions’ manual.
* checking for code/documentation mismatches ... OK
* checking Rd \usage sections ... OK
* checking Rd contents ... OK
* checking for unstated dependencies in examples ... OK
* checking contents of ‘data’ directory ... OK
* checking data for non-ASCII characters ... OK
* checking data for ASCII and uncompressed saves ... OK
* checking line endings in C/C++/Fortran sources/headers ... OK
* checking line endings in Makefiles ... OK
* checking compilation flags in Makevars ... OK
* checking for GNU extensions in Makefiles ... OK
* checking for portable use of $(BLAS_LIBS) and $(LAPACK_LIBS) ... OK
* checking use of PKG_*FLAGS in Makefiles ... OK
* checking compiled code ... NOTE
Note: information on .o files is not available
* checking files in ‘vignettes’ ... OK
* checking examples ... OK
Examples with CPU (user + system) or elapsed time > 5s
                         user system elapsed
knntlClassification    15.942  1.200  15.402
knntlOptimisation      11.614  0.911  10.950
perTurboClassification 10.231  0.193  10.424
perTurboOptimisation   10.029  0.008  10.037
SpatProtVis-class       7.914  0.140   8.054
rfClassification        6.538  0.145   6.683
plot2D                  6.158  0.400   5.924
rfOptimisation          5.413  0.020   5.434
nnetClassification      5.023  0.136   5.159
nnetOptimisation        4.966  0.116   5.083
* checking for unstated dependencies in ‘tests’ ... OK
* checking tests ...
  Running ‘testthat.R’
 OK
* checking for unstated dependencies in vignettes ... OK
* checking package vignettes ... OK
* checking re-building of vignette outputs ... OK
* checking PDF version of manual ... OK
* DONE

Status: 3 WARNINGs, 2 NOTEs
See
  ‘/home/biocbuild/bbs-3.22-bioc/meat/pRoloc.Rcheck/00check.log’
for details.


Installation output

pRoloc.Rcheck/00install.out

##############################################################################
##############################################################################
###
### Running command:
###
###   /home/biocbuild/bbs-3.22-bioc/R/bin/R CMD INSTALL pRoloc
###
##############################################################################
##############################################################################


* installing to library ‘/home/biocbuild/bbs-3.22-bioc/R/site-library’
* installing *source* package ‘pRoloc’ ...
** this is package ‘pRoloc’ version ‘1.49.2’
** using staged installation
** libs
using C++ compiler: ‘g++ (Ubuntu 13.3.0-6ubuntu2~24.04) 13.3.0’
g++ -std=gnu++17 -I"/home/biocbuild/bbs-3.22-bioc/R/include" -DNDEBUG  -I'/home/biocbuild/bbs-3.22-bioc/R/site-library/Rcpp/include' -I'/home/biocbuild/bbs-3.22-bioc/R/site-library/RcppArmadillo/include' -I/usr/local/include    -fpic  -g -O2  -Wall -Werror=format-security  -c RcppExports.cpp -o RcppExports.o
g++ -std=gnu++17 -I"/home/biocbuild/bbs-3.22-bioc/R/include" -DNDEBUG  -I'/home/biocbuild/bbs-3.22-bioc/R/site-library/Rcpp/include' -I'/home/biocbuild/bbs-3.22-bioc/R/site-library/RcppArmadillo/include' -I/usr/local/include    -fpic  -g -O2  -Wall -Werror=format-security  -c dmvtCpp.cpp -o dmvtCpp.o
g++ -std=gnu++17 -I"/home/biocbuild/bbs-3.22-bioc/R/include" -DNDEBUG  -I'/home/biocbuild/bbs-3.22-bioc/R/site-library/Rcpp/include' -I'/home/biocbuild/bbs-3.22-bioc/R/site-library/RcppArmadillo/include' -I/usr/local/include    -fpic  -g -O2  -Wall -Werror=format-security  -c pRoloc.cpp -o pRoloc.o
g++ -std=gnu++17 -shared -L/home/biocbuild/bbs-3.22-bioc/R/lib -L/usr/local/lib -o pRoloc.so RcppExports.o dmvtCpp.o pRoloc.o -llapack -L/home/biocbuild/bbs-3.22-bioc/R/lib -lRblas -lgfortran -lm -lquadmath -L/home/biocbuild/bbs-3.22-bioc/R/lib -lR
installing to /home/biocbuild/bbs-3.22-bioc/R/site-library/00LOCK-pRoloc/00new/pRoloc/libs
** R
** data
** inst
** byte-compile and prepare package for lazy loading
** help
*** installing help indices
** building package indices
** installing vignettes
** testing if installed package can be loaded from temporary location
** checking absolute paths in shared objects and dynamic libraries
** testing if installed package can be loaded from final location
** testing if installed package keeps a record of temporary installation path
* DONE (pRoloc)

Tests output

pRoloc.Rcheck/tests/testthat.Rout


R version 4.5.1 Patched (2025-08-23 r88802) -- "Great Square Root"
Copyright (C) 2025 The R Foundation for Statistical Computing
Platform: x86_64-pc-linux-gnu

R is free software and comes with ABSOLUTELY NO WARRANTY.
You are welcome to redistribute it under certain conditions.
Type 'license()' or 'licence()' for distribution details.

R is a collaborative project with many contributors.
Type 'contributors()' for more information and
'citation()' on how to cite R or R packages in publications.

Type 'demo()' for some demos, 'help()' for on-line help, or
'help.start()' for an HTML browser interface to help.
Type 'q()' to quit R.

> 
> # The setting of R_TESTS exists to work around an R bug. See
> # https://github.com/hadley/testthat/issues/144
> # We should remove it when the issue is resolved.
> Sys.setenv("R_TESTS" = "")
> 
> library("testthat")
> library("pRoloc")
Loading required package: MSnbase
Loading required package: BiocGenerics
Loading required package: generics

Attaching package: 'generics'

The following objects are masked from 'package:base':

    as.difftime, as.factor, as.ordered, intersect, is.element, setdiff,
    setequal, union


Attaching package: 'BiocGenerics'

The following objects are masked from 'package:stats':

    IQR, mad, sd, var, xtabs

The following objects are masked from 'package:base':

    Filter, Find, Map, Position, Reduce, anyDuplicated, aperm, append,
    as.data.frame, basename, cbind, colnames, dirname, do.call,
    duplicated, eval, evalq, get, grep, grepl, is.unsorted, lapply,
    mapply, match, mget, order, paste, pmax, pmax.int, pmin, pmin.int,
    rank, rbind, rownames, sapply, saveRDS, table, tapply, unique,
    unsplit, which.max, which.min

Loading required package: Biobase
Welcome to Bioconductor

    Vignettes contain introductory material; view with
    'browseVignettes()'. To cite Bioconductor, see
    'citation("Biobase")', and for packages 'citation("pkgname")'.

Loading required package: mzR
Loading required package: Rcpp
Loading required package: S4Vectors
Loading required package: stats4

Attaching package: 'S4Vectors'

The following object is masked from 'package:utils':

    findMatches

The following objects are masked from 'package:base':

    I, expand.grid, unname

Loading required package: ProtGenerics

Attaching package: 'ProtGenerics'

The following object is masked from 'package:stats':

    smooth


This is MSnbase version 2.35.2 
  Visit https://lgatto.github.io/MSnbase/ to get started.
 Consider switching to the 'R for Mass Spectrometry'
 packages - see https://RforMassSpectrometry.org for details.


Attaching package: 'MSnbase'

The following object is masked from 'package:base':

    trimws

Loading required package: MLInterfaces
Loading required package: annotate
Loading required package: AnnotationDbi
Loading required package: IRanges
Loading required package: XML

Attaching package: 'annotate'

The following object is masked from 'package:mzR':

    nChrom

Loading required package: cluster
Loading required package: BiocParallel

This is pRoloc version 1.49.2 
  Visit https://lgatto.github.io/pRoloc/ to get started.

> library("pRolocdata")

This is pRolocdata version 1.47.0.
Use 'pRolocdata()' to list available data sets.
> 
> test_check("pRoloc")
Object of class "SpatProtVis"
 Data: dunkley2006 
 Visualisation methods: PCA, MDS, kpca
Done.
organelleMarkers
ORG1 ORG2 ORG3 ORG4 ORG5 
   3    2    3    1    1 
organelleMarkers
ORG1 ORG2 ORG3 ORG4 ORG5 
   5    2    1    1    1 
organelleMarkers
   ORG1 unknown 
      3       7 
organelleMarkers
   ORG1 unknown 
      2       8 
[1] "markers"
[1] "xx"
[1] "markers"
[1] "xx"
[1] "markers"
[1] "xx"
[1] "markers"
# weights:  269
initial  value 666.839513 
iter  10 value 207.573433
iter  20 value 34.513121
iter  30 value 1.438035
iter  40 value 0.496168
iter  50 value 0.419018
iter  60 value 0.386372
iter  70 value 0.360129
iter  80 value 0.324298
iter  90 value 0.294123
iter 100 value 0.252996
final  value 0.252996 
stopped after 100 iterations
[1] "xx"
# weights:  269
initial  value 666.839513 
iter  10 value 207.573433
iter  20 value 34.513121
iter  30 value 1.438035
iter  40 value 0.496168
iter  50 value 0.419018
iter  60 value 0.386372
iter  70 value 0.360129
iter  80 value 0.324298
iter  90 value 0.294123
iter 100 value 0.252996
final  value 0.252996 
stopped after 100 iterations
[1] "markers"
[1] "xx"
[1] "pd.markers"
Common markers:  0 
Unique x markers:  49 
Unique y markers:  34 
Common unkowns:  11 
Unique x unknowns:  40 
Unique y unknowns:  66 
               my
mx              ER lumen ER membrane Golgi Mitochondrion  PM Plastid Ribosome
  ER lumen            14           0     0             0   0       0        0
  ER membrane          0          45     0             0   0       0        0
  Golgi                0           0    28             0   0       0        0
  Mitochondrion        0           0     0            55   0       0        0
  PM                   0           0     0             0  46       0        0
  Plastid              0           0     0             0   0      20        0
  Ribosome             0           0     0             0   0       0       19
  TGN                  0           0     0             0   0       0        0
  unknown              0           0     0             0   0       0        0
  vacuole              0           0     0             0   0       0        0
               my
mx              TGN unknown vacuole
  ER lumen        0       0       0
  ER membrane     0       0       0
  Golgi           0       0       0
  Mitochondrion   0       0       0
  PM              0       0       0
  Plastid         0       0       0
  Ribosome        0       0       0
  TGN            13       0       0
  unknown         0     428       0
  vacuole         0       0      21
[ FAIL 0 | WARN 2 | SKIP 0 | PASS 119 ]

[ FAIL 0 | WARN 2 | SKIP 0 | PASS 119 ]
> 
> proc.time()
   user  system elapsed 
 78.372   2.140  80.224 

Example timings

pRoloc.Rcheck/pRoloc-Ex.timings

nameusersystemelapsed
AnnotationParams-class000
ClustDist-class0.5830.0110.596
ClustDistList-class0.1580.0110.169
GenRegRes-class0.0010.0000.001
QSep-class0.3570.0220.380
SpatProtVis-class7.9140.1408.054
addLegend0.1890.0020.191
addMarkers0.1760.0020.178
checkFeatureNamesOverlap0.3310.0180.348
checkFvarOverlap0.0280.0000.028
chi2-methods0.0020.0010.003
classWeights0.1210.0020.122
clustDist0.3440.0090.353
empPvalues0.0580.0000.057
fDataToUnknown0.0400.0020.042
filterBinMSnSet0.160.000.16
filterMinMarkers0.0650.0010.066
filterZeroCols0.0790.0000.079
getMarkerClasses0.0340.0010.035
getMarkers0.0370.0010.037
getNormDist0.3430.0200.364
getPredictions0.2660.0030.269
getStockcol0.0980.0020.100
highlightOnPlot0.4400.0080.448
knnClassification1.0480.0051.054
knnOptimisation0.9940.0151.010
knntlClassification15.942 1.20015.402
knntlOptimisation11.614 0.91110.950
ksvmClassification4.0850.2374.322
ksvmOptimisation3.0880.1523.241
markerMSnSet0.2370.0070.244
markers0.0590.0010.060
minMarkers0.0450.0000.045
mixing_posterior_check000
move2Ds2.2780.0802.360
mrkConsProfiles0.1990.0260.226
mrkHClust0.0680.0050.073
nbClassification2.0810.0682.148
nbOptimisation2.0470.0262.073
nicheMeans2D000
nndist-methods0.1610.0060.167
nnetClassification5.0230.1365.159
nnetOptimisation4.9660.1165.083
orgQuants0.1860.0060.192
pRolocmarkers0.0220.0040.026
perTurboClassification10.231 0.19310.424
perTurboOptimisation10.029 0.00810.037
phenoDisco0.0000.0000.001
plot2D6.1580.4005.924
plot2Ds0.3740.0050.379
plotConsProfiles0.3920.0030.395
plotDist0.1390.0030.142
plsdaClassification000
rfClassification6.5380.1456.683
rfOptimisation5.4130.0205.434
sampleMSnSet0.0590.0000.059
spatial2D000
svmClassification4.7730.1004.874
svmOptimisation4.7740.0054.778
tagm-map0.9050.0190.923
testMSnSet0.2120.0000.212
testMarkers0.0270.0000.028
thetas0.0050.0000.004
zerosInBinMSnSet1.2430.1121.355