| Back to Build/check report for BioC 3.23: simplified long |
|
This page was generated on 2025-11-08 11:32 -0500 (Sat, 08 Nov 2025).
| Hostname | OS | Arch (*) | R version | Installed pkgs |
|---|---|---|---|---|
| nebbiolo1 | Linux (Ubuntu 24.04.3 LTS) | x86_64 | R Under development (unstable) (2025-10-20 r88955) -- "Unsuffered Consequences" | 4821 |
| Click on any hostname to see more info about the system (e.g. compilers) (*) as reported by 'uname -p', except on Windows and Mac OS X | ||||
| Package 1285/2323 | Hostname | OS / Arch | INSTALL | BUILD | CHECK | BUILD BIN | ||||||||
| mina 1.19.0 (landing page) Rui Guan
| nebbiolo1 | Linux (Ubuntu 24.04.3 LTS) / x86_64 | OK | OK | WARNINGS | |||||||||
|
To the developers/maintainers of the mina package: - Allow up to 24 hours (and sometimes 48 hours) for your latest push to git@git.bioconductor.org:packages/mina.git to reflect on this report. See Troubleshooting Build Report for more information. - Use the following Renviron settings to reproduce errors and warnings. - If 'R CMD check' started to fail recently on the Linux builder(s) over a missing dependency, add the missing dependency to 'Suggests:' in your DESCRIPTION file. See Renviron.bioc for more information. |
| Package: mina |
| Version: 1.19.0 |
| Command: /home/biocbuild/bbs-3.23-bioc/R/bin/R CMD check --install=check:mina.install-out.txt --library=/home/biocbuild/bbs-3.23-bioc/R/site-library --timings mina_1.19.0.tar.gz |
| StartedAt: 2025-11-08 01:24:38 -0500 (Sat, 08 Nov 2025) |
| EndedAt: 2025-11-08 01:29:57 -0500 (Sat, 08 Nov 2025) |
| EllapsedTime: 319.4 seconds |
| RetCode: 0 |
| Status: WARNINGS |
| CheckDir: mina.Rcheck |
| Warnings: 1 |
##############################################################################
##############################################################################
###
### Running command:
###
### /home/biocbuild/bbs-3.23-bioc/R/bin/R CMD check --install=check:mina.install-out.txt --library=/home/biocbuild/bbs-3.23-bioc/R/site-library --timings mina_1.19.0.tar.gz
###
##############################################################################
##############################################################################
* using log directory ‘/home/biocbuild/bbs-3.23-bioc/meat/mina.Rcheck’
* using R Under development (unstable) (2025-10-20 r88955)
* using platform: x86_64-pc-linux-gnu
* R was compiled by
gcc (Ubuntu 13.3.0-6ubuntu2~24.04) 13.3.0
GNU Fortran (Ubuntu 13.3.0-6ubuntu2~24.04) 13.3.0
* running under: Ubuntu 24.04.3 LTS
* using session charset: UTF-8
* checking for file ‘mina/DESCRIPTION’ ... OK
* this is package ‘mina’ version ‘1.19.0’
* package encoding: UTF-8
* checking package namespace information ... OK
* checking package dependencies ... OK
* checking if this is a source package ... OK
* checking if there is a namespace ... OK
* checking for hidden files and directories ... OK
* checking for portable file names ... OK
* checking for sufficient/correct file permissions ... OK
* checking whether package ‘mina’ can be installed ... OK
* used C++ compiler: ‘g++ (Ubuntu 13.3.0-6ubuntu2~24.04) 13.3.0’
* checking installed package size ... INFO
installed size is 8.6Mb
sub-directories of 1Mb or more:
data 7.6Mb
* checking package directory ... OK
* checking ‘build’ directory ... OK
* checking DESCRIPTION meta-information ... OK
* checking top-level files ... OK
* checking for left-over files ... OK
* checking index information ... OK
* checking package subdirectories ... OK
* checking code files for non-ASCII characters ... OK
* checking R files for syntax errors ... OK
* checking whether the package can be loaded ... OK
* checking whether the package can be loaded with stated dependencies ... OK
* checking whether the package can be unloaded cleanly ... OK
* checking whether the namespace can be loaded with stated dependencies ... OK
* checking whether the namespace can be unloaded cleanly ... OK
* checking loading without being on the library search path ... OK
* checking dependencies in R code ... OK
* checking S3 generic/method consistency ... OK
* checking replacement functions ... OK
* checking foreign function calls ... OK
* checking R code for possible problems ... NOTE
sparcc: no visible binding for global variable ‘i’
net_dis_pcoa,character: no visible binding for global variable ‘y’
net_dis_pcoa,character: no visible binding for global variable ‘Group’
net_dis_plot,mina: no visible binding for global variable ‘Group1’
net_dis_plot,mina: no visible binding for global variable ‘Group2’
net_dis_plot,mina: no visible binding for global variable ‘Distance’
net_dis_plot,mina: no visible binding for global variable ‘Sig’
Undefined global functions or variables:
Distance Group Group1 Group2 Sig i y
* checking Rd files ... NOTE
checkRd: (-1) re_format_AP.Rd:10: Lost braces; missing escapes or markup?
10 | \item{x}{an {APResult} object from \pkg{apcluster}.}
| ^
* checking Rd metadata ... OK
* checking Rd cross-references ... OK
* checking for missing documentation entries ... OK
* checking for code/documentation mismatches ... OK
* checking Rd \usage sections ... OK
* checking Rd contents ... OK
* checking for unstated dependencies in examples ... OK
* checking contents of ‘data’ directory ... OK
* checking data for non-ASCII characters ... OK
* checking LazyData ... WARNING
LazyData DB of 7.6 MB without LazyDataCompression set
See §1.1.6 of 'Writing R Extensions'
* checking data for ASCII and uncompressed saves ... OK
* checking line endings in C/C++/Fortran sources/headers ... OK
* checking compiled code ... INFO
Note: information on .o files is not available
* checking files in ‘vignettes’ ... OK
* checking examples ... OK
Examples with CPU (user + system) or elapsed time > 5s
user system elapsed
net_dis_plot 38.692 2.748 27.362
net_dis-mina 19.896 1.907 14.677
dis_stat_accessor 14.818 1.590 11.197
com_plot-mina 16.264 0.064 1.730
net_cls-mina 13.407 0.006 12.923
bs_pm-mina 10.582 1.015 5.654
net_cls 6.521 0.042 6.013
net_cls-matrix 6.449 0.012 6.031
* checking for unstated dependencies in vignettes ... OK
* checking package vignettes ... OK
* checking re-building of vignette outputs ... OK
* checking PDF version of manual ... OK
* DONE
Status: 1 WARNING, 2 NOTEs
See
‘/home/biocbuild/bbs-3.23-bioc/meat/mina.Rcheck/00check.log’
for details.
mina.Rcheck/00install.out
############################################################################## ############################################################################## ### ### Running command: ### ### /home/biocbuild/bbs-3.23-bioc/R/bin/R CMD INSTALL mina ### ############################################################################## ############################################################################## * installing to library ‘/home/biocbuild/bbs-3.23-bioc/R/site-library’ * installing *source* package ‘mina’ ... ** this is package ‘mina’ version ‘1.19.0’ ** using staged installation ** libs using C++ compiler: ‘g++ (Ubuntu 13.3.0-6ubuntu2~24.04) 13.3.0’ g++ -std=gnu++17 -I"/home/biocbuild/bbs-3.23-bioc/R/include" -DNDEBUG -I'/home/biocbuild/bbs-3.23-bioc/R/site-library/Rcpp/include' -I'/home/biocbuild/bbs-3.23-bioc/R/site-library/RcppParallel/include' -I'/home/biocbuild/bbs-3.23-bioc/R/site-library/RcppArmadillo/include' -I/usr/local/include -fpic -g -O2 -Wall -Werror=format-security -c RcppExports.cpp -o RcppExports.o g++ -std=gnu++17 -I"/home/biocbuild/bbs-3.23-bioc/R/include" -DNDEBUG -I'/home/biocbuild/bbs-3.23-bioc/R/site-library/Rcpp/include' -I'/home/biocbuild/bbs-3.23-bioc/R/site-library/RcppParallel/include' -I'/home/biocbuild/bbs-3.23-bioc/R/site-library/RcppArmadillo/include' -I/usr/local/include -fpic -g -O2 -Wall -Werror=format-security -c cp_cor.cpp -o cp_cor.o g++ -std=gnu++17 -shared -L/home/biocbuild/bbs-3.23-bioc/R/lib -L/usr/local/lib -o mina.so RcppExports.o cp_cor.o -L/home/biocbuild/bbs-3.23-bioc/R/lib -lR installing to /home/biocbuild/bbs-3.23-bioc/R/site-library/00LOCK-mina/00new/mina/libs ** R ** data *** moving datasets to lazyload DB ** byte-compile and prepare package for lazy loading Creating a new generic function for ‘norm’ in package ‘mina’ ** help *** installing help indices ** building package indices ** installing vignettes ** testing if installed package can be loaded from temporary location ** checking absolute paths in shared objects and dynamic libraries ** testing if installed package can be loaded from final location ** testing if installed package keeps a record of temporary installation path * DONE (mina)
mina.Rcheck/mina-Ex.timings
| name | user | system | elapsed | |
| adj-matrix | 0.660 | 0.030 | 0.327 | |
| adj-mina | 0.987 | 0.024 | 0.592 | |
| adj | 0.735 | 0.019 | 0.320 | |
| adj_method_list | 0.066 | 0.011 | 0.079 | |
| bs_pm-mina | 10.582 | 1.015 | 5.654 | |
| bs_pm | 2.915 | 0.160 | 1.704 | |
| check_mina | 0.056 | 0.013 | 0.070 | |
| check_mina_de | 0.053 | 0.005 | 0.059 | |
| check_mina_qu | 0.053 | 0.002 | 0.055 | |
| cls_tab | 0.054 | 0.001 | 0.056 | |
| com_dis-matrix | 0.517 | 0.021 | 0.208 | |
| com_dis-mina | 0.396 | 0.006 | 0.052 | |
| com_dis | 0.512 | 0.002 | 0.201 | |
| com_dis_list | 0.091 | 0.009 | 0.100 | |
| com_plot-mina | 16.264 | 0.064 | 1.730 | |
| com_plot | 0.182 | 0.015 | 0.178 | |
| com_r2-mina | 0.650 | 0.002 | 0.376 | |
| com_r2 | 0.835 | 0.006 | 0.430 | |
| data-hmp | 0.002 | 0.000 | 0.002 | |
| data-maize | 0.001 | 0.000 | 0.001 | |
| des_accessor | 0.001 | 0.001 | 0.002 | |
| dis_accessor | 0.566 | 0.017 | 0.302 | |
| dis_stat_accessor | 14.818 | 1.590 | 11.197 | |
| dmr-matrix | 0.577 | 0.013 | 0.287 | |
| dmr-mina | 0.593 | 0.007 | 0.280 | |
| dmr | 0.576 | 0.007 | 0.276 | |
| dmr_accessor | 0.585 | 0.006 | 0.275 | |
| fit_tabs-mina | 0.795 | 0.021 | 0.817 | |
| fit_tabs | 0.774 | 0.005 | 0.778 | |
| get_net_cls_tab-matrix-data.frame-method | 2.358 | 0.058 | 1.912 | |
| get_net_cls_tab | 2.419 | 0.017 | 1.943 | |
| get_r2-mat | 0.667 | 0.001 | 0.359 | |
| get_r2 | 0.708 | 0.001 | 0.355 | |
| get_rep-matrix | 0.259 | 0.002 | 0.261 | |
| get_rep-mima | 0.566 | 0.004 | 0.570 | |
| hmp_des | 0.001 | 0.000 | 0.001 | |
| hmp_otu | 0.001 | 0.000 | 0.001 | |
| maize_asv | 0.000 | 0.000 | 0.001 | |
| maize_asv2 | 0.000 | 0.001 | 0.000 | |
| maize_des | 0.001 | 0.000 | 0.001 | |
| maize_des2 | 0.000 | 0.000 | 0.001 | |
| mina-class | 0.000 | 0.001 | 0.001 | |
| net_cls-matrix | 6.449 | 0.012 | 6.031 | |
| net_cls-mina | 13.407 | 0.006 | 12.923 | |
| net_cls | 6.521 | 0.042 | 6.013 | |
| net_cls_tab-mina-method | 1.772 | 0.008 | 1.304 | |
| net_cls_tab | 2.307 | 0.012 | 1.858 | |
| net_dis-mina | 19.896 | 1.907 | 14.677 | |
| net_dis | 3.152 | 0.315 | 1.924 | |
| net_dis_indi | 0.000 | 0.000 | 0.001 | |
| net_dis_pcoa | 0.000 | 0.000 | 0.001 | |
| net_dis_plot | 38.692 | 2.748 | 27.362 | |
| net_grp_cmp | 0.000 | 0.001 | 0.001 | |
| net_node_cmp | 0 | 0 | 0 | |
| norm_accessor | 0.023 | 0.001 | 0.024 | |
| norm_tab-matrix | 0.573 | 0.020 | 0.593 | |
| norm_tab-mina | 0.574 | 0.004 | 0.578 | |
| norm_tab | 0.025 | 0.001 | 0.026 | |
| norm_tab_method_list | 0.049 | 0.013 | 0.062 | |
| pcoa_plot | 1.408 | 0.026 | 0.782 | |
| sim_par | 0 | 0 | 0 | |
| sparcc | 0.001 | 0.000 | 0.000 | |
| tab_accessor | 0.000 | 0.001 | 0.001 | |
| tina-matrix-method | 0.000 | 0.000 | 0.001 | |
| tina | 0 | 0 | 0 | |