Back to Build/check report for BioC 3.23:   simplified   long
ABCDEFGHIJKL[M]NOPQRSTUVWXYZ

This page was generated on 2025-10-31 08:34 -0400 (Fri, 31 Oct 2025).

HostnameOSArch (*)R versionInstalled pkgs
nebbiolo1Linux (Ubuntu 24.04.3 LTS)x86_64R Under development (unstable) (2025-10-20 r88955) -- "Unsuffered Consequences" 4428
Click on any hostname to see more info about the system (e.g. compilers)      (*) as reported by 'uname -p', except on Windows and Mac OS X

Package 1283/2321HostnameOS / ArchINSTALLBUILDCHECKBUILD BIN
mimager 1.35.0  (landing page)
Aaron Wolen
Snapshot Date: 2025-10-30 13:40 -0400 (Thu, 30 Oct 2025)
git_url: https://git.bioconductor.org/packages/mimager
git_branch: devel
git_last_commit: 86a8e49
git_last_commit_date: 2025-10-29 10:36:18 -0400 (Wed, 29 Oct 2025)
nebbiolo1Linux (Ubuntu 24.04.3 LTS) / x86_64  OK    ERROR  skipped


BUILD results for mimager on nebbiolo1

To the developers/maintainers of the mimager package:
- Allow up to 24 hours (and sometimes 48 hours) for your latest push to git@git.bioconductor.org:packages/mimager.git to reflect on this report. See Troubleshooting Build Report for more information.
- Use the following Renviron settings to reproduce errors and warnings.
- If 'R CMD check' started to fail recently on the Linux builder(s) over a missing dependency, add the missing dependency to 'Suggests:' in your DESCRIPTION file. See Renviron.bioc for more information.

raw results


Summary

Package: mimager
Version: 1.35.0
Command: /home/biocbuild/bbs-3.23-bioc/R/bin/R CMD build --keep-empty-dirs --no-resave-data mimager
StartedAt: 2025-10-30 17:57:07 -0400 (Thu, 30 Oct 2025)
EndedAt: 2025-10-30 17:57:46 -0400 (Thu, 30 Oct 2025)
EllapsedTime: 39.0 seconds
RetCode: 1
Status:   ERROR  
PackageFile: None
PackageFileSize: NA

Command output

##############################################################################
##############################################################################
###
### Running command:
###
###   /home/biocbuild/bbs-3.23-bioc/R/bin/R CMD build --keep-empty-dirs --no-resave-data mimager
###
##############################################################################
##############################################################################


* checking for file ‘mimager/DESCRIPTION’ ... OK
* preparing ‘mimager’:
* checking DESCRIPTION meta-information ... OK
* installing the package (it is needed to build vignettes)
* creating vignettes ... ERROR
--- re-building ‘introduction.Rmd’ using rmarkdown

Quitting from introduction.Rmd:46-48 [default-image-n1]
~~~~~~~~~~~~~~~~~~~~~~~~~~~~~~~~~~~~~~~~~~~~~~~~~~~~~~~~~~~~~~~~~~~~~~~~~~~~~~~~
<error/rlang_error>
Error in `affy::getCdfInfo()`:
! Could not obtain CDF environment, problems encountered:
Specified environment does not contain HG_U95Av2
Library - package hgu95av2cdf not installed
Bioconductor - hgu95av2cdf not available
---
Backtrace:
    ▆
 1. ├─mimager::mimage(Dilution, select = 1)
 2. └─mimager::mimage(Dilution, select = 1)
 3.   ├─mimager::marray(object, type, transpose = TRUE, select)
 4.   └─mimager::marray(object, type, transpose = TRUE, select)
 5.     ├─mimager:::mindex(object, type)
 6.     └─mimager:::mindex(object, type)
 7.       └─mimager:::.affy_mindex(object, type)
 8.         └─affy::getCdfInfo(object)
~~~~~~~~~~~~~~~~~~~~~~~~~~~~~~~~~~~~~~~~~~~~~~~~~~~~~~~~~~~~~~~~~~~~~~~~~~~~~~~~

Error: processing vignette 'introduction.Rmd' failed with diagnostics:
Could not obtain CDF environment, problems encountered:
Specified environment does not contain HG_U95Av2
Library - package hgu95av2cdf not installed
Bioconductor - hgu95av2cdf not available
--- failed re-building ‘introduction.Rmd’

SUMMARY: processing the following file failed:
  ‘introduction.Rmd’

Error: Vignette re-building failed.
Execution halted