Back to Multiple platform build/check report for BioC 3.22:   simplified   long
ABCDEFGHIJKL[M]NOPQRSTUVWXYZ

This page was generated on 2025-10-14 12:03 -0400 (Tue, 14 Oct 2025).

HostnameOSArch (*)R versionInstalled pkgs
nebbiolo2Linux (Ubuntu 24.04.3 LTS)x86_644.5.1 Patched (2025-08-23 r88802) -- "Great Square Root" 4864
lconwaymacOS 12.7.1 Montereyx86_644.5.1 Patched (2025-09-10 r88807) -- "Great Square Root" 4652
kjohnson3macOS 13.7.7 Venturaarm644.5.1 Patched (2025-09-10 r88807) -- "Great Square Root" 4597
taishanLinux (openEuler 24.03 LTS)aarch644.5.0 (2025-04-11) -- "How About a Twenty-Six" 4610
Click on any hostname to see more info about the system (e.g. compilers)      (*) as reported by 'uname -p', except on Windows and Mac OS X

Package 1284/2346HostnameOS / ArchINSTALLBUILDCHECKBUILD BIN
miaViz 1.17.9  (landing page)
Tuomas Borman
Snapshot Date: 2025-10-13 13:45 -0400 (Mon, 13 Oct 2025)
git_url: https://git.bioconductor.org/packages/miaViz
git_branch: devel
git_last_commit: b5f6c1c
git_last_commit_date: 2025-09-10 02:24:15 -0400 (Wed, 10 Sep 2025)
nebbiolo2Linux (Ubuntu 24.04.3 LTS) / x86_64  OK    OK    ERROR  
lconwaymacOS 12.7.1 Monterey / x86_64  OK    OK    ERROR    OK  
kjohnson3macOS 13.7.7 Ventura / arm64  OK    OK    ERROR    OK  
taishanLinux (openEuler 24.03 LTS) / aarch64  OK    OK    ERROR  


CHECK results for miaViz on nebbiolo2

To the developers/maintainers of the miaViz package:
- Allow up to 24 hours (and sometimes 48 hours) for your latest push to git@git.bioconductor.org:packages/miaViz.git to reflect on this report. See Troubleshooting Build Report for more information.
- Use the following Renviron settings to reproduce errors and warnings.
- If 'R CMD check' started to fail recently on the Linux builder(s) over a missing dependency, add the missing dependency to 'Suggests:' in your DESCRIPTION file. See Renviron.bioc for more information.

raw results


Summary

Package: miaViz
Version: 1.17.9
Command: /home/biocbuild/bbs-3.22-bioc/R/bin/R CMD check --install=check:miaViz.install-out.txt --library=/home/biocbuild/bbs-3.22-bioc/R/site-library --timings miaViz_1.17.9.tar.gz
StartedAt: 2025-10-14 01:57:50 -0400 (Tue, 14 Oct 2025)
EndedAt: 2025-10-14 02:04:28 -0400 (Tue, 14 Oct 2025)
EllapsedTime: 397.3 seconds
RetCode: 1
Status:   ERROR  
CheckDir: miaViz.Rcheck
Warnings: NA

Command output

##############################################################################
##############################################################################
###
### Running command:
###
###   /home/biocbuild/bbs-3.22-bioc/R/bin/R CMD check --install=check:miaViz.install-out.txt --library=/home/biocbuild/bbs-3.22-bioc/R/site-library --timings miaViz_1.17.9.tar.gz
###
##############################################################################
##############################################################################


* using log directory ‘/home/biocbuild/bbs-3.22-bioc/meat/miaViz.Rcheck’
* using R version 4.5.1 Patched (2025-08-23 r88802)
* using platform: x86_64-pc-linux-gnu
* R was compiled by
    gcc (Ubuntu 13.3.0-6ubuntu2~24.04) 13.3.0
    GNU Fortran (Ubuntu 13.3.0-6ubuntu2~24.04) 13.3.0
* running under: Ubuntu 24.04.3 LTS
* using session charset: UTF-8
* checking for file ‘miaViz/DESCRIPTION’ ... OK
* this is package ‘miaViz’ version ‘1.17.9’
* package encoding: UTF-8
* checking package namespace information ... OK
* checking package dependencies ... OK
* checking if this is a source package ... OK
* checking if there is a namespace ... OK
* checking for hidden files and directories ... OK
* checking for portable file names ... OK
* checking for sufficient/correct file permissions ... OK
* checking whether package ‘miaViz’ can be installed ... OK
* checking installed package size ... OK
* checking package directory ... OK
* checking ‘build’ directory ... OK
* checking DESCRIPTION meta-information ... OK
* checking top-level files ... OK
* checking for left-over files ... OK
* checking index information ... OK
* checking package subdirectories ... OK
* checking code files for non-ASCII characters ... OK
* checking R files for syntax errors ... OK
* checking whether the package can be loaded ... OK
* checking whether the package can be loaded with stated dependencies ... OK
* checking whether the package can be unloaded cleanly ... OK
* checking whether the namespace can be loaded with stated dependencies ... OK
* checking whether the namespace can be unloaded cleanly ... OK
* checking loading without being on the library search path ... OK
* checking dependencies in R code ... OK
* checking S3 generic/method consistency ... OK
* checking replacement functions ... OK
* checking foreign function calls ... OK
* checking R code for possible problems ... NOTE
.apply_beeswarm: no visible binding for global variable ‘.row_id’
.apply_vipor_spread: no visible binding for global variable ‘.row_id’
Undefined global functions or variables:
  .row_id
* checking Rd files ... OK
* checking Rd metadata ... OK
* checking Rd cross-references ... NOTE
Found the following Rd file(s) with Rd \link{} targets missing package
anchors:
  plotColTile.Rd: retrieveFeatureInfo, retrieveCellInfo
  plotGraph.Rd: ggtree
  plotPrevalence.Rd: agglomerate-methods
  plotTree.Rd: ggtree
Please provide package anchors for all Rd \link{} targets not in the
package itself and the base packages.
* checking for missing documentation entries ... OK
* checking for code/documentation mismatches ... OK
* checking Rd \usage sections ... OK
* checking Rd contents ... OK
* checking for unstated dependencies in examples ... OK
* checking contents of ‘data’ directory ... OK
* checking data for non-ASCII characters ... OK
* checking data for ASCII and uncompressed saves ... OK
* checking files in ‘vignettes’ ... OK
* checking examples ... ERROR
Running examples in ‘miaViz-Ex.R’ failed
The error most likely occurred in:

> base::assign(".ptime", proc.time(), pos = "CheckExEnv")
> ### Name: getNeatOrder
> ### Title: Sorting by radial theta angle
> ### Aliases: getNeatOrder getNeatOrder,matrix-method
> 
> ### ** Examples
> 
> # Load the required libraries and dataset
> library(mia)
> library(scater)
Loading required package: scuttle
> library(ComplexHeatmap) |> suppressPackageStartupMessages()
> library(circlize) |> suppressPackageStartupMessages()
> data(peerj13075)
> 
> # Group data by taxonomic order
> tse <- agglomerateByRank(peerj13075, rank = "order", onRankOnly = TRUE)
Loading required namespace: GenomeInfoDb
Failed with error:  ‘there is no package called ‘GenomeInfoDb’’
Error in .requirePackage(package) : 
  unable to load required package ‘GenomeInfoDb’
Calls: agglomerateByRank ... .extendsForS3 -> extends -> getClassDef -> .requirePackage
Execution halted
* checking for unstated dependencies in ‘tests’ ... OK
* checking tests ...
  Running ‘testthat.R’
 ERROR
Running the tests in ‘tests/testthat.R’ failed.
Last 13 lines of output:
    9.         │     └─base (local) doTryCatch(return(expr), name, parentenv, handler)
   10.         └─base_ops[[.Generic]](e1, e2)
   11.           ├─S7::S7_dispatch()
   12.           └─ggplot2 (local) `method(+, list(ggplot2::ggplot, class_any))`(...)
   13.             └─ggplot2:::add_ggplot(e1, e2, e2name)
   14.               ├─ggplot2::ggplot_add(object, p, objectname)
   15.               └─ggnewscale:::ggplot_add.new_aes(object, p, objectname)
   16.                 ├─base::`$<-`(`*tmp*`, "mapping", value = `<df[,4]>`)
   17.                 └─ggplot2:::`$<-.ggplot2::gg`(`*tmp*`, "mapping", value = `<df[,4]>`)
   18.                   └─S7::`props<-`(`*tmp*`, value = `[[<-`(S7::props(x), i, value))
   19.                     └─S7::validate(object)
  
  [ FAIL 6 | WARN 3 | SKIP 2 | PASS 157 ]
  Error: Test failures
  Execution halted
* checking for unstated dependencies in vignettes ... OK
* checking package vignettes ... OK
* checking re-building of vignette outputs ... ERROR
Error(s) in re-building vignettes:
--- re-building ‘miaViz.Rmd’ using rmarkdown
The magick package is required to crop "/home/biocbuild/bbs-3.22-bioc/meat/miaViz.Rcheck/vign_test/miaViz/vignettes/miaViz_files/figure-html/unnamed-chunk-2-1.png" but not available.
Failed with error:  'there is no package called 'GenomeInfoDb''

Quitting from miaViz.Rmd:64-66 [transform]
~~~~~~~~~~~~~~~~~~~~~~~~~~~~~~~~~~~~~~~~~~~~~~~~~~~~~~~~~~~~~~~~~~~~~~~~~~~~~~~~
<error/rlang_error>
Error in `.requirePackage()`:
! unable to load required package 'GenomeInfoDb'
---
Backtrace:
     ▆
  1. ├─mia::transformAssay(GlobalPatterns, method = "relabundance")
  2. ├─mia::transformAssay(GlobalPatterns, method = "relabundance")
  3. │ └─mia (local) .local(x, ...)
  4. │   ├─base::lapply(...)
  5. │   ├─SingleCellExperiment::altExps(x)
  6. │   └─SingleCellExperiment::altExps(x)
  7. │     └─SingleCellExperiment (local) .local(x, ...)
  8. │       └─SingleCellExperiment:::.get_internal_all(...)
  9. │         ├─BiocGenerics::updateObject(x)
 10. │         └─TreeSummarizedExperiment::updateObject(x)
 11. │           ├─methods::callNextMethod()
 12. │           └─SingleCellExperiment (local) .nextMethod(object = object)
 13. │             ├─methods::callNextMethod()
 14. │             └─SummarizedExperiment (local) .nextMethod(object = object)
 15. │               ├─BiocGenerics::updateObject(object@rowRanges, ..., verbose = verbose)
 16. │               └─GenomicRanges::updateObject(object@rowRanges, ..., verbose = verbose)
 17. │                 ├─BiocGenerics::updateObject(object@unlistData, ..., verbose = verbose)
 18. │                 └─GenomicRanges::updateObject(object@unlistData, ..., verbose = verbose)
 19. │                   └─BiocGenerics::updateObject(object@seqinfo, ..., verbose = verbose)
 20. └─methods:::.extendsForS3(`<chr>`)
 21.   └─methods::extends(Class, maybe = FALSE)
 22.     └─methods::getClassDef(class1)
 23.       └─methods:::.requirePackage(package)
~~~~~~~~~~~~~~~~~~~~~~~~~~~~~~~~~~~~~~~~~~~~~~~~~~~~~~~~~~~~~~~~~~~~~~~~~~~~~~~~

Error: processing vignette 'miaViz.Rmd' failed with diagnostics:
unable to load required package 'GenomeInfoDb'
--- failed re-building ‘miaViz.Rmd’

SUMMARY: processing the following file failed:
  ‘miaViz.Rmd’

Error: Vignette re-building failed.
Execution halted

* checking PDF version of manual ... OK
* DONE

Status: 3 ERRORs, 2 NOTEs
See
  ‘/home/biocbuild/bbs-3.22-bioc/meat/miaViz.Rcheck/00check.log’
for details.


Installation output

miaViz.Rcheck/00install.out

##############################################################################
##############################################################################
###
### Running command:
###
###   /home/biocbuild/bbs-3.22-bioc/R/bin/R CMD INSTALL miaViz
###
##############################################################################
##############################################################################


* installing to library ‘/home/biocbuild/bbs-3.22-bioc/R/site-library’
* installing *source* package ‘miaViz’ ...
** this is package ‘miaViz’ version ‘1.17.9’
** using staged installation
** R
** data
** byte-compile and prepare package for lazy loading
** help
*** installing help indices
*** copying figures
** building package indices
** installing vignettes
** testing if installed package can be loaded from temporary location
** testing if installed package can be loaded from final location
** testing if installed package keeps a record of temporary installation path
* DONE (miaViz)

Tests output

miaViz.Rcheck/tests/testthat.Rout.fail


R version 4.5.1 Patched (2025-08-23 r88802) -- "Great Square Root"
Copyright (C) 2025 The R Foundation for Statistical Computing
Platform: x86_64-pc-linux-gnu

R is free software and comes with ABSOLUTELY NO WARRANTY.
You are welcome to redistribute it under certain conditions.
Type 'license()' or 'licence()' for distribution details.

R is a collaborative project with many contributors.
Type 'contributors()' for more information and
'citation()' on how to cite R or R packages in publications.

Type 'demo()' for some demos, 'help()' for on-line help, or
'help.start()' for an HTML browser interface to help.
Type 'q()' to quit R.

> library(testthat)
> library(miaViz)
Loading required package: ggplot2
Loading required package: ggraph
Loading required package: mia
Loading required package: MultiAssayExperiment
Loading required package: SummarizedExperiment
Loading required package: MatrixGenerics
Loading required package: matrixStats

Attaching package: 'MatrixGenerics'

The following objects are masked from 'package:matrixStats':

    colAlls, colAnyNAs, colAnys, colAvgsPerRowSet, colCollapse,
    colCounts, colCummaxs, colCummins, colCumprods, colCumsums,
    colDiffs, colIQRDiffs, colIQRs, colLogSumExps, colMadDiffs,
    colMads, colMaxs, colMeans2, colMedians, colMins, colOrderStats,
    colProds, colQuantiles, colRanges, colRanks, colSdDiffs, colSds,
    colSums2, colTabulates, colVarDiffs, colVars, colWeightedMads,
    colWeightedMeans, colWeightedMedians, colWeightedSds,
    colWeightedVars, rowAlls, rowAnyNAs, rowAnys, rowAvgsPerColSet,
    rowCollapse, rowCounts, rowCummaxs, rowCummins, rowCumprods,
    rowCumsums, rowDiffs, rowIQRDiffs, rowIQRs, rowLogSumExps,
    rowMadDiffs, rowMads, rowMaxs, rowMeans2, rowMedians, rowMins,
    rowOrderStats, rowProds, rowQuantiles, rowRanges, rowRanks,
    rowSdDiffs, rowSds, rowSums2, rowTabulates, rowVarDiffs, rowVars,
    rowWeightedMads, rowWeightedMeans, rowWeightedMedians,
    rowWeightedSds, rowWeightedVars

Loading required package: GenomicRanges
Loading required package: stats4
Loading required package: BiocGenerics
Loading required package: generics

Attaching package: 'generics'

The following objects are masked from 'package:base':

    as.difftime, as.factor, as.ordered, intersect, is.element, setdiff,
    setequal, union


Attaching package: 'BiocGenerics'

The following objects are masked from 'package:stats':

    IQR, mad, sd, var, xtabs

The following objects are masked from 'package:base':

    Filter, Find, Map, Position, Reduce, anyDuplicated, aperm, append,
    as.data.frame, basename, cbind, colnames, dirname, do.call,
    duplicated, eval, evalq, get, grep, grepl, is.unsorted, lapply,
    mapply, match, mget, order, paste, pmax, pmax.int, pmin, pmin.int,
    rank, rbind, rownames, sapply, saveRDS, table, tapply, unique,
    unsplit, which.max, which.min

Loading required package: S4Vectors

Attaching package: 'S4Vectors'

The following object is masked from 'package:utils':

    findMatches

The following objects are masked from 'package:base':

    I, expand.grid, unname

Loading required package: IRanges
Loading required package: Seqinfo
Loading required package: Biobase
Welcome to Bioconductor

    Vignettes contain introductory material; view with
    'browseVignettes()'. To cite Bioconductor, see
    'citation("Biobase")', and for packages 'citation("pkgname")'.


Attaching package: 'Biobase'

The following object is masked from 'package:MatrixGenerics':

    rowMedians

The following objects are masked from 'package:matrixStats':

    anyMissing, rowMedians

Loading required package: SingleCellExperiment
Loading required package: TreeSummarizedExperiment
Loading required package: Biostrings
Loading required package: XVector

Attaching package: 'Biostrings'

The following object is masked from 'package:base':

    strsplit

This is mia version 1.17.9
- Online documentation and vignettes: https://microbiome.github.io/mia/
- Online book 'Orchestrating Microbiome Analysis (OMA)': https://microbiome.github.io/OMA/docs/devel/

Attaching package: 'miaViz'

The following object is masked from 'package:mia':

    plotNMDS

> 
> test_check("miaViz")
Failed with error:  'there is no package called 'GenomeInfoDb''
Failed with error:  'there is no package called 'GenomeInfoDb''
Failed with error:  'there is no package called 'GenomeInfoDb''
Failed with error:  'there is no package called 'GenomeInfoDb''
Failed with error:  'there is no package called 'GenomeInfoDb''
initial  value 0.000000 
final  value 0.000000 
converged
[ FAIL 6 | WARN 3 | SKIP 2 | PASS 157 ]

══ Skipped tests (2) ═══════════════════════════════════════════════════════════
• {miaTime} is not installed (2): 'test-2plotSeries.R:5:5',
  'test-plotMediation.R:3:5'

══ Failed tests ════════════════════════════════════════════════════════════════
── Failure ('test-2plotAbundance.R:11:5'): plot abundance ──────────────────────
`miaViz:::.get_abundance_data(x, group = "Phylum")` threw an error with unexpected message.
Expected match: "argument \"assay.type\" is missing"
Actual message: "unable to load required package 'GenomeInfoDb'"
Backtrace:
     ▆
  1. ├─testthat::expect_error(...) at test-2plotAbundance.R:11:5
  2. │ └─testthat:::quasi_capture(...)
  3. │   ├─testthat (local) .capture(...)
  4. │   │ └─base::withCallingHandlers(...)
  5. │   └─rlang::eval_bare(quo_get_expr(.quo), quo_get_env(.quo))
  6. ├─miaViz:::.get_abundance_data(x, group = "Phylum")
  7. │ ├─mia::agglomerateByRank(x, group, ...)
  8. │ └─mia::agglomerateByRank(x, group, ...)
  9. │   └─mia (local) .local(x, ...)
 10. │     ├─methods::callNextMethod(...)
 11. │     │ └─base::eval(call, callEnv)
 12. │     │   └─base::eval(call, callEnv)
 13. │     └─mia (local) .nextMethod(x, rank = rank, update.tree = update.tree, ...)
 14. │       └─mia (local) .local(x, ...)
 15. │         ├─SingleCellExperiment::`altExps<-`(`*tmp*`, value = `<NULL>`)
 16. │         └─SingleCellExperiment::`altExps<-`(`*tmp*`, value = `<NULL>`)
 17. │           └─SingleCellExperiment:::.set_internal_all(...)
 18. │             ├─BiocGenerics::updateObject(x)
 19. │             └─TreeSummarizedExperiment::updateObject(x)
 20. │               ├─methods::callNextMethod()
 21. │               └─SingleCellExperiment (local) .nextMethod(object = object)
 22. │                 ├─methods::callNextMethod()
 23. │                 └─SummarizedExperiment (local) .nextMethod(object = object)
 24. │                   ├─BiocGenerics::updateObject(object@rowRanges, ..., verbose = verbose)
 25. │                   └─GenomicRanges::updateObject(object@rowRanges, ..., verbose = verbose)
 26. │                     ├─BiocGenerics::updateObject(object@unlistData, ..., verbose = verbose)
 27. │                     └─GenomicRanges::updateObject(object@unlistData, ..., verbose = verbose)
 28. │                       └─BiocGenerics::updateObject(object@seqinfo, ..., verbose = verbose)
 29. └─methods:::.extendsForS3(`<chr>`)
 30.   └─methods::extends(Class, maybe = FALSE)
 31.     └─methods::getClassDef(class1)
 32.       └─methods:::.requirePackage(package)
── Error ('test-2plotAbundance.R:15:5'): plot abundance ────────────────────────
Error in `.requirePackage(package)`: unable to load required package 'GenomeInfoDb'
Backtrace:
     ▆
  1. ├─miaViz:::.get_abundance_data(x, group = "Phylum", assay.type = "counts") at test-2plotAbundance.R:15:5
  2. │ ├─mia::agglomerateByRank(x, group, ...)
  3. │ └─mia::agglomerateByRank(x, group, ...)
  4. │   └─mia (local) .local(x, ...)
  5. │     ├─methods::callNextMethod(...)
  6. │     │ └─base::eval(call, callEnv)
  7. │     │   └─base::eval(call, callEnv)
  8. │     └─mia (local) .nextMethod(x, rank = rank, update.tree = update.tree, ...)
  9. │       └─mia (local) .local(x, ...)
 10. │         ├─SingleCellExperiment::`altExps<-`(`*tmp*`, value = `<NULL>`)
 11. │         └─SingleCellExperiment::`altExps<-`(`*tmp*`, value = `<NULL>`)
 12. │           └─SingleCellExperiment:::.set_internal_all(...)
 13. │             ├─BiocGenerics::updateObject(x)
 14. │             └─TreeSummarizedExperiment::updateObject(x)
 15. │               ├─methods::callNextMethod()
 16. │               └─SingleCellExperiment (local) .nextMethod(object = object)
 17. │                 ├─methods::callNextMethod()
 18. │                 └─SummarizedExperiment (local) .nextMethod(object = object)
 19. │                   ├─BiocGenerics::updateObject(object@rowRanges, ..., verbose = verbose)
 20. │                   └─GenomicRanges::updateObject(object@rowRanges, ..., verbose = verbose)
 21. │                     ├─BiocGenerics::updateObject(object@unlistData, ..., verbose = verbose)
 22. │                     └─GenomicRanges::updateObject(object@unlistData, ..., verbose = verbose)
 23. │                       └─BiocGenerics::updateObject(object@seqinfo, ..., verbose = verbose)
 24. └─methods:::.extendsForS3(`<chr>`)
 25.   └─methods::extends(Class, maybe = FALSE)
 26.     └─methods::getClassDef(class1)
 27.       └─methods:::.requirePackage(package)
── Error ('test-2plotGraph.R:53:5'): plot graph ────────────────────────────────
Error in `.requirePackage(package)`: unable to load required package 'GenomeInfoDb'
Backtrace:
     ▆
  1. ├─mia::agglomerateByRank(GlobalPatterns, "Genus", na.rm = TRUE) at test-2plotGraph.R:53:5
  2. ├─mia::agglomerateByRank(GlobalPatterns, "Genus", na.rm = TRUE)
  3. │ └─mia (local) .local(x, ...)
  4. │   ├─methods::callNextMethod(...)
  5. │   │ └─base::eval(call, callEnv)
  6. │   │   └─base::eval(call, callEnv)
  7. │   └─mia (local) .nextMethod(x, rank = rank, update.tree = update.tree, ...)
  8. │     └─mia (local) .local(x, ...)
  9. │       ├─SingleCellExperiment::`altExps<-`(`*tmp*`, value = `<NULL>`)
 10. │       └─SingleCellExperiment::`altExps<-`(`*tmp*`, value = `<NULL>`)
 11. │         └─SingleCellExperiment:::.set_internal_all(...)
 12. │           ├─BiocGenerics::updateObject(x)
 13. │           └─TreeSummarizedExperiment::updateObject(x)
 14. │             ├─methods::callNextMethod()
 15. │             └─SingleCellExperiment (local) .nextMethod(object = object)
 16. │               ├─methods::callNextMethod()
 17. │               └─SummarizedExperiment (local) .nextMethod(object = object)
 18. │                 ├─BiocGenerics::updateObject(object@rowRanges, ..., verbose = verbose)
 19. │                 └─GenomicRanges::updateObject(object@rowRanges, ..., verbose = verbose)
 20. │                   ├─BiocGenerics::updateObject(object@unlistData, ..., verbose = verbose)
 21. │                   └─GenomicRanges::updateObject(object@unlistData, ..., verbose = verbose)
 22. │                     └─BiocGenerics::updateObject(object@seqinfo, ..., verbose = verbose)
 23. └─methods:::.extendsForS3(`<chr>`)
 24.   └─methods::extends(Class, maybe = FALSE)
 25.     └─methods::getClassDef(class1)
 26.       └─methods:::.requirePackage(package)
── Error ('test-2plotPrevalence.R:23:5'): plot prevalence ──────────────────────
Error in `.requirePackage(package)`: unable to load required package 'GenomeInfoDb'
Backtrace:
     ▆
  1. ├─miaViz::plotPrevalence(se, rank = "Phylum") at test-2plotPrevalence.R:23:5
  2. ├─miaViz::plotPrevalence(se, rank = "Phylum")
  3. │ └─miaViz (local) .local(x, ...)
  4. │   ├─mia::agglomerateByRank(x, rank = rank, ...)
  5. │   └─mia::agglomerateByRank(x, rank = rank, ...)
  6. │     └─mia (local) .local(x, ...)
  7. │       ├─methods::callNextMethod(...)
  8. │       │ └─base::eval(call, callEnv)
  9. │       │   └─base::eval(call, callEnv)
 10. │       └─mia (local) .nextMethod(x, rank = rank, update.tree = update.tree, ...)
 11. │         └─mia (local) .local(x, ...)
 12. │           ├─SingleCellExperiment::`altExps<-`(`*tmp*`, value = `<NULL>`)
 13. │           └─SingleCellExperiment::`altExps<-`(`*tmp*`, value = `<NULL>`)
 14. │             └─SingleCellExperiment:::.set_internal_all(...)
 15. │               ├─BiocGenerics::updateObject(x)
 16. │               └─TreeSummarizedExperiment::updateObject(x)
 17. │                 ├─methods::callNextMethod()
 18. │                 └─SingleCellExperiment (local) .nextMethod(object = object)
 19. │                   ├─methods::callNextMethod()
 20. │                   └─SummarizedExperiment (local) .nextMethod(object = object)
 21. │                     ├─BiocGenerics::updateObject(object@rowRanges, ..., verbose = verbose)
 22. │                     └─GenomicRanges::updateObject(object@rowRanges, ..., verbose = verbose)
 23. │                       ├─BiocGenerics::updateObject(object@unlistData, ..., verbose = verbose)
 24. │                       └─GenomicRanges::updateObject(object@unlistData, ..., verbose = verbose)
 25. │                         └─BiocGenerics::updateObject(object@seqinfo, ..., verbose = verbose)
 26. └─methods:::.extendsForS3(`<chr>`)
 27.   └─methods::extends(Class, maybe = FALSE)
 28.     └─methods::getClassDef(class1)
 29.       └─methods:::.requirePackage(package)
── Error ('test-2plotTree.R:9:5'): plot tree ───────────────────────────────────
Error in `h(simpleError(msg, call))`: error in evaluating the argument 'table' in selecting a method for function '%in%': error in evaluating the argument 'x' in selecting a method for function 'rowTreeNames': unable to load required package 'GenomeInfoDb'
Backtrace:
     ▆
  1. ├─miaViz:::.get_object_and_trimmed_tree(x["549322", ]) at test-2plotTree.R:9:5
  2. │ └─mia (local) check_FUN(tree.name, x)
  3. │   ├─tree.name %in% rowTreeNames(x)
  4. │   └─TreeSummarizedExperiment::rowTreeNames(x)
  5. ├─x["549322", ]
  6. ├─x["549322", ]
  7. │ ├─BiocGenerics::updateObject(x)
  8. │ └─TreeSummarizedExperiment::updateObject(x)
  9. │   ├─methods::callNextMethod()
 10. │   └─SingleCellExperiment (local) .nextMethod(object = object)
 11. │     ├─methods::callNextMethod()
 12. │     └─SummarizedExperiment (local) .nextMethod(object = object)
 13. │       ├─BiocGenerics::updateObject(object@rowRanges, ..., verbose = verbose)
 14. │       └─GenomicRanges::updateObject(object@rowRanges, ..., verbose = verbose)
 15. │         ├─BiocGenerics::updateObject(object@unlistData, ..., verbose = verbose)
 16. │         └─GenomicRanges::updateObject(object@unlistData, ..., verbose = verbose)
 17. │           └─BiocGenerics::updateObject(object@seqinfo, ..., verbose = verbose)
 18. ├─methods:::.extendsForS3(`<chr>`)
 19. │ └─methods::extends(Class, maybe = FALSE)
 20. │   └─methods::getClassDef(class1)
 21. │     └─methods:::.requirePackage(package)
 22. │       └─base::stop(...)
 23. ├─base::.handleSimpleError(...)
 24. │ └─base (local) h(simpleError(msg, call))
 25. └─base::.handleSimpleError(...)
 26.   └─base (local) h(simpleError(msg, call))
── Error ('test-plotLoadings.R:34:3'): plot Loadings ───────────────────────────
Error: <ggtree> object properties are invalid:
- @mapping must be <ggplot2::mapping>, not S3<data.frame>
Backtrace:
     ▆
  1. ├─miaViz::plotLoadings(...) at test-plotLoadings.R:34:3
  2. └─miaViz::plotLoadings(...)
  3.   └─miaViz (local) .local(x, ...)
  4.     └─miaViz:::.loadings_tree_plotter(mat, tree, row.var, ...)
  5.       └─S7:::Ops.S7_object(plot_out, new_scale_fill())
  6.         ├─base::tryCatch(return(base_ops[[.Generic]](e1, e2)), S7_error_method_not_found = function(cnd) cnd)
  7.         │ └─base (local) tryCatchList(expr, classes, parentenv, handlers)
  8.         │   └─base (local) tryCatchOne(expr, names, parentenv, handlers[[1L]])
  9.         │     └─base (local) doTryCatch(return(expr), name, parentenv, handler)
 10.         └─base_ops[[.Generic]](e1, e2)
 11.           ├─S7::S7_dispatch()
 12.           └─ggplot2 (local) `method(+, list(ggplot2::ggplot, class_any))`(...)
 13.             └─ggplot2:::add_ggplot(e1, e2, e2name)
 14.               ├─ggplot2::ggplot_add(object, p, objectname)
 15.               └─ggnewscale:::ggplot_add.new_aes(object, p, objectname)
 16.                 ├─base::`$<-`(`*tmp*`, "mapping", value = `<df[,4]>`)
 17.                 └─ggplot2:::`$<-.ggplot2::gg`(`*tmp*`, "mapping", value = `<df[,4]>`)
 18.                   └─S7::`props<-`(`*tmp*`, value = `[[<-`(S7::props(x), i, value))
 19.                     └─S7::validate(object)

[ FAIL 6 | WARN 3 | SKIP 2 | PASS 157 ]
Error: Test failures
Execution halted

Example timings

miaViz.Rcheck/miaViz-Ex.timings

nameusersystemelapsed