| Back to Build/check report for BioC 3.23: simplified long | 
  | 
This page was generated on 2025-11-03 11:33 -0500 (Mon, 03 Nov 2025).
| Hostname | OS | Arch (*) | R version | Installed pkgs | 
|---|---|---|---|---|
| nebbiolo1 | Linux (Ubuntu 24.04.3 LTS) | x86_64 | R Under development (unstable) (2025-10-20 r88955) -- "Unsuffered Consequences" | 4775 | 
| Click on any hostname to see more info about the system (e.g. compilers) (*) as reported by 'uname -p', except on Windows and Mac OS X | ||||
| Package 1261/2321 | Hostname | OS / Arch | INSTALL | BUILD | CHECK | BUILD BIN | ||||||||
| mfa 1.33.0  (landing page) Kieran Campbell 
  | nebbiolo1 | Linux (Ubuntu 24.04.3 LTS) / x86_64 | OK | ERROR | skipped | |||||||||
| 
To the developers/maintainers of the mfa package: - Allow up to 24 hours (and sometimes 48 hours) for your latest push to git@git.bioconductor.org:packages/mfa.git to reflect on this report. See Troubleshooting Build Report for more information. - Use the following Renviron settings to reproduce errors and warnings. - If 'R CMD check' started to fail recently on the Linux builder(s) over a missing dependency, add the missing dependency to 'Suggests:' in your DESCRIPTION file. See Renviron.bioc for more information.  | 
| Package: mfa | 
| Version: 1.33.0 | 
| Command: /home/biocbuild/bbs-3.23-bioc/R/bin/R CMD build --keep-empty-dirs --no-resave-data mfa | 
| StartedAt: 2025-11-02 18:34:32 -0500 (Sun, 02 Nov 2025) | 
| EndedAt: 2025-11-02 18:34:59 -0500 (Sun, 02 Nov 2025) | 
| EllapsedTime: 27.0 seconds | 
| RetCode: 1 | 
| Status: ERROR | 
| PackageFile: None | 
| PackageFileSize: NA | 
############################################################################## ############################################################################## ### ### Running command: ### ### /home/biocbuild/bbs-3.23-bioc/R/bin/R CMD build --keep-empty-dirs --no-resave-data mfa ### ############################################################################## ############################################################################## * checking for file ‘mfa/DESCRIPTION’ ... OK * preparing ‘mfa’: * checking DESCRIPTION meta-information ... OK * cleaning src * installing the package (it is needed to build vignettes) * creating vignettes ... ERROR --- re-building ‘introduction_to_mfa.Rmd’ using rmarkdown Quitting from introduction_to_mfa.Rmd:94-97 [diagnostics] ~~~~~~~~~~~~~~~~~~~~~~~~~~~~~~~~~~~~~~~~~~~~~~~~~~~~~~~~~~~~~~~~~~~~~~~~~~~~~~~~ NULL ~~~~~~~~~~~~~~~~~~~~~~~~~~~~~~~~~~~~~~~~~~~~~~~~~~~~~~~~~~~~~~~~~~~~~~~~~~~~~~~~ Error: processing vignette 'introduction_to_mfa.Rmd' failed with diagnostics: Problem while computing stat. ℹ Error occurred in the 2nd layer. Caused by error in `get()`: ! object 'LOESS' of mode 'function' was not found --- failed re-building ‘introduction_to_mfa.Rmd’ SUMMARY: processing the following file failed: ‘introduction_to_mfa.Rmd’ Error: Vignette re-building failed. Execution halted