| Back to Build/check report for BioC 3.23: simplified long |
|
This page was generated on 2025-11-01 11:32 -0400 (Sat, 01 Nov 2025).
| Hostname | OS | Arch (*) | R version | Installed pkgs |
|---|---|---|---|---|
| nebbiolo1 | Linux (Ubuntu 24.04.3 LTS) | x86_64 | R Under development (unstable) (2025-10-20 r88955) -- "Unsuffered Consequences" | 4774 |
| Click on any hostname to see more info about the system (e.g. compilers) (*) as reported by 'uname -p', except on Windows and Mac OS X | ||||
| Package 1086/2321 | Hostname | OS / Arch | INSTALL | BUILD | CHECK | BUILD BIN | ||||||||
| iterativeBMAsurv 1.69.0 (landing page) Ka Yee Yeung
| nebbiolo1 | Linux (Ubuntu 24.04.3 LTS) / x86_64 | OK | OK | WARNINGS | |||||||||
|
To the developers/maintainers of the iterativeBMAsurv package: - Allow up to 24 hours (and sometimes 48 hours) for your latest push to git@git.bioconductor.org:packages/iterativeBMAsurv.git to reflect on this report. See Troubleshooting Build Report for more information. - Use the following Renviron settings to reproduce errors and warnings. - If 'R CMD check' started to fail recently on the Linux builder(s) over a missing dependency, add the missing dependency to 'Suggests:' in your DESCRIPTION file. See Renviron.bioc for more information. |
| Package: iterativeBMAsurv |
| Version: 1.69.0 |
| Command: /home/biocbuild/bbs-3.23-bioc/R/bin/R CMD check --install=check:iterativeBMAsurv.install-out.txt --library=/home/biocbuild/bbs-3.23-bioc/R/site-library --timings iterativeBMAsurv_1.69.0.tar.gz |
| StartedAt: 2025-11-01 00:29:44 -0400 (Sat, 01 Nov 2025) |
| EndedAt: 2025-11-01 00:31:10 -0400 (Sat, 01 Nov 2025) |
| EllapsedTime: 86.1 seconds |
| RetCode: 0 |
| Status: WARNINGS |
| CheckDir: iterativeBMAsurv.Rcheck |
| Warnings: 1 |
##############################################################################
##############################################################################
###
### Running command:
###
### /home/biocbuild/bbs-3.23-bioc/R/bin/R CMD check --install=check:iterativeBMAsurv.install-out.txt --library=/home/biocbuild/bbs-3.23-bioc/R/site-library --timings iterativeBMAsurv_1.69.0.tar.gz
###
##############################################################################
##############################################################################
* using log directory ‘/home/biocbuild/bbs-3.23-bioc/meat/iterativeBMAsurv.Rcheck’
* using R Under development (unstable) (2025-10-20 r88955)
* using platform: x86_64-pc-linux-gnu
* R was compiled by
gcc (Ubuntu 13.3.0-6ubuntu2~24.04) 13.3.0
GNU Fortran (Ubuntu 13.3.0-6ubuntu2~24.04) 13.3.0
* running under: Ubuntu 24.04.3 LTS
* using session charset: UTF-8
* checking for file ‘iterativeBMAsurv/DESCRIPTION’ ... OK
* checking extension type ... Package
* this is package ‘iterativeBMAsurv’ version ‘1.69.0’
* checking package namespace information ... OK
* checking package dependencies ... OK
* checking if this is a source package ... OK
* checking if there is a namespace ... OK
* checking for hidden files and directories ... OK
* checking for portable file names ... OK
* checking for sufficient/correct file permissions ... OK
* checking whether package ‘iterativeBMAsurv’ can be installed ... OK
* checking installed package size ... OK
* checking package directory ... OK
* checking ‘build’ directory ... OK
* checking DESCRIPTION meta-information ... NOTE
Package listed in more than one of Depends, Imports, Suggests, Enhances:
‘survival’
A package should be listed in only one of these fields.
* checking top-level files ... OK
* checking for left-over files ... OK
* checking index information ... OK
* checking package subdirectories ... OK
* checking code files for non-ASCII characters ... OK
* checking R files for syntax errors ... OK
* checking whether the package can be loaded ... OK
* checking whether the package can be loaded with stated dependencies ... OK
* checking whether the package can be unloaded cleanly ... OK
* checking whether the namespace can be loaded with stated dependencies ... OK
* checking whether the namespace can be unloaded cleanly ... OK
* checking loading without being on the library search path ... OK
* checking dependencies in R code ... NOTE
Packages in Depends field not imported from:
‘BMA’ ‘leaps’ ‘splines’
These packages need to be imported from (in the NAMESPACE file)
for when this namespace is loaded but not attached.
* checking S3 generic/method consistency ... OK
* checking replacement functions ... OK
* checking foreign function calls ... OK
* checking R code for possible problems ... NOTE
iterateBMAsurv.train: no visible global function definition for
‘bic.surv’
iterateBMAsurv.train.wrapper: no visible global function definition for
‘bic.surv’
Undefined global functions or variables:
bic.surv
* checking Rd files ... WARNING
checkRd: (-1) crossVal.Rd:74: Escaped LaTeX specials: \_ \_ \_ \_
checkRd: (5) iterateBMAsurv.train.Rd:67-98: \item in \value must have non-empty label
prepare_Rd: predictBicSurv.Rd:46: Dropping empty section \note
prepare_Rd: predictiveAssessCategory.Rd:52: Dropping empty section \note
prepare_Rd: printTopGenes.Rd:49: Dropping empty section \note
checkRd: (-1) printTopGenes.Rd:22: Escaped LaTeX specials: \_ \_
prepare_Rd: singleGeneCoxph.Rd:54: Dropping empty section \note
checkRd: (-1) singleGeneCoxph.Rd:32: Escaped LaTeX specials: \_
prepare_Rd: testCens.Rd:13-14: Dropping empty section \details
prepare_Rd: testSurv.Rd:13-14: Dropping empty section \details
prepare_Rd: trainCens.Rd:13-14: Dropping empty section \details
prepare_Rd: trainSurv.Rd:13-14: Dropping empty section \details
* checking Rd metadata ... OK
* checking Rd cross-references ... OK
* checking for missing documentation entries ... OK
* checking for code/documentation mismatches ... OK
* checking Rd \usage sections ... OK
* checking Rd contents ... OK
* checking for unstated dependencies in examples ... OK
* checking contents of ‘data’ directory ... OK
* checking data for non-ASCII characters ... OK
* checking data for ASCII and uncompressed saves ... OK
* checking sizes of PDF files under ‘inst/doc’ ...* checking files in ‘vignettes’ ... OK
* checking examples ... OK
Examples with CPU (user + system) or elapsed time > 5s
user system elapsed
imageplot.iterate.bma.surv 9.642 0.166 9.809
predictiveAssessCategory 5.133 0.069 5.206
* checking for unstated dependencies in vignettes ... OK
* checking package vignettes ... OK
* checking re-building of vignette outputs ... OK
* checking PDF version of manual ... OK
* DONE
Status: 1 WARNING, 3 NOTEs
See
‘/home/biocbuild/bbs-3.23-bioc/meat/iterativeBMAsurv.Rcheck/00check.log’
for details.
iterativeBMAsurv.Rcheck/00install.out
############################################################################## ############################################################################## ### ### Running command: ### ### /home/biocbuild/bbs-3.23-bioc/R/bin/R CMD INSTALL iterativeBMAsurv ### ############################################################################## ############################################################################## * installing to library ‘/home/biocbuild/bbs-3.23-bioc/R/site-library’ * installing *source* package ‘iterativeBMAsurv’ ... ** this is package ‘iterativeBMAsurv’ version ‘1.69.0’ ** using staged installation ** R ** data ** byte-compile and prepare package for lazy loading ** help *** installing help indices ** building package indices ** installing vignettes ** testing if installed package can be loaded from temporary location ** testing if installed package can be loaded from final location ** testing if installed package keeps a record of temporary installation path * DONE (iterativeBMAsurv)
iterativeBMAsurv.Rcheck/iterativeBMAsurv-Ex.timings
| name | user | system | elapsed | |
| crossVal | 1.233 | 0.041 | 1.275 | |
| imageplot.iterate.bma.surv | 9.642 | 0.166 | 9.809 | |
| iterateBMAsurv.train | 4.878 | 0.104 | 4.982 | |
| iterateBMAsurv.train.predict.assess | 0.518 | 0.025 | 0.543 | |
| iterateBMAsurv.train.wrapper | 4.567 | 0.000 | 4.568 | |
| iterativeBMAsurv-package | 1.720 | 0.058 | 1.778 | |
| predictBicSurv | 4.737 | 0.035 | 4.774 | |
| predictiveAssessCategory | 5.133 | 0.069 | 5.206 | |
| printTopGenes | 0.289 | 0.004 | 0.293 | |
| singleGeneCoxph | 0.278 | 0.002 | 0.280 | |